959
CXUS53 KAPX 250631
CF6PLN
PRELIMINARY LOCAL CLIMATOLOGICAL DATA (WS FORM: F-6)

                                          STATION:   PELLSTON
                                          MONTH:     JULY
                                          YEAR:      2014
                                          LATITUDE:   45 34 N
                                          LONGITUDE:  84 48 W

  TEMPERATURE IN F:       :PCPN:    SNOW:  WIND      :SUNSHINE: SKY     :PK WND
================================================================================
1   2   3   4   5  6A  6B    7    8   9   10  11  12  13   14  15   16   17  18
                                     12Z  AVG MX 2MIN
DY MAX MIN AVG DEP HDD CDD  WTR  SNW DPTH SPD SPD DIR MIN PSBL S-S WX    SPD DR
================================================================================

 1  77  63  70   5   0   5    T    M    M 14.4 22 230   M    M   3        38 220
 2  67  41  54 -11  11   0 0.01    M    M  8.6 18 310   M    M   5        24 290
 3  73  37  55 -10  10   0 0.00    M    M  3.1 16  60   M    M   2        21  40
 4  76  41  59  -6   6   0 0.00    M    M  6.1 16 300   M    M   0 12     23 300
 5  80  44  62  -3   3   0 0.00    M    M  8.1 20 240   M    M   0        27 230
 6  75  63  69   4   0   4 0.38    M    M  7.1 15 240   M    M   6 138    23 230
 7  79  56  68   3   0   3 0.00    M    M  9.2 21 250   M    M   3 1      30 230
 8  63  54  59  -6   6   0 0.38    M    M  8.1 14 290   M    M   9 1      22 290
 9  67  47  57  -9   8   0 0.00    M    M  7.4 14 270   M    M   6 1      19 290
10  73  39  56 -10   9   0 0.00    M    M  2.3  9 270   M    M   1 1      13 220
11  79  43  61  -5   4   0    T    M    M  3.3 13 230   M    M   5        17 230
12  79  55  67   1   0   2 0.08    M    M  4.4 12 320   M    M   9 13     16 200
13  72  48  60  -6   5   0    T    M    M  8.1 21 310   M    M   3 1      26 310
14  78  47  63  -3   2   0 0.02    M    M  6.0 14 290   M    M   6        21 280
15  62  53  58  -8   7   0 0.76    M    M  8.7 22 320   M    M   9 1      30 320
16  72  47  60  -6   5   0 0.00    M    M  8.4 17 290   M    M   4        24 280
17  74  40  57  -9   8   0 0.00    M    M  3.5 13 290   M    M   0 1      16 300
18  79  48  64  -2   1   0 0.00    M    M  2.8 12 220   M    M   1        14 220
19  82  46  64  -2   1   0 0.00    M    M  3.4 17  10   M    M   1 1      20  10
20  82  48  65  -1   0   0 0.00    M    M  2.7 10 190   M    M   1 1      15 240
21  83  52  68   2   0   3 0.00    M    M  5.3 16 230   M    M   2 1      22 210
22  87  60  74   8   0   9 0.72    M    M 10.7 23 330   M    M   4 138    32 330
23  71  50  61  -5   4   0 0.00    M    M  9.0 20 330   M    M   6        29 320
24  73  43  58  -8   7   0 0.00    M    M  4.3 16 320   M    M   1        20 330
================================================================================
SM 1803 1165        97  26  2.35    M    155.0          M       87
================================================================================
AV 75.1 48.5                               6.5 FASTST   M    M   4    MAX(MPH)
                                 MISC ---->  # 23 330               # 38  220
================================================================================
NOTES:
# LAST OF SEVERAL OCCURRENCES

COLUMN 17 PEAK WIND IN M.P.H.

PRELIMINARY LOCAL CLIMATOLOGICAL DATA (WS FORM: F-6) , PAGE 2

                                          STATION:  PELLSTON
                                          MONTH:    JULY
                                          YEAR:     2014
                                          LATITUDE:   45 34 N
                                          LONGITUDE:  84 48 W

[TEMPERATURE DATA]      [PRECIPITATION DATA]       SYMBOLS USED IN COLUMN 16

AVERAGE MONTHLY: 61.8   TOTAL FOR MONTH:   2.35    1 = FOG OR MIST
DPTR FM NORMAL:  -3.8   DPTR FM NORMAL:    0.46    2 = FOG REDUCING VISIBILITY
HIGHEST:    87 ON 22    GRTST 24HR  0.78 ON 14-15      TO 1/4 MILE OR LESS
LOWEST:     37 ON  3                               3 = THUNDER
                        SNOW, ICE PELLETS, HAIL    4 = ICE PELLETS
                        TOTAL MONTH:    M          5 = HAIL
                        GRTST 24HR    M  ON   M    6 = FREEZING RAIN OR DRIZZLE
                        GRTST DEPTH:  M  ON   M    7 = DUSTSTORM OR SANDSTORM:
                                                       VSBY 1/2 MILE OR LESS
                                                   8 = SMOKE OR HAZE
[NO. OF DAYS WITH]      [WEATHER - DAYS WITH]      9 = BLOWING SNOW
                                                   X = TORNADO
MAX 32 OR BELOW:   0    0.01 INCH OR MORE:   7
MAX 90 OR ABOVE:   0    0.10 INCH OR MORE:   4
MIN 32 OR BELOW:   0    0.50 INCH OR MORE:   2
MIN  0 OR BELOW:   0    1.00 INCH OR MORE:   0

[HDD (BASE 65) ]
TOTAL THIS MO.    97    CLEAR  (SCALE 0-3)  12
DPTR FM NORMAL    43    PTCLDY (SCALE 4-7)   9
TOTAL FM JUL 1    97    CLOUDY (SCALE 8-10)  3
DPTR FM NORMAL    43

[CDD (BASE 65) ]
TOTAL THIS MO.    26
DPTR FM NORMAL   -46    [PRESSURE DATA]
TOTAL FM JAN 1    95    HIGHEST SLP M ON M
DPTR FM NORMAL   -32    LOWEST  SLP 29.47 ON  8

[REMARKS]




U.S. Dept. of Commerce
NOAA National Weather Service
1325 East West Highway
Silver Spring, MD 20910
E-mail: w-nws.webmaster@noaa.gov
Page last modified: May 16, 2007
NATIONAL WEATHER SERVICE: for Safety, for Work, for Fun - FOR LIFE