726
CXUS53 KAPX 290631
CF6PLN
PRELIMINARY LOCAL CLIMATOLOGICAL DATA (WS FORM: F-6)

                                          STATION:   PELLSTON
                                          MONTH:     AUGUST
                                          YEAR:      2014
                                          LATITUDE:   45 34 N
                                          LONGITUDE:  84 48 W

  TEMPERATURE IN F:       :PCPN:    SNOW:  WIND      :SUNSHINE: SKY     :PK WND
================================================================================
1   2   3   4   5  6A  6B    7    8   9   10  11  12  13   14  15   16   17  18
                                     12Z  AVG MX 2MIN
DY MAX MIN AVG DEP HDD CDD  WTR  SNW DPTH SPD SPD DIR MIN PSBL S-S WX    SPD DR
================================================================================

 1  82  48  65   0   0   0 0.00    M    M  2.3 10 300   M    M   3 12     14 260
 2  81  49  65   0   0   0 0.00    M    M  3.3 12  60   M    M   1 1      15  70
 3  83  47  65   0   0   0 0.00    M    M  3.5 18 320   M    M   2 1      24 330
 4  79  53  66   1   0   1 0.00    M    M  4.6 14 310   M    M   3 1      17 300
 5  79  47  63  -2   2   0 0.00    M    M  3.9 14  50   M    M   2 1      18  60
 6  79  45  62  -3   3   0 0.00    M    M  4.2 14 330   M    M   0 1      19 300
 7  82  49  66   1   0   1 0.00    M    M  2.9 10  20   M    M   2 1      14  20
 8  83  47  65   0   0   0 0.00    M    M  1.8 10  20   M    M   1 1      14 130
 9  84  48  66   1   0   1 0.00    M    M  2.1 13  70   M    M   2 1      18  60
10  85  48  67   2   0   2 0.00    M    M  4.4 16  80   M    M   0 1      20  80
11  81  59  70   5   0   5 0.22    M    M  4.4 14 100   M    M   4 1      18  70
12  65  56  61  -3   4   0 0.83    M    M 12.7 23 320   M    M  10 1      27 320
13  71  45  58  -6   7   0 0.00    M    M 12.7 24 320   M    M   2        30 320
14  67  40  54 -10  11   0 0.00    M    M  9.4 25 320   M    M   0        31 320
15  72  39  56  -8   9   0 0.00    M    M  6.4 16 270   M    M   0        23 290
16  72  53  63  -1   2   0 0.14    M    M  9.4 18 310   M    M   5 1      23 310
17  68  48  58  -6   7   0 0.00    M    M  2.9  9  60   M    M   7 1      12  90
18  74  46  60  -4   5   0    T    M    M  6.6 14 140   M    M   7 12     18 130
19  76  60  68   4   0   3 0.23    M    M  5.0 14 140   M    M   9 1      17 140
20  68  60  64   0   1   0    T    M    M  3.7 12 220   M    M  10 12     15 210
21  77  58  68   5   0   3    T    M    M  3.0  9  40   M    M   8 1      11 330
22  78  59  69   6   0   4    T    M    M  3.0 13  50   M    M   8 1      15  50
23  79  57  68   5   0   3 0.00    M    M  5.4 13  70   M    M   5 12     17  90
24  79  57  68   5   0   3 0.00    M    M  7.2 17 140   M    M   4 1      22 140
25  83  58  71   8   0   6 0.11    M    M  4.7 14 180   M    M   3 123    18 170
26  74  50  62   0   3   0 0.00    M    M  8.7 18 320   M    M   4        23 320
27  69  42  56  -6   9   0 0.01    M    M  6.5 20 320   M    M   3        26 280
28  70  37  54  -8  11   0 0.00    M    M  1.9  7 330   M    M   2         M  M
================================================================================
SM 2140 1405        74  32  1.54    M    146.6          M      107
================================================================================
AV 76.4 50.2                               5.2 FASTST   M    M   4    MAX(MPH)
                                 MISC ---->  # 25 320               # 31  320
================================================================================
NOTES:
# LAST OF SEVERAL OCCURRENCES

COLUMN 17 PEAK WIND IN M.P.H.

PRELIMINARY LOCAL CLIMATOLOGICAL DATA (WS FORM: F-6) , PAGE 2

                                          STATION:  PELLSTON
                                          MONTH:    AUGUST
                                          YEAR:     2014
                                          LATITUDE:   45 34 N
                                          LONGITUDE:  84 48 W

[TEMPERATURE DATA]      [PRECIPITATION DATA]       SYMBOLS USED IN COLUMN 16

AVERAGE MONTHLY: 63.3   TOTAL FOR MONTH:   1.54    1 = FOG OR MIST
DPTR FM NORMAL:  -0.7   DPTR FM NORMAL:   -1.34    2 = FOG REDUCING VISIBILITY
HIGHEST:    85 ON 10    GRTST 24HR  1.05 ON 11-12      TO 1/4 MILE OR LESS
LOWEST:     37 ON 28                               3 = THUNDER
                        SNOW, ICE PELLETS, HAIL    4 = ICE PELLETS
                        TOTAL MONTH:    M          5 = HAIL
                        GRTST 24HR    M  ON   M    6 = FREEZING RAIN OR DRIZZLE
                        GRTST DEPTH:  M  ON   M    7 = DUSTSTORM OR SANDSTORM:
                                                       VSBY 1/2 MILE OR LESS
                                                   8 = SMOKE OR HAZE
[NO. OF DAYS WITH]      [WEATHER - DAYS WITH]      9 = BLOWING SNOW
                                                   X = TORNADO
MAX 32 OR BELOW:   0    0.01 INCH OR MORE:   6
MAX 90 OR ABOVE:   0    0.10 INCH OR MORE:   5
MIN 32 OR BELOW:   0    0.50 INCH OR MORE:   1
MIN  0 OR BELOW:   0    1.00 INCH OR MORE:   0

[HDD (BASE 65) ]
TOTAL THIS MO.    74    CLEAR  (SCALE 0-3)  15
DPTR FM NORMAL    -9    PTCLDY (SCALE 4-7)   9
TOTAL FM JUL 1   197    CLOUDY (SCALE 8-10)  4
DPTR FM NORMAL    45

[CDD (BASE 65) ]
TOTAL THIS MO.    32
DPTR FM NORMAL   -19    [PRESSURE DATA]
TOTAL FM JAN 1   130    HIGHEST SLP M ON M
DPTR FM NORMAL   -62    LOWEST  SLP 29.59 ON 12

[REMARKS]




U.S. Dept. of Commerce
NOAA National Weather Service
1325 East West Highway
Silver Spring, MD 20910
E-mail: w-nws.webmaster@noaa.gov
Page last modified: May 16, 2007
NATIONAL WEATHER SERVICE: for Safety, for Work, for Fun - FOR LIFE