782
CXUS53 KAPX 310631
CF6PLN
PRELIMINARY LOCAL CLIMATOLOGICAL DATA (WS FORM: F-6)

                                          STATION:   PELLSTON
                                          MONTH:     JANUARY
                                          YEAR:      2015
                                          LATITUDE:   45 34 N
                                          LONGITUDE:  84 48 W

  TEMPERATURE IN F:       :PCPN:    SNOW:  WIND      :SUNSHINE: SKY     :PK WND
================================================================================
1   2   3   4   5  6A  6B    7    8   9   10  11  12  13   14  15   16   17  18
                                     12Z  AVG MX 2MIN
DY MAX MIN AVG DEP HDD CDD  WTR  SNW DPTH SPD SPD DIR MIN PSBL S-S WX    SPD DR
================================================================================

 1  26  16  21   2  44   0 0.03    M    M 16.1 26 320   M    M   9 128    33 300
 2  22   6  14  -5  51   0    T    M    M  7.3 17 290   M    M   9        22 290
 3  30  11  21   3  44   0 0.09    M    M  2.1 10 110   M    M   9 1      13 110
 4  31   7  19   1  46   0 0.04    M    M 17.0 29 310   M    M  10 1289   37 290
 5  11   4   8 -10  57   0    T    M    M 10.4 24 300   M    M  10 189    32 300
 6  16   8  12  -6  53   0    T    M    M 12.7 26 300   M    M  10 1289   36 310
 7  10 -16  -3 -21  68   0    T    M    M 10.4 29 310   M    M   8 18     38 320
 8  17   8  13  -5  52   0 0.12    M    M 11.8 22 250   M    M  10 128    36 280
 9  14   7  11  -6  54   0 0.01    M    M 15.9 25 300   M    M   9 189    34 290
10  19   8  14  -3  51   0 0.01    M    M 13.6 23 270   M    M   9 18     37 260
11  22  17  20   3  45   0 0.02    M    M  1.9  9 210   M    M  10 18     13 220
12  18 -20  -1 -18  66   0 0.01    M    M  9.7 24 330   M    M   5        28 350
13  14 -21  -3 -20  68   0 0.00    M    M  2.3 10 210   M    M   5 1      13 220
14  23 -18   3 -14  62   0    T    M    M  4.7 13 270   M    M   9        17 220
15  32  21  27  11  38   0    T    M    M 12.7 30 300   M    M   8 18     40 310
16  22  -7   8  -8  57   0    T    M    M  5.0 22 330   M    M   3 8      28 320
17  39  -4  18   2  47   0    T    M    M 10.3 20 140   M    M   8 1      27 130
18  37  24  31  15  34   0    T    M    M 11.5 18 290   M    M  10        24 310
19  24   0  12  -4  53   0    T    M    M  5.5 17 350   M    M   6 8      19 350
20  22  -9   7  -9  58   0    T    M    M  1.8 13  60   M    M   2 1      16  60
21  26 -10   8  -8  57   0 0.00    M    M  1.4  9 160   M    M   4 8      12 160
22  28  17  23   7  42   0    T    M    M  7.2 20 310   M    M   6 1      24 320
23  34  27  31  15  34   0 0.03    M    M 14.4 25 240   M    M   9 18     36 250
24  36  13  25   9  40   0 0.01    M    M 11.5 25 320   M    M   9 16     32 320
25  17 -11   3 -13  62   0 0.00    M    M  4.6 14 360   M    M   0        17  50
26  21 -16   3 -13  62   0 0.00    M    M  4.2 15  90   M    M   3        18  90
27  23  -3  10  -6  55   0    T    M    M  3.4 10  10   M    M   2 18     15  70
28  29 -10  10  -6  55   0 0.00    M    M  3.4 13 130   M    M   3        16 140
29  30  13  22   6  43   0 0.09    M    M 13.1 32 320   M    M  10 189    43 320
30  16   3  10  -6  55   0    T    M    M  6.8 24 330   M    M   8 9      31 350
================================================================================
SM  709   65      1553   0  0.46    M    252.7          M      213
================================================================================
AV 23.6  2.2                               8.4 FASTST   M    M   7    MAX(MPH)
                                 MISC ---->  # 32 320               # 43  320
================================================================================
NOTES:
# LAST OF SEVERAL OCCURRENCES

COLUMN 17 PEAK WIND IN M.P.H.

PRELIMINARY LOCAL CLIMATOLOGICAL DATA (WS FORM: F-6) , PAGE 2

                                          STATION:  PELLSTON
                                          MONTH:    JANUARY
                                          YEAR:     2015
                                          LATITUDE:   45 34 N
                                          LONGITUDE:  84 48 W

[TEMPERATURE DATA]      [PRECIPITATION DATA]       SYMBOLS USED IN COLUMN 16

AVERAGE MONTHLY: 12.9   TOTAL FOR MONTH:   0.46    1 = FOG OR MIST
DPTR FM NORMAL:  -3.9   DPTR FM NORMAL:   -1.31    2 = FOG REDUCING VISIBILITY
HIGHEST:    39 ON 17    GRTST 24HR  0.13 ON  8- 9      TO 1/4 MILE OR LESS
LOWEST:    -21 ON 13                               3 = THUNDER
                        SNOW, ICE PELLETS, HAIL    4 = ICE PELLETS
                        TOTAL MONTH:    M          5 = HAIL
                        GRTST 24HR    M  ON   M    6 = FREEZING RAIN OR DRIZZLE
                        GRTST DEPTH:  M  ON   M    7 = DUSTSTORM OR SANDSTORM:
                                                       VSBY 1/2 MILE OR LESS
                                                   8 = SMOKE OR HAZE
[NO. OF DAYS WITH]      [WEATHER - DAYS WITH]      9 = BLOWING SNOW
                                                   X = TORNADO
MAX 32 OR BELOW:  26    0.01 INCH OR MORE:  11
MAX 90 OR ABOVE:   0    0.10 INCH OR MORE:   1
MIN 32 OR BELOW:  30    0.50 INCH OR MORE:   0
MIN  0 OR BELOW:  13    1.00 INCH OR MORE:   0

[HDD (BASE 65) ]
TOTAL THIS MO.  1553    CLEAR  (SCALE 0-3)   5
DPTR FM NORMAL   107    PTCLDY (SCALE 4-7)   8
TOTAL FM JUL 1  4858    CLOUDY (SCALE 8-10) 17
DPTR FM NORMAL   126

[CDD (BASE 65) ]
TOTAL THIS MO.     0
DPTR FM NORMAL     0    [PRESSURE DATA]
TOTAL FM JAN 1     0    HIGHEST SLP M ON M
DPTR FM NORMAL     0    LOWEST  SLP 29.46 ON M

[REMARKS]




U.S. Dept. of Commerce
NOAA National Weather Service
1325 East West Highway
Silver Spring, MD 20910
E-mail: w-nws.webmaster@noaa.gov
Page last modified: May 16, 2007
NATIONAL WEATHER SERVICE: for Safety, for Work, for Fun - FOR LIFE