978
CXUS51 KRLX 301400
CF6PKB
PRELIMINARY LOCAL CLIMATOLOGICAL DATA (WS FORM: F-6)

                                          STATION:   PARKERSBURG WV
                                          MONTH:     JANUARY
                                          YEAR:      2015
                                          LATITUDE:   39 20 N
                                          LONGITUDE:  81 26 W

  TEMPERATURE IN F:       :PCPN:    SNOW:  WIND      :SUNSHINE: SKY     :PK WND
================================================================================
1   2   3   4   5  6A  6B    7    8   9   10  11  12  13   14  15   16   17  18
                                     12Z  AVG MX 2MIN
DY MAX MIN AVG DEP HDD CDD  WTR  SNW DPTH SPD SPD DIR MIN PSBL S-S WX    SPD DR
================================================================================

 1  38  21  30  -2  35   0 0.00    M    M  8.9 20 210   M    M   1        27 210
 2  41  27  34   2  31   0 0.00    M    M  3.7 12 260   M    M   3 8      15 300
 3  60  28  44  12  21   0 0.47    M    M  7.3 20 200   M    M   9 1      29 190
 4  62  34  48  16  17   0 0.28    M    M 13.8 29 290   M    M  10 1      37 290
 5  34  19  27  -5  38   0    T    M    M 10.4 24 300   M    M   4        37 290
 6  25  18  22 -10  43   0 0.30    M    M  5.6 15 280   M    M   9 1      21 290
 7  18   3  11 -21  54   0    T    M    M 12.4 23 290   M    M   6 8      32 320
 8  22  -2  10 -22  55   0 0.00    M    M  7.8 15 190   M    M   1        20 210
 9  26   9  18 -13  47   0    T    M    M 13.2 24 260   M    M   5 18     35 280
10  22  -4   9 -22  56   0 0.00    M    M  3.8 16 280   M    M   0 18     21 290
11  41   6  24  -7  41   0 0.04    M    M  2.7 10 200   M    M   6 18     15 200
12  37  30  34   3  31   0 0.26    M    M  4.3 14 340   M    M   9 12     20 350
13  30  19  25  -6  40   0 0.00    M    M  8.6 18  20   M    M   5        24  30
14  26  22  24  -7  41   0 0.02    M    M  3.7 10 280   M    M  10 18     14 280
15  35  15  25  -6  40   0 0.00    M    M  4.5 13 190   M    M   5 1      17 190
16  37  26  32   1  33   0 0.00    M    M  6.7 15 220   M    M   7 18     20 220
17  53  22  38   7  27   0 0.00    M    M  6.4 18 200   M    M   0 18     24 200
18  48  37  43  12  22   0 0.04    M    M  9.8 20 250   M    M   7 1      30 230
19  47  28  38   7  27   0 0.00    M    M  4.0 13 280   M    M   2        18 270
20  50  30  40   9  25   0    T    M    M  2.2 12  10   M    M   5        15  10
21  47  29  38   7  27   0 0.04    M    M  5.0 16 270   M    M   8 1      22 240
22  39  32  36   4  29   0    T    M    M  5.7 15 290   M    M  10 1      22 300
23  38  25  32   0  33   0 0.18    M    M  2.4  8  40   M    M   6 18     11  40
24  33  28  31  -1  34   0 0.05    M    M  7.0 15 280   M    M  10 16     21 280
25  39  32  36   4  29   0 0.07    M    M  4.3 12 210   M    M   9 1      14 210
26  37  23  30  -2  35   0 0.18    M    M  6.9 14 300   M    M  10 18     19 330
27  25  19  22 -10  43   0    T    M    M  6.0 15 320   M    M  10 8      20 320
28  30  16  23  -9  42   0    T    M    M  2.9  7 170   M    M   4 18     10 290
29  47  22  35   3  30   0 0.18    M    M  8.5 25 290   M    M   6 18     35 290
================================================================================
SM 1087  614      1026   0  2.11    M    188.5          M      177
================================================================================
AV 37.5 21.2                               6.5 FASTST   M    M   6    MAX(MPH)
                                 MISC ---->  # 29 290               # 37  290
================================================================================
NOTES:
# LAST OF SEVERAL OCCURRENCES

COLUMN 17 PEAK WIND IN M.P.H.

PRELIMINARY LOCAL CLIMATOLOGICAL DATA (WS FORM: F-6) , PAGE 2

                                          STATION:  PARKERSBURG WV
                                          MONTH:    JANUARY
                                          YEAR:     2015
                                          LATITUDE:   39 20 N
                                          LONGITUDE:  81 26 W

[TEMPERATURE DATA]      [PRECIPITATION DATA]       SYMBOLS USED IN COLUMN 16

AVERAGE MONTHLY: 29.3   TOTAL FOR MONTH:   2.11    1 = FOG OR MIST
DPTR FM NORMAL:  -2.2   DPTR FM NORMAL:   -0.64    2 = FOG REDUCING VISIBILITY
HIGHEST:    62 ON  4    GRTST 24HR  0.65 ON  3- 4      TO 1/4 MILE OR LESS
LOWEST:     -4 ON 10                               3 = THUNDER
                        SNOW, ICE PELLETS, HAIL    4 = ICE PELLETS
                        TOTAL MONTH:    M          5 = HAIL
                        GRTST 24HR    M  ON   M    6 = FREEZING RAIN OR DRIZZLE
                        GRTST DEPTH:  M  ON   M    7 = DUSTSTORM OR SANDSTORM:
                                                       VSBY 1/2 MILE OR LESS
                                                   8 = SMOKE OR HAZE
[NO. OF DAYS WITH]      [WEATHER - DAYS WITH]      9 = BLOWING SNOW
                                                   X = TORNADO
MAX 32 OR BELOW:   9    0.01 INCH OR MORE:  13
MAX 90 OR ABOVE:   0    0.10 INCH OR MORE:   7
MIN 32 OR BELOW:  27    0.50 INCH OR MORE:   0
MIN  0 OR BELOW:   2    1.00 INCH OR MORE:   0

[HDD (BASE 65) ]
TOTAL THIS MO.  1026    CLEAR  (SCALE 0-3)   6
DPTR FM NORMAL    54    PTCLDY (SCALE 4-7)  12
TOTAL FM JUL 1  2955    CLOUDY (SCALE 8-10) 11
DPTR FM NORMAL    73

[CDD (BASE 65) ]
TOTAL THIS MO.     0
DPTR FM NORMAL     0    [PRESSURE DATA]
TOTAL FM JAN 1     0    HIGHEST SLP M ON M
DPTR FM NORMAL     0    LOWEST  SLP 29.62 ON 26

[REMARKS]




U.S. Dept. of Commerce
NOAA National Weather Service
1325 East West Highway
Silver Spring, MD 20910
E-mail: w-nws.webmaster@noaa.gov
Page last modified: May 16, 2007
NATIONAL WEATHER SERVICE: for Safety, for Work, for Fun - FOR LIFE