216
CXUS51 KRLX 022209
CF6PKB
PRELIMINARY LOCAL CLIMATOLOGICAL DATA (WS FORM: F-6)

                                          STATION:   PARKERSBURG WV
                                          MONTH:     NOVEMBER
                                          YEAR:      2014
                                          LATITUDE:   39 20 N
                                          LONGITUDE:  81 26 W

  TEMPERATURE IN F:       :PCPN:    SNOW:  WIND      :SUNSHINE: SKY     :PK WND
================================================================================
1   2   3   4   5  6A  6B    7    8   9   10  11  12  13   14  15   16   17  18
                                     12Z  AVG MX 2MIN
DY MAX MIN AVG DEP HDD CDD  WTR  SNW DPTH SPD SPD DIR MIN PSBL S-S WX    SPD DR
================================================================================

 1  46  36  41  -9  24   0 0.11    M    M  8.5 21 310   M    M  10 1      30 330
 2  50  29  40 -10  25   0 0.00    M    M  6.0 16 300   M    M   4        20 300
 3  60  26  43  -7  22   0 0.00    M    M  5.7 16 200   M    M   1        20 200
 4  68  46  57   7   8   0 0.00    M    M  9.7 18 240   M    M   2        27 200
 5  61  50  56   7   9   0 0.12    M    M  2.7 14 300   M    M  10 1      19 240
 6  59  43  51   2  14   0 0.19    M    M  9.7 23 280   M    M   9 1      32 290
 7  44  31  38 -10  27   0 0.03    M    M  7.9 18 280   M    M   8 18     29 290
 8  53  28  41  -7  24   0 0.00    M    M  6.5 16 180   M    M   4        21 210
 9  54  36  45  -3  20   0 0.00    M    M  3.8 14 210   M    M   6 8      18 200
10  67  32  50   2  15   0 0.00    M    M  4.2 13 180   M    M   1 1      17 200
11  71  44  58  11   7   0    T    M    M  9.1 21 300   M    M   2        26 210
12  54  37  46  -1  19   0 0.19    M    M  6.9 20 300   M    M   9 1      27 280
13  37  27  32 -14  33   0 0.00    M    M  6.8 15 280   M    M   9        20 270
14  33  20  27 -19  38   0    T    M    M  6.2 15 280   M    M   7        18 270
15  38  15  27 -19  38   0 0.00    M    M  1.9 12 180   M    M   0 18     13 170
16  45  29  37  -8  28   0 0.11    M    M  3.3 15 200   M    M  10 18     20 180
17  41  20  31 -14  34   0 0.58    M    M  8.2 25 290   M    M  10 12     35 280
18  23  15  19 -25  46   0 0.01    M    M 11.1 23 280   M    M   7 1      32 260
19  42  13  28 -16  37   0 0.00    M    M  9.6 23 190   M    M   5        32 220
20  41  25  33 -11  32   0    T    M    M 10.1 21 290   M    M   6        28 290
21  33  17  25 -18  40   0 0.00    M    M  3.6 12 320   M    M   1 8      15 300
22  56  15  36  -7  29   0    T    M    M  3.1  9 200   M    M   7 8      15 230
23  67  42  55  12  10   0 0.17    M    M  7.8 21 140   M    M   7 1      28 170
24  70  41  56  14   9   0    T    M    M 13.9 30 210   M    M   5        46 190
25  52  34  43   1  22   0 0.00    M    M  7.2 18 260   M    M   1        24 240
26  38  32  35  -6  30   0 0.03    M    M  2.3 10 320   M    M   7 128    13 330
27  37  30  34  -7  31   0    T    M    M  6.9 18 290   M    M   9 128    24 270
28  32  25  29 -12  36   0 0.00    M    M  7.1 14 280   M    M   6        21 270
29  55  30  43   3  22   0 0.00    M    M  7.1 15 200   M    M   8        23 200
30  65  54  60  20   5   0 0.00    M    M 12.8 23 230   M    M  10        34 220
================================================================================
SM 1492  922       734   0  1.54    M    209.7          M      181
================================================================================
AV 49.7 30.7                               7.0 FASTST   M    M   6    MAX(MPH)
                                 MISC ---->  # 30 210               # 46  190
================================================================================
NOTES:
# LAST OF SEVERAL OCCURRENCES

COLUMN 17 PEAK WIND IN M.P.H.

PRELIMINARY LOCAL CLIMATOLOGICAL DATA (WS FORM: F-6) , PAGE 2

                                          STATION:  PARKERSBURG WV
                                          MONTH:    NOVEMBER
                                          YEAR:     2014
                                          LATITUDE:   39 20 N
                                          LONGITUDE:  81 26 W

[TEMPERATURE DATA]      [PRECIPITATION DATA]       SYMBOLS USED IN COLUMN 16

AVERAGE MONTHLY: 40.2   TOTAL FOR MONTH:   1.54    1 = FOG OR MIST
DPTR FM NORMAL:  -5.2   DPTR FM NORMAL:   -1.82    2 = FOG REDUCING VISIBILITY
HIGHEST:    71 ON 11    GRTST 24HR  0.69 ON 16-17      TO 1/4 MILE OR LESS
LOWEST:     13 ON 19                               3 = THUNDER
                        SNOW, ICE PELLETS, HAIL    4 = ICE PELLETS
                        TOTAL MONTH:    M          5 = HAIL
                        GRTST 24HR    M  ON   M    6 = FREEZING RAIN OR DRIZZLE
                        GRTST DEPTH:  M  ON   M    7 = DUSTSTORM OR SANDSTORM:
                                                       VSBY 1/2 MILE OR LESS
                                                   8 = SMOKE OR HAZE
[NO. OF DAYS WITH]      [WEATHER - DAYS WITH]      9 = BLOWING SNOW
                                                   X = TORNADO
MAX 32 OR BELOW:   2    0.01 INCH OR MORE:  10
MAX 90 OR ABOVE:   0    0.10 INCH OR MORE:   7
MIN 32 OR BELOW:  19    0.50 INCH OR MORE:   1
MIN  0 OR BELOW:   0    1.00 INCH OR MORE:   0

[HDD (BASE 65) ]
TOTAL THIS MO.   734    CLEAR  (SCALE 0-3)   7
DPTR FM NORMAL   143    PTCLDY (SCALE 4-7)  13
TOTAL FM JUL 1  1111    CLOUDY (SCALE 8-10) 10
DPTR FM NORMAL   126

[CDD (BASE 65) ]
TOTAL THIS MO.     0
DPTR FM NORMAL    -2    [PRESSURE DATA]
TOTAL FM JAN 1   597    HIGHEST SLP 30.57 ON 21
DPTR FM NORMAL  -358    LOWEST  SLP 29.39 ON 24

[REMARKS]
#FINAL-11-14#




U.S. Dept. of Commerce
NOAA National Weather Service
1325 East West Highway
Silver Spring, MD 20910
E-mail: w-nws.webmaster@noaa.gov
Page last modified: May 16, 2007
NATIONAL WEATHER SERVICE: for Safety, for Work, for Fun - FOR LIFE