961
CXUS51 KPBZ 230904
CF6PIT
PRELIMINARY LOCAL CLIMATOLOGICAL DATA (WS FORM: F-6)

                                          STATION:   PITTSBURGH PA
                                          MONTH:     AUGUST
                                          YEAR:      2014
                                          LATITUDE:   40 30 N
                                          LONGITUDE:  80 13 W

  TEMPERATURE IN F:       :PCPN:    SNOW:  WIND      :SUNSHINE: SKY     :PK WND
================================================================================
1   2   3   4   5  6A  6B    7    8   9   10  11  12  13   14  15   16   17  18
                                     12Z  AVG MX 2MIN
DY MAX MIN AVG DEP HDD CDD  WTR  SNW DPTH SPD SPD DIR MIN PSBL S-S WX    SPD DR
================================================================================

 1  83  58  71  -1   0   6 0.00  0.0    0  3.0 15 150   M    M   5 18     19 130
 2  80  65  73   1   0   8 0.02  0.0    0  5.3 23 300   M    M   8 138    27 300
 3  75  64  70  -2   0   5 0.12  0.0    0  5.3 17 320   M    M   7 13     22 300
 4  82  57  70  -2   0   5 0.00  0.0    0  2.3  8 250   M    M   2 128    11 260
 5  82  61  72   0   0   7 0.03  0.0    0  3.3 22  10   M    M   6 138    26 350
 6  80  63  72   0   0   7    T  0.0    0  7.0 17  10   M    M   7 18     21  10
 7  78  55  67  -5   0   2 0.00  0.0    0  4.8 14 320   M    M   2 1      18 340
 8  79  55  67  -5   0   2 0.00  0.0    0  4.6 14  30   M    M   7 1      17  20
 9  82  59  71  -1   0   6 0.00  0.0    0  4.3 12  40   M    M   4        14  90
10  84  63  74   2   0   9 0.00  0.0    0  6.9 16 120   M    M   5 1      24 150
11  72  62  67  -5   0   2 0.83  0.0    0  9.0 16 130   M    M  10 13     21 130
12  80  64  72   0   0   7 0.93  0.0    0  6.8 28 290   M    M   7 13     33 290
13  73  55  64  -8   1   0 0.13  0.0    0  8.6 20 290   M    M   6 1      25 280
14  72  52  62 -10   3   0    T  0.0    0  9.4 24 300   M    M   4        29 300
15  71  50  61 -11   4   0 0.00  0.0    0  5.6 20 290   M    M   6        25 290
16  77  48  63  -9   2   0 0.00  0.0    0  5.0 16 230   M    M   4        22 240
17  78  66  72   0   0   7 0.01  0.0    0  4.8 12 270   M    M   8 1      17 280
18  84  64  74   2   0   9 0.01  0.0    0  5.4 14  20   M    M   7        16  20
19  85  65  75   4   0  10 0.00  0.0    0  2.9 25 340   M    M   5 3      30 330
20  81  64  73   2   0   8 1.80  0.0    0  6.0 24 340   M    M   8 13     30 340
21  78  64  71   0   0   6    T  0.0    0  5.3 20 230   M    M   7 1      25 230
22  82  67  75   4   0  10 0.09  0.0    0  2.4  9 300   M    M   9 13     13  10
================================================================================
SM 1738 1321        10 116  3.97     0.0 118.0          M      134
================================================================================
AV 79.0 60.0                               5.4 FASTST   M    M   6    MAX(MPH)
                                 MISC ---->  # 28 290               # 33  290
================================================================================
NOTES:
# LAST OF SEVERAL OCCURRENCES

COLUMN 17 PEAK WIND IN M.P.H.

PRELIMINARY LOCAL CLIMATOLOGICAL DATA (WS FORM: F-6) , PAGE 2

                                          STATION:  PITTSBURGH PA
                                          MONTH:    AUGUST
                                          YEAR:     2014
                                          LATITUDE:   40 30 N
                                          LONGITUDE:  80 13 W

[TEMPERATURE DATA]      [PRECIPITATION DATA]       SYMBOLS USED IN COLUMN 16

AVERAGE MONTHLY: 69.5   TOTAL FOR MONTH:   3.97    1 = FOG OR MIST
DPTR FM NORMAL:  -2.3   DPTR FM NORMAL:    1.46    2 = FOG REDUCING VISIBILITY
HIGHEST:    85 ON 19    GRTST 24HR  1.80 ON 19-20      TO 1/4 MILE OR LESS
LOWEST:     48 ON 16                               3 = THUNDER
                        SNOW, ICE PELLETS, HAIL    4 = ICE PELLETS
                        TOTAL MONTH:   0.0 INCH    5 = HAIL
                        GRTST 24HR     0.0         6 = FREEZING RAIN OR DRIZZLE
                        GRTST DEPTH:   0           7 = DUSTSTORM OR SANDSTORM:
                                                       VSBY 1/2 MILE OR LESS
                                                   8 = SMOKE OR HAZE
[NO. OF DAYS WITH]      [WEATHER - DAYS WITH]      9 = BLOWING SNOW
                                                   X = TORNADO
MAX 32 OR BELOW:   0    0.01 INCH OR MORE:  10
MAX 90 OR ABOVE:   0    0.10 INCH OR MORE:   5
MIN 32 OR BELOW:   0    0.50 INCH OR MORE:   3
MIN  0 OR BELOW:   0    1.00 INCH OR MORE:   1

[HDD (BASE 65) ]
TOTAL THIS MO.    10    CLEAR  (SCALE 0-3)   2
DPTR FM NORMAL    10    PTCLDY (SCALE 4-7)  17
TOTAL FM JUL 1    21    CLOUDY (SCALE 8-10)  3
DPTR FM NORMAL    17

[CDD (BASE 65) ]
TOTAL THIS MO.   116
DPTR FM NORMAL   -40    [PRESSURE DATA]
TOTAL FM JAN 1   563    HIGHEST SLP M ON M
DPTR FM NORMAL   -36    LOWEST  SLP 29.73 ON 12

[REMARKS]




U.S. Dept. of Commerce
NOAA National Weather Service
1325 East West Highway
Silver Spring, MD 20910
E-mail: w-nws.webmaster@noaa.gov
Page last modified: May 16, 2007
NATIONAL WEATHER SERVICE: for Safety, for Work, for Fun - FOR LIFE