817
CXUS51 KPBZ 280904
CF6PIT
PRELIMINARY LOCAL CLIMATOLOGICAL DATA (WS FORM: F-6)

                                          STATION:   PITTSBURGH PA
                                          MONTH:     JULY
                                          YEAR:      2014
                                          LATITUDE:   40 30 N
                                          LONGITUDE:  80 13 W

  TEMPERATURE IN F:       :PCPN:    SNOW:  WIND      :SUNSHINE: SKY     :PK WND
================================================================================
1   2   3   4   5  6A  6B    7    8   9   10  11  12  13   14  15   16   17  18
                                     12Z  AVG MX 2MIN
DY MAX MIN AVG DEP HDD CDD  WTR  SNW DPTH SPD SPD DIR MIN PSBL S-S WX    SPD DR
================================================================================

 1  88  71  80   8   0  15 0.00  0.0    0  8.7 17 210   M    M   6        25 210
 2  86  70  78   6   0  13    T  0.0    0  6.8 16 230   M    M   6        21 220
 3  80  63  72   0   0   7 0.20  0.0    0  9.0 26 280   M    M   6 1      33 280
 4  74  57  66  -6   0   1 0.00  0.0    0 11.7 23 340   M    M   3        28 320
 5  78  50  64  -8   1   0 0.00  0.0    0  3.1 12  30   M    M   4        15  30
 6  80  55  68  -4   0   3    T  0.0    0  4.2 16 240   M    M   8        20 220
 7  85  68  77   4   0  12 0.05  0.0    0 10.8 23 210   M    M   8 13     32 210
 8  81  68  75   2   0  10 0.81  0.0    0 10.3 21 200   0    0   0        32 200
 9  81  64  73   0   0   8 0.11  0.0    0  8.2 20 300   M    M   4 1      24 300
10  81  62  72  -1   0   7 0.02  0.0    0  4.0 13  10   M    M   4 1      17  10
11  84  60  72  -1   0   7 0.00  0.0    0  2.3  9 260   M    M   3        13 250
12  86  64  75   2   0  10 0.00  0.0    0  3.7 15 240   M    M   8 18     20 260
13  83  71  77   4   0  12 0.22  0.0    0  7.2 18 200   M    M   9 138    30 200
14  81  68  75   2   0  10 0.85  0.0    0  5.0 22 190   M    M   9 1      26 190
15  79  62  71  -2   0   6 0.00  0.0    0  8.2 20 290   M    M   7 1      24 280
16  73  55  64  -9   1   0 0.00  0.0    0  6.5 15 300   M    M   4        19 270
17  75  52  64  -9   1   0 0.00  0.0    0  4.5 13 270   M    M   3        17  10
18  77  55  66  -7   0   1 0.04  0.0    0  3.6 10  90   M    M   8 1      14 120
19  68  63  66  -7   0   1 1.07  0.0    0  6.4 14 150   M    M  10 1      16 150
20  80  64  72  -1   0   7    T  0.0    0  4.3 10 360   M    M   8 1      19 340
21  85  67  76   3   0  11 0.00  0.0    0  1.7  8 340   M    M   5 1      11 360
22  88  67  78   5   0  13 0.00  0.0    0  3.2 12 240   M    M   2 1      13 240
23  84  65  75   2   0  10 0.00  0.0    0 10.3 21 360   M    M   7        24 330
24  77  61  69  -4   0   4 0.00  0.0    0 10.2 17 360   M    M   5        23 330
25  79  51  65  -8   0   0    T  0.0    0  3.1 12 280   M    M   4        15 280
26  83  63  73   0   0   8 1.06  0.0    0  7.6 16 210   M    M   7 13     20 220
27  82  66  74   1   0   9 0.46  0.0    0  7.4 20 240   M    M   9 138    29 250
================================================================================
SM 2178 1682         3 185  4.89     0.0 172.0            0    157
================================================================================
AV 80.7 62.3                               6.4 FASTST    0   0   6    MAX(MPH)
                                 MISC ---->  # 26 280               # 33  280
================================================================================
NOTES:
# LAST OF SEVERAL OCCURRENCES

COLUMN 17 PEAK WIND IN M.P.H.

PRELIMINARY LOCAL CLIMATOLOGICAL DATA (WS FORM: F-6) , PAGE 2

                                          STATION:  PITTSBURGH PA
                                          MONTH:    JULY
                                          YEAR:     2014
                                          LATITUDE:   40 30 N
                                          LONGITUDE:  80 13 W

[TEMPERATURE DATA]      [PRECIPITATION DATA]       SYMBOLS USED IN COLUMN 16

AVERAGE MONTHLY: 71.5   TOTAL FOR MONTH:   4.89    1 = FOG OR MIST
DPTR FM NORMAL:  -1.3   DPTR FM NORMAL:    1.53    2 = FOG REDUCING VISIBILITY
HIGHEST:    88 ON 22, 1 GRTST 24HR  1.33 ON 26-27      TO 1/4 MILE OR LESS
LOWEST:     50 ON  5                               3 = THUNDER
                        SNOW, ICE PELLETS, HAIL    4 = ICE PELLETS
                        TOTAL MONTH:   0.0 INCH    5 = HAIL
                        GRTST 24HR     0.0         6 = FREEZING RAIN OR DRIZZLE
                        GRTST DEPTH:   0           7 = DUSTSTORM OR SANDSTORM:
                                                       VSBY 1/2 MILE OR LESS
                                                   8 = SMOKE OR HAZE
[NO. OF DAYS WITH]      [WEATHER - DAYS WITH]      9 = BLOWING SNOW
                                                   X = TORNADO
MAX 32 OR BELOW:   0    0.01 INCH OR MORE:  11
MAX 90 OR ABOVE:   0    0.10 INCH OR MORE:   8
MIN 32 OR BELOW:   0    0.50 INCH OR MORE:   4
MIN  0 OR BELOW:   0    1.00 INCH OR MORE:   2

[HDD (BASE 65) ]
TOTAL THIS MO.     3    CLEAR  (SCALE 0-3)   3
DPTR FM NORMAL     3    PTCLDY (SCALE 4-7)  20
TOTAL FM JUL 1     3    CLOUDY (SCALE 8-10)  4
DPTR FM NORMAL     3

[CDD (BASE 65) ]
TOTAL THIS MO.   185
DPTR FM NORMAL   -28    [PRESSURE DATA]
TOTAL FM JAN 1   444    HIGHEST SLP  0.00 ON  8
DPTR FM NORMAL    29    LOWEST  SLP  0.00 ON  8

[REMARKS]




U.S. Dept. of Commerce
NOAA National Weather Service
1325 East West Highway
Silver Spring, MD 20910
E-mail: w-nws.webmaster@noaa.gov
Page last modified: May 16, 2007
NATIONAL WEATHER SERVICE: for Safety, for Work, for Fun - FOR LIFE