153
CXUS51 KPBZ 012146
CF6PIT
PRELIMINARY LOCAL CLIMATOLOGICAL DATA (WS FORM: F-6)

                                          STATION:   PITTSBURGH PA
                                          MONTH:     NOVEMBER
                                          YEAR:      2014
                                          LATITUDE:   40 30 N
                                          LONGITUDE:  80 13 W

  TEMPERATURE IN F:       :PCPN:    SNOW:  WIND      :SUNSHINE: SKY     :PK WND
================================================================================
1   2   3   4   5  6A  6B    7    8   9   10  11  12  13   14  15   16   17  18
                                     12Z  AVG MX 2MIN
DY MAX MIN AVG DEP HDD CDD  WTR  SNW DPTH SPD SPD DIR MIN PSBL S-S WX    SPD DR
================================================================================

 1  44  33  39  -9  26   0 0.04    T    0 13.5 25 340   M    M   9 1      33 330
 2  47  33  40  -8  25   0    T    T    0 12.2 26 330   M    M   3        32 330
 3  56  30  43  -4  22   0    T  0.0    0  6.4 18 210   M    M   5        23 230
 4  66  46  56   9   9   0 0.00  0.0    0 10.4 21 210   M    M   8        30 230
 5  59  47  53   6  12   0 0.05  0.0    0  6.1 17 270   M    M   9 1      23 260
 6  50  44  47   1  18   0 0.75  0.0    0  6.1 22 270   M    M  10 13     30 270
 7  45  30  38  -8  27   0 0.05    T    0 12.9 25 320   M    M   8 1      31 310
 8  49  28  39  -7  26   0    T  0.0    0  7.8 22 320   M    M   8 1      27 320
 9  50  40  45   0  20   0 0.00  0.0    0  7.2 16 210   M    M   8        20 220
10  64  37  51   6  14   0 0.00  0.0    0  5.8 15 160   M    M   7        19 150
11  70  45  58  13   7   0    T  0.0    0  9.0 20 200   M    M   5        27 200
12  60  36  48   4  17   0 0.06  0.0    0 10.2 24 310   M    M   9 1      28 300
13  36  27  32 -12  33   0 0.01  0.1    0  8.2 21 290   M    M  10 8      25 290
14  33  24  29 -15  36   0    T    T    0  9.5 17 290   M    M   8        22 280
15  36  22  29 -14  36   0 0.00  0.0    0  4.6 13 220   M    M   6        17 220
16  39  28  34  -9  31   0 0.14  0.2    0  3.6 12 200   M    M  10 18     16 220
17  36  18  27 -16  38   0 0.44  0.2    0  7.6 24 270   M    M   9 12     34 260
18  21  14  18 -24  47   0    T  0.0    0 13.6 24 250   M    M   7 189    35 280
19  37  14  26 -16  39   0    T  0.0    0  9.3 21 170   M    M   9 8      28 180
20  37  22  30 -11  35   0    T  0.0    0 12.4 23 300   M    M   6 18     37 270
21  28  15  22 -19  43   0    T  0.0    0  5.8 16 270   M    M   3 18     21 300
22  52  15  34  -7  31   0 0.03  0.0    0  5.7 14 210   M    M   7 16     21 200
23  63  44  54  14  11   0 0.15  0.0    0  8.8 21 130   M    M  10 1      28 120
24  68  42  55  15  10   0 0.08  0.0    0 17.3 30 230   M    M   6 18     49 240
25  49  28  39  -1  26   0 0.00  0.0    0 10.0 22 230   M    M   4        31 240
26  33  28  31  -8  34   0 0.04  0.4    0  4.4  9  30   M    M  10 18     14  30
27  34  28  31  -8  34   0 0.03  0.3    0  7.9 20 300   M    M  10 1      23 300
28  29  22  26 -12  39   0 0.10  1.9    2  9.6 23 300   M    M   7 1      28 300
29  53  27  40   2  25   0 0.00  0.0    1  8.3 18 190   M    M   9        25 180
30  62  53  58  20   7   0    T  0.0    0 12.9 22 220   M    M  10        32 220
================================================================================
SM 1406  920       778   0  1.97     3.1 267.1          M      230
================================================================================
AV 46.9 30.7                               8.9 FASTST   M    M   8    MAX(MPH)
                                 MISC ---->  # 30 230               # 49  240
================================================================================
NOTES:
# LAST OF SEVERAL OCCURRENCES

COLUMN 17 PEAK WIND IN M.P.H.

PRELIMINARY LOCAL CLIMATOLOGICAL DATA (WS FORM: F-6) , PAGE 2

                                          STATION:  PITTSBURGH PA
                                          MONTH:    NOVEMBER
                                          YEAR:     2014
                                          LATITUDE:   40 30 N
                                          LONGITUDE:  80 13 W

[TEMPERATURE DATA]      [PRECIPITATION DATA]       SYMBOLS USED IN COLUMN 16

AVERAGE MONTHLY: 38.8   TOTAL FOR MONTH:   1.97    1 = FOG OR MIST
DPTR FM NORMAL:  -4.1   DPTR FM NORMAL:   -1.26    2 = FOG REDUCING VISIBILITY
HIGHEST:    70 ON 11    GRTST 24HR  0.75 ON  6- 6      TO 1/4 MILE OR LESS
LOWEST:     14 ON 18,19                            3 = THUNDER
                        SNOW, ICE PELLETS, HAIL    4 = ICE PELLETS
                        TOTAL MONTH:   3.1 INCHES  5 = HAIL
                        GRTST 24HR   1.9 ON   M    6 = FREEZING RAIN OR DRIZZLE
                        GRTST DEPTH:   2 ON 28     7 = DUSTSTORM OR SANDSTORM:
                                                       VSBY 1/2 MILE OR LESS
                                                   8 = SMOKE OR HAZE
[NO. OF DAYS WITH]      [WEATHER - DAYS WITH]      9 = BLOWING SNOW
                                                   X = TORNADO
MAX 32 OR BELOW:   3    0.01 INCH OR MORE:  14
MAX 90 OR ABOVE:   0    0.10 INCH OR MORE:   5
MIN 32 OR BELOW:  18    0.50 INCH OR MORE:   1
MIN  0 OR BELOW:   0    1.00 INCH OR MORE:   0

[HDD (BASE 65) ]
TOTAL THIS MO.   778    CLEAR  (SCALE 0-3)   2
DPTR FM NORMAL   116    PTCLDY (SCALE 4-7)  14
TOTAL FM JUL 1  1238    CLOUDY (SCALE 8-10) 14
DPTR FM NORMAL    75

[CDD (BASE 65) ]
TOTAL THIS MO.     0
DPTR FM NORMAL     0    [PRESSURE DATA]
TOTAL FM JAN 1   700    HIGHEST SLP 30.55 ON 21
DPTR FM NORMAL   -36    LOWEST  SLP 29.38 ON 24

[REMARKS]
#FINAL-11-14#




U.S. Dept. of Commerce
NOAA National Weather Service
1325 East West Highway
Silver Spring, MD 20910
E-mail: w-nws.webmaster@noaa.gov
Page last modified: May 16, 2007
NATIONAL WEATHER SERVICE: for Safety, for Work, for Fun - FOR LIFE