212
CXUS55 KABR 011558
CF6PIR
PRELIMINARY LOCAL CLIMATOLOGICAL DATA (WS FORM: F-6)

                                          STATION:   PIERRE SD
                                          MONTH:     NOVEMBER
                                          YEAR:      2014
                                          LATITUDE:   44 22 N
                                          LONGITUDE: 100 17 W

  TEMPERATURE IN F:       :PCPN:    SNOW:  WIND      :SUNSHINE: SKY     :PK WND
================================================================================
1   2   3   4   5  6A  6B    7    8   9   10  11  12  13   14  15   16   17  18
                                     12Z  AVG MX 2MIN
DY MAX MIN AVG DEP HDD CDD  WTR  SNW DPTH SPD SPD DIR MIN PSBL S-S WX    SPD DR
================================================================================

 1  56  34  45   4  20   0 0.00  0.0    0 19.8 31 160   M    M   0        39 170
 2  66  39  53  12  12   0 0.00  0.0    0  8.8 17 130   M    M   0        22 140
 3  50  33  42   2  23   0 0.13  0.0    0 12.9 24 340   M    M   6        30 330
 4  60  30  45   5  20   0 0.00  0.0    0  9.1 18 290   M    M   0        22 290
 5  59  31  45   6  20   0 0.02  0.0    0 17.2 39 320   M    M   4        55 310
 6  58  25  42   3  23   0 0.00  0.0    0  8.7 18 140   M    M   0        23 140
 7  68  37  53  15  12   0 0.00  0.0    0 19.0 41 320   M    M   2        52 320
 8  52  27  40   2  25   0 0.00  0.0    0  9.1 25 330   M    M   3        33 320
 9  41  30  36  -1  29   0 0.03  0.5    0 11.9 24  80   M    M   8        30  80
10  31  15  23 -14  42   0 0.32  4.5    2 21.7 32  20   M    M  10 1268   40  20
11  16   8  12 -24  53   0    T    T    5 19.2 26 310   M    M   5 18     32 320
12  19   8  14 -22  51   0    T    T    5 21.9 29 330   M    M  10 1      34 330
13  14  -6   4 -31  61   0    T    T    4  7.9 21 320   M    M   4 12     24 320
14  25  -8   9 -25  56   0    T    T    4  8.8 18 140   M    M   9 128    21 140
15  23   1  12 -22  53   0 0.27  3.7    6 15.9 26 320   M    M  10 1      31 320
16  24  -5  10 -23  55   0 0.03  0.3    6 21.1 39 320   M    M   6 189    47 300
17  18   6  12 -21  53   0    T    T    6 19.0 30 330   M    M   6 189    36 340
18  37   3  20 -12  45   0 0.00  0.0    5 13.8 35 310   M    M   7        42 310
19  29  12  21 -11  44   0    T    T    5 16.4 29 310   M    M   7        34 310
20  23  13  18 -13  47   0 0.00  0.0    5  7.4 18 140   M    M   7        23 140
21  37  16  27  -4  38   0 0.00  0.0    4  6.7 14 140   M    M   0        16 130
22  46  16  31   1  34   0 0.00  0.0    4  4.6 13 240   M    M   3 12     17 310
23  42  26  34   4  31   0    T  0.0    2 20.7 38 320   M    M   7        47 330
24  30  18  24  -5  41   0 0.00  0.0    2 16.1 30 310   M    M   2        35 320
25  38  21  30   1  35   0    T    T    2 10.4 32 320   M    M   7 1      39 310
26  34  13  24  -4  41   0    T    T    1 12.3 37 340   M    M  10        47 330
27  26   8  17 -11  48   0 0.00  0.0    1 13.1 23 150   M    M   9        28 130
28  42  16  29   2  36   0 0.00  0.0    1  5.1 10 120   M    M   0        12  50
29  39   8  24  -3  41   0 0.00  0.0    1 13.4 25 330   M    M   5 18     33 340
30  13   4   9 -17  56   0 0.02  0.2    1 14.4 23 330   M    M   4 1      27 330
================================================================================
SM 1116  479      1145   0  0.82     9.2 406.4          M      151
================================================================================
AV 37.2 16.0                              13.5 FASTST   M    M   5    MAX(MPH)
                                 MISC ---->  # 41 320               # 55  310
================================================================================
NOTES:
# LAST OF SEVERAL OCCURRENCES

COLUMN 17 PEAK WIND IN M.P.H.

PRELIMINARY LOCAL CLIMATOLOGICAL DATA (WS FORM: F-6) , PAGE 2

                                          STATION:  PIERRE SD
                                          MONTH:    NOVEMBER
                                          YEAR:     2014
                                          LATITUDE:   44 22 N
                                          LONGITUDE: 100 17 W

[TEMPERATURE DATA]      [PRECIPITATION DATA]       SYMBOLS USED IN COLUMN 16

AVERAGE MONTHLY: 26.6   TOTAL FOR MONTH:   0.82    1 = FOG OR MIST
DPTR FM NORMAL:  -7.1   DPTR FM NORMAL:    0.06    2 = FOG REDUCING VISIBILITY
HIGHEST:    68 ON  7    GRTST 24HR  0.32 ON 10-10      TO 1/4 MILE OR LESS
LOWEST:     -8 ON 14                               3 = THUNDER
                        SNOW, ICE PELLETS, HAIL    4 = ICE PELLETS
                        TOTAL MONTH:   9.2 INCHES  5 = HAIL
                        GRTST 24HR   4.5 ON 10-10  6 = FREEZING RAIN OR DRIZZLE
                        GRTST DEPTH:   6 ON 17,16  7 = DUSTSTORM OR SANDSTORM:
                                                       VSBY 1/2 MILE OR LESS
                                                   8 = SMOKE OR HAZE
[NO. OF DAYS WITH]      [WEATHER - DAYS WITH]      9 = BLOWING SNOW
                                                   X = TORNADO
MAX 32 OR BELOW:  13    0.01 INCH OR MORE:   7
MAX 90 OR ABOVE:   0    0.10 INCH OR MORE:   3
MIN 32 OR BELOW:  26    0.50 INCH OR MORE:   0
MIN  0 OR BELOW:   3    1.00 INCH OR MORE:   0

[HDD (BASE 65) ]
TOTAL THIS MO.  1145    CLEAR  (SCALE 0-3)  10
DPTR FM NORMAL   206    PTCLDY (SCALE 4-7)  13
TOTAL FM JUL 1  1722    CLOUDY (SCALE 8-10)  7
DPTR FM NORMAL   102

[CDD (BASE 65) ]
TOTAL THIS MO.     0
DPTR FM NORMAL     0    [PRESSURE DATA]
TOTAL FM JAN 1   622    HIGHEST SLP 30.72 ON 13
DPTR FM NORMAL  -246    LOWEST  SLP 29.39 ON 22

[REMARKS]
#FINAL-11-14#




U.S. Dept. of Commerce
NOAA National Weather Service
1325 East West Highway
Silver Spring, MD 20910
E-mail: w-nws.webmaster@noaa.gov
Page last modified: May 16, 2007
NATIONAL WEATHER SERVICE: for Safety, for Work, for Fun - FOR LIFE