194
CXUS55 KABR 291400
CF6PIR
PRELIMINARY LOCAL CLIMATOLOGICAL DATA (WS FORM: F-6)

                                          STATION:   PIERRE SD
                                          MONTH:     JULY
                                          YEAR:      2014
                                          LATITUDE:   44 22 N
                                          LONGITUDE: 100 17 W

  TEMPERATURE IN F:       :PCPN:    SNOW:  WIND      :SUNSHINE: SKY     :PK WND
================================================================================
1   2   3   4   5  6A  6B    7    8   9   10  11  12  13   14  15   16   17  18
                                     12Z  AVG MX 2MIN
DY MAX MIN AVG DEP HDD CDD  WTR  SNW DPTH SPD SPD DIR MIN PSBL S-S WX    SPD DR
================================================================================

 1  71  51  61 -12   4   0 0.05  0.0    0 18.6 35 300   M    M   5 1      41 310
 2  73  47  60 -13   5   0 0.00  0.0    0  6.0 14 320   M    M   0        18 330
 3  80  50  65  -8   0   0 0.00  0.0    0 10.3 20 100   M    M   1        25 120
 4  84  64  74   0   0   9    T  0.0    0 11.9 22 160   M    M   0        27 170
 5  94  65  80   6   0  15 0.00  0.0    0  5.3 14 190   M    M   0        16 140
 6  85  63  74   0   0   9 0.00  0.0    0  9.5 21 330   M    M   0        25 310
 7  81  58  70  -4   0   5 0.00  0.0    0 12.6 29 330   M    M   1        36 350
 8  79  57  68  -7   0   3 0.00  0.0    0 11.8 24 310   M    M   1        31 300
 9  83  53  68  -7   0   3 0.00  0.0    0  5.4 14 130   M    M   1 8      17 130
10  86  55  71  -4   0   6    T  0.0    0  8.8 21 150   M    M   1 3      26 140
11  94  64  79   4   0  14 0.01  0.0    0  5.4 26  60   M    M   1 13     35  70
12  80  62  71  -4   0   6 0.25  0.0    0  8.7 26  20   M    M   3 13     33  30
13  81  58  70  -5   0   5 0.00  0.0    0  9.4 21 330   M    M   0 1      27 310
14  71  50  61 -15   4   0 0.00  0.0    0 13.4 25 360   M    M   2        30 360
15  75  46  61 -15   4   0 0.00  0.0    0  5.1 12  70   M    M   1        15  20
16  79  47  63 -13   2   0 0.00  0.0    0  5.3 13 130   M    M   3        17 110
17  85  57  71  -5   0   6 0.00  0.0    0  7.6 15 170   M    M   2        21 180
18  90  61  76   0   0  11 0.00  0.0    0 13.1 26 160   M    M   0        34 150
19  91  61  76   0   0  11    T  0.0    0  9.6 16 120   M    M   0        20 110
20 101  66  84   8   0  19 0.00  0.0    0  6.7 16 160   M    M   0 1      21 160
21 104  70  87  11   0  22 0.00  0.0    0 11.5 23 280   M    M   1 1      28 270
22  89  64  77   1   0  12 0.01  0.0    0 10.4 26 290   M    M   3 13     32 310
23  88  64  76   0   0  11 0.00  0.0    0 15.3 25 130   M    M   0        32 130
24  98  68  83   7   0  18 0.00  0.0    0 20.2 31 120   M    M   1        39 120
25  88  68  78   2   0  13 0.07  0.0    0 12.5 24 320   M    M   1 13     29 310
26  88  62  75  -1   0  10 0.45  0.0    0 12.5 25 330   M    M   3 13     30 320
27  79  54  67  -9   0   2 0.00  0.0    0 13.2 23 330   M    M   1        28 320
28  80  51  66 -10   0   1 0.00  0.0    0  5.2 12  40   M    M   0        16  10
================================================================================
SM 2377 1636        19 211  0.84     0.0 285.3          M       32
================================================================================
AV 84.9 58.4                              10.2 FASTST   M    M   1    MAX(MPH)
                                 MISC ---->  # 35 300               # 41  310
================================================================================
NOTES:
# LAST OF SEVERAL OCCURRENCES

COLUMN 17 PEAK WIND IN M.P.H.

PRELIMINARY LOCAL CLIMATOLOGICAL DATA (WS FORM: F-6) , PAGE 2

                                          STATION:  PIERRE SD
                                          MONTH:    JULY
                                          YEAR:     2014
                                          LATITUDE:   44 22 N
                                          LONGITUDE: 100 17 W

[TEMPERATURE DATA]      [PRECIPITATION DATA]       SYMBOLS USED IN COLUMN 16

AVERAGE MONTHLY: 71.7   TOTAL FOR MONTH:   0.84    1 = FOG OR MIST
DPTR FM NORMAL:  -3.5   DPTR FM NORMAL:   -1.52    2 = FOG REDUCING VISIBILITY
HIGHEST:   104 ON 21    GRTST 24HR  0.52 ON 25-26      TO 1/4 MILE OR LESS
LOWEST:     46 ON 15                               3 = THUNDER
                        SNOW, ICE PELLETS, HAIL    4 = ICE PELLETS
                        TOTAL MONTH:   0.0 INCH    5 = HAIL
                        GRTST 24HR     0.0         6 = FREEZING RAIN OR DRIZZLE
                        GRTST DEPTH:   0           7 = DUSTSTORM OR SANDSTORM:
                                                       VSBY 1/2 MILE OR LESS
                                                   8 = SMOKE OR HAZE
[NO. OF DAYS WITH]      [WEATHER - DAYS WITH]      9 = BLOWING SNOW
                                                   X = TORNADO
MAX 32 OR BELOW:   0    0.01 INCH OR MORE:   6
MAX 90 OR ABOVE:   7    0.10 INCH OR MORE:   2
MIN 32 OR BELOW:   0    0.50 INCH OR MORE:   0
MIN  0 OR BELOW:   0    1.00 INCH OR MORE:   0

[HDD (BASE 65) ]
TOTAL THIS MO.    19    CLEAR  (SCALE 0-3)  26
DPTR FM NORMAL    19    PTCLDY (SCALE 4-7)   2
TOTAL FM JUL 1    19    CLOUDY (SCALE 8-10)  0
DPTR FM NORMAL    19

[CDD (BASE 65) ]
TOTAL THIS MO.   211
DPTR FM NORMAL   -78    [PRESSURE DATA]
TOTAL FM JAN 1   318    HIGHEST SLP M ON M
DPTR FM NORMAL  -137    LOWEST  SLP 29.48 ON 25

[REMARKS]




U.S. Dept. of Commerce
NOAA National Weather Service
1325 East West Highway
Silver Spring, MD 20910
E-mail: w-nws.webmaster@noaa.gov
Page last modified: May 16, 2007
NATIONAL WEATHER SERVICE: for Safety, for Work, for Fun - FOR LIFE