703
CXUS55 KABR 201400
CF6PIR
PRELIMINARY LOCAL CLIMATOLOGICAL DATA (WS FORM: F-6)

                                          STATION:   PIERRE SD
                                          MONTH:     SEPTEMBER
                                          YEAR:      2014
                                          LATITUDE:   44 22 N
                                          LONGITUDE: 100 17 W

  TEMPERATURE IN F:       :PCPN:    SNOW:  WIND      :SUNSHINE: SKY     :PK WND
================================================================================
1   2   3   4   5  6A  6B    7    8   9   10  11  12  13   14  15   16   17  18
                                     12Z  AVG MX 2MIN
DY MAX MIN AVG DEP HDD CDD  WTR  SNW DPTH SPD SPD DIR MIN PSBL S-S WX    SPD DR
================================================================================

 1  80  52  66  -3   0   1    T  0.0    0  8.4 31 300   M    M   3 3      39 290
 2  84  53  69   0   0   4 0.00  0.0    0 10.5 20 200   M    M   0        24 200
 3  92  61  77   8   0  12 0.00  0.0    0  7.9 15 140   M    M   0        18 120
 4  79  56  68   0   0   3 0.00  0.0    0 20.8 38 320   M    M   1        46 320
 5  71  50  61  -7   4   0 0.00  0.0    0  7.8 17 330   M    M   0        22 330
 6  79  48  64  -3   1   0 0.00  0.0    0  6.1 15 230   M    M   0        20 250
 7  87  53  70   3   0   5 0.12  0.0    0 13.0 30 110   M    M   2 3      38 110
 8  90  58  74   8   0   9 0.00  0.0    0  7.4 18 140   M    M   0        23 140
 9  71  48  60  -6   5   0 0.22  0.0    0 13.2 25  60   M    M   7 1      28  60
10  53  42  48 -18  17   0 0.16  0.0    0 13.7 23 360   M    M  10 1      26 350
11  50  40  45 -20  20   0 0.02  0.0    0 10.5 18  20   M    M   9        21  30
12  56  39  48 -17  17   0    T  0.0    0  7.7 14 160   M    M   6        18 180
13  68  39  54 -10  11   0 0.00  0.0    0 12.3 24 170   M    M   0        31 180
14  56  38  47 -17  18   0 0.00  0.0    0  5.3 13 320   M    M   6        14 330
15  66  36  51 -12  14   0 0.00  0.0    0  5.0 13 140   M    M   2        16 140
16  78  46  62  -1   3   0 0.00  0.0    0  5.4 16 130   M    M   0 8      20 140
17  81  46  64   2   1   0    T    M    0  7.1 18  80   M    M   1        22  80
18  85  50  68   6   0   3 0.03  0.0    0 13.9 28 170   M    M   1 3      32 170
19  87  59  73  12   0   8 0.00  0.0    0 10.5 22 300   M    M   0 13     26 300
================================================================================
SM 1413  914       111  45  0.55     0.0 186.5          M       48
================================================================================
AV 74.4 48.1                               9.8 FASTST   M    M   3    MAX(MPH)
                                 MISC ---->  # 38 320               # 46  320
================================================================================
NOTES:
# LAST OF SEVERAL OCCURRENCES

COLUMN 17 PEAK WIND IN M.P.H.

PRELIMINARY LOCAL CLIMATOLOGICAL DATA (WS FORM: F-6) , PAGE 2

                                          STATION:  PIERRE SD
                                          MONTH:    SEPTEMBER
                                          YEAR:     2014
                                          LATITUDE:   44 22 N
                                          LONGITUDE: 100 17 W

[TEMPERATURE DATA]      [PRECIPITATION DATA]       SYMBOLS USED IN COLUMN 16

AVERAGE MONTHLY: 61.2   TOTAL FOR MONTH:   0.55    1 = FOG OR MIST
DPTR FM NORMAL:  -4.2   DPTR FM NORMAL:   -0.60    2 = FOG REDUCING VISIBILITY
HIGHEST:    92 ON  3    GRTST 24HR  0.27 ON  9-10      TO 1/4 MILE OR LESS
LOWEST:     36 ON 15                               3 = THUNDER
                        SNOW, ICE PELLETS, HAIL    4 = ICE PELLETS
                        TOTAL MONTH:   0.0 INCH    5 = HAIL
                        GRTST 24HR     0.0         6 = FREEZING RAIN OR DRIZZLE
                        GRTST DEPTH:   0           7 = DUSTSTORM OR SANDSTORM:
                                                       VSBY 1/2 MILE OR LESS
                                                   8 = SMOKE OR HAZE
[NO. OF DAYS WITH]      [WEATHER - DAYS WITH]      9 = BLOWING SNOW
                                                   X = TORNADO
MAX 32 OR BELOW:   0    0.01 INCH OR MORE:   5
MAX 90 OR ABOVE:   2    0.10 INCH OR MORE:   3
MIN 32 OR BELOW:   0    0.50 INCH OR MORE:   0
MIN  0 OR BELOW:   0    1.00 INCH OR MORE:   0

[HDD (BASE 65) ]
TOTAL THIS MO.   111    CLEAR  (SCALE 0-3)  13
DPTR FM NORMAL    46    PTCLDY (SCALE 4-7)   4
TOTAL FM JUL 1   139    CLOUDY (SCALE 8-10)  2
DPTR FM NORMAL    54

[CDD (BASE 65) ]
TOTAL THIS MO.    45
DPTR FM NORMAL   -30    [PRESSURE DATA]
TOTAL FM JAN 1   581    HIGHEST SLP M ON M
DPTR FM NORMAL  -271    LOWEST  SLP 29.46 ON  4

[REMARKS]




U.S. Dept. of Commerce
NOAA National Weather Service
1325 East West Highway
Silver Spring, MD 20910
E-mail: w-nws.webmaster@noaa.gov
Page last modified: May 16, 2007
NATIONAL WEATHER SERVICE: for Safety, for Work, for Fun - FOR LIFE