213
CXUS55 KABR 201400
CF6PIR
PRELIMINARY LOCAL CLIMATOLOGICAL DATA (WS FORM: F-6)

                                          STATION:   PIERRE SD
                                          MONTH:     AUGUST
                                          YEAR:      2014
                                          LATITUDE:   44 22 N
                                          LONGITUDE: 100 17 W

  TEMPERATURE IN F:       :PCPN:    SNOW:  WIND      :SUNSHINE: SKY     :PK WND
================================================================================
1   2   3   4   5  6A  6B    7    8   9   10  11  12  13   14  15   16   17  18
                                     12Z  AVG MX 2MIN
DY MAX MIN AVG DEP HDD CDD  WTR  SNW DPTH SPD SPD DIR MIN PSBL S-S WX    SPD DR
================================================================================

 1  93  59  76   0   0  11 0.02  0.0    0 11.9 35 130   M    M   1 3      46 130
 2  89  63  76   0   0  11 0.00  0.0    0  9.4 18  50   M    M   0        23  40
 3  89  59  74  -2   0   9 0.00  0.0    0  6.9 20  70   M    M   0        24  70
 4  86  62  74  -2   0   9 0.04  0.0    0 12.1 24  80   M    M   3 1      29  80
 5  74  64  69  -7   0   4 0.05  0.0    0 10.8 22 130   M    M   9 1      25 120
 6  72  63  68  -8   0   3 0.97  0.0    0  9.7 16 120   M    M   9 1      22 110
 7  80  64  72  -4   0   7 0.00  0.0    0  7.5 13 130   M    M   7 12     17 130
 8  78  63  71  -5   0   6    T  0.0    0  8.1 16 130   M    M   5 1      20 120
 9  83  62  73  -2   0   8 0.00  0.0    0  6.1 14 140   M    M   2 12     18 140
10  82  58  70  -5   0   5 0.00  0.0    0 11.5 22 340   M    M   2 1      27  10
11  80  52  66  -9   0   1 0.00  0.0    0  7.3 16  20   M    M   0        22  30
12  86  51  69  -6   0   4 0.00  0.0    0  5.9 13 140   M    M   0        15 140
13  91  60  76   1   0  11 0.00  0.0    0 14.5 28 120   M    M   1        33 120
14  88  69  79   5   0  14 0.02  0.0    0 17.7 30 150   M    M   2 3      36 150
15  85  65  75   1   0  10    T  0.0    0  5.7 14 330   M    M   3        17 320
16  86  63  75   1   0  10    T  0.0    0  9.7 22 340   M    M   3 1      28 330
17  83  60  72  -2   0   7 0.10  0.0    0  8.2 28 340   M    M   3 1238   33 340
18  84  58  71  -3   0   6 0.00  0.0    0 11.5 28 310   M    M   0        34 310
19  91  56  74   1   0   9 0.08  0.0    0  7.4 16 160   M    M   0 13     30 110
================================================================================
SM 1600 1151         0 145  1.28     0.0 181.9          M       50
================================================================================
AV 84.2 60.6                               9.6 FASTST   M    M   3    MAX(MPH)
                                 MISC ---->  # 35 130               # 46  130
================================================================================
NOTES:
# LAST OF SEVERAL OCCURRENCES

COLUMN 17 PEAK WIND IN M.P.H.

PRELIMINARY LOCAL CLIMATOLOGICAL DATA (WS FORM: F-6) , PAGE 2

                                          STATION:  PIERRE SD
                                          MONTH:    AUGUST
                                          YEAR:     2014
                                          LATITUDE:   44 22 N
                                          LONGITUDE: 100 17 W

[TEMPERATURE DATA]      [PRECIPITATION DATA]       SYMBOLS USED IN COLUMN 16

AVERAGE MONTHLY: 72.4   TOTAL FOR MONTH:   1.28    1 = FOG OR MIST
DPTR FM NORMAL:  -2.7   DPTR FM NORMAL:    0.07    2 = FOG REDUCING VISIBILITY
HIGHEST:    93 ON  1    GRTST 24HR  0.99 ON  5- 6      TO 1/4 MILE OR LESS
LOWEST:     51 ON 12                               3 = THUNDER
                        SNOW, ICE PELLETS, HAIL    4 = ICE PELLETS
                        TOTAL MONTH:   0.0 INCH    5 = HAIL
                        GRTST 24HR     0.0         6 = FREEZING RAIN OR DRIZZLE
                        GRTST DEPTH:   0           7 = DUSTSTORM OR SANDSTORM:
                                                       VSBY 1/2 MILE OR LESS
                                                   8 = SMOKE OR HAZE
[NO. OF DAYS WITH]      [WEATHER - DAYS WITH]      9 = BLOWING SNOW
                                                   X = TORNADO
MAX 32 OR BELOW:   0    0.01 INCH OR MORE:   7
MAX 90 OR ABOVE:   3    0.10 INCH OR MORE:   2
MIN 32 OR BELOW:   0    0.50 INCH OR MORE:   1
MIN  0 OR BELOW:   0    1.00 INCH OR MORE:   0

[HDD (BASE 65) ]
TOTAL THIS MO.     0    CLEAR  (SCALE 0-3)  14
DPTR FM NORMAL     0    PTCLDY (SCALE 4-7)   3
TOTAL FM JUL 1    19    CLOUDY (SCALE 8-10)  2
DPTR FM NORMAL    13

[CDD (BASE 65) ]
TOTAL THIS MO.   145
DPTR FM NORMAL   -49    [PRESSURE DATA]
TOTAL FM JAN 1   482    HIGHEST SLP M ON M
DPTR FM NORMAL  -205    LOWEST  SLP 29.71 ON 18

[REMARKS]




U.S. Dept. of Commerce
NOAA National Weather Service
1325 East West Highway
Silver Spring, MD 20910
E-mail: w-nws.webmaster@noaa.gov
Page last modified: May 16, 2007
NATIONAL WEATHER SERVICE: for Safety, for Work, for Fun - FOR LIFE