664
CXUS54 KBRO 280900
CF6PIL
PRELIMINARY LOCAL CLIMATOLOGICAL DATA (WS FORM: F-6)

                                          STATION:   BAYVIEW
                                          MONTH:     AUGUST
                                          YEAR:      2014
                                          LATITUDE:   26 10 N
                                          LONGITUDE:  97 20 W

  TEMPERATURE IN F:       :PCPN:    SNOW:  WIND      :SUNSHINE: SKY     :PK WND
================================================================================
1   2   3   4   5  6A  6B    7    8   9   10  11  12  13   14  15   16   17  18
                                     12Z  AVG MX 2MIN
DY MAX MIN AVG DEP HDD CDD  WTR  SNW DPTH SPD SPD DIR MIN PSBL S-S WX    SPD DR
================================================================================

 1  96  79  88   3   0  23 0.00  0.0    0 11.7 25 110   M    M   2 18     30 130
 2  93  79  86   1   0  21 0.00  0.0    0  7.2 15  90   M    M   3 8       M  M
 3  90  77  84  -1   0  19 0.49  0.0    0  7.4 17  70   M    M   4 18     23  40
 4  94  74  84  -1   0  19 0.00  0.0    0  7.4 21  90   M    M   1 18     25 100
 5  92  75  84  -1   0  19 0.00  0.0    0  8.9 20 110   M    M   1 18     24 120
 6  99  80  90   5   0  25 0.00  0.0    0 12.6 24 150   M    M   1 18     31 140
 7  98  81  90   5   0  25 0.00  0.0    0 14.7 25 150   M    M   0 8      32 130
 8  93  81  87   2   0  22    T  0.0    0 12.3 25 110   M    M   1 18     31 150
 9  93  82  88   3   0  23    T  0.0    0 10.4 17 110   M    M   0 138    23 100
10  95  80  88   3   0  23 0.00  0.0    0 11.5 22 100   M    M   1 18     26 100
11  93  80  87   2   0  22 0.00  0.0    0  7.5 16 100   M    M   1 138    21 120
12  95  77  86   1   0  21 0.00  0.0    0  7.4 21  80   M    M   0 18     25 100
13  93  77  85   0   0  20 0.00  0.0    0  7.1 18  80   M    M   0 18     22  90
14  95  78  87   2   0  22 0.00  0.0    0  7.5 21 110   M    M   1 18     26 110
15  99  81  90   5   0  25 0.00  0.0    0 12.8 24 150   M    M   1 8      30 150
16  98  82  90   5   0  25 0.00  0.0    0 16.6 28 150   M    M   2 8      36 150
17  98  82  90   5   0  25 0.00  0.0    0 16.7 29 150   M    M   4 8      38 150
18  98  80  89   4   0  24    T  0.0    0 14.7 33 190   M    M   2 38     48 200
19  97  80  89   4   0  24 0.00  0.0    0 14.8 28 140   M    M   0 8      36 130
20  97  81  89   4   0  24 0.00  0.0    0 15.7 28 160   M    M   2 8      35 140
21  97  81  89   4   0  24 0.00  0.0    0 14.9 25 140   M    M   2 8      31 150
22  96  79  88   3   0  23 0.00  0.0    0 12.1 23 100   M    M   1 18     29 110
23  93  80  87   2   0  22 0.00  0.0    0 11.0 21 110   M    M   0 18     28 180
24  93  80  87   2   0  22 0.00  0.0    0 10.3 21 100   M    M   1        25 100
25  93  79  86   1   0  21 0.00  0.0    0  8.8 18  90   M    M   0        24 100
26  95  76  86   1   0  21 0.00  0.0    0  7.3 21  70   M    M   0 1      24  60
27  94  79  87   2   0  22 0.00  0.0    0 10.6 21  20   M    M   2        28  30
================================================================================
SM 2567 2140         0 606  0.49     0.0 299.9          M       33
================================================================================
AV 95.1 79.3                              11.1 FASTST   M    M   1    MAX(MPH)
                                 MISC ---->  # 33 190               # 48  200
================================================================================
NOTES:
# LAST OF SEVERAL OCCURRENCES

COLUMN 17 PEAK WIND IN M.P.H.

PRELIMINARY LOCAL CLIMATOLOGICAL DATA (WS FORM: F-6) , PAGE 2

                                          STATION:  BAYVIEW
                                          MONTH:    AUGUST
                                          YEAR:     2014
                                          LATITUDE:   26 10 N
                                          LONGITUDE:  97 20 W

[TEMPERATURE DATA]      [PRECIPITATION DATA]       SYMBOLS USED IN COLUMN 16

AVERAGE MONTHLY: 87.2   TOTAL FOR MONTH:   0.49    1 = FOG OR MIST
DPTR FM NORMAL:   2.2   DPTR FM NORMAL:   -1.00    2 = FOG REDUCING VISIBILITY
HIGHEST:    99 ON 15, 6 GRTST 24HR  0.49 ON  3- 3      TO 1/4 MILE OR LESS
LOWEST:     74 ON  4                               3 = THUNDER
                        SNOW, ICE PELLETS, HAIL    4 = ICE PELLETS
                        TOTAL MONTH:   0.0 INCH    5 = HAIL
                        GRTST 24HR     0.0         6 = FREEZING RAIN OR DRIZZLE
                        GRTST DEPTH:   0           7 = DUSTSTORM OR SANDSTORM:
                                                       VSBY 1/2 MILE OR LESS
                                                   8 = SMOKE OR HAZE
[NO. OF DAYS WITH]      [WEATHER - DAYS WITH]      9 = BLOWING SNOW
                                                   X = TORNADO
MAX 32 OR BELOW:   0    0.01 INCH OR MORE:   1
MAX 90 OR ABOVE:  27    0.10 INCH OR MORE:   1
MIN 32 OR BELOW:   0    0.50 INCH OR MORE:   0
MIN  0 OR BELOW:   0    1.00 INCH OR MORE:   0

[HDD (BASE 65) ]
TOTAL THIS MO.     0    CLEAR  (SCALE 0-3)  25
DPTR FM NORMAL     0    PTCLDY (SCALE 4-7)   2
TOTAL FM JUL 1     0    CLOUDY (SCALE 8-10)  0
DPTR FM NORMAL     0

[CDD (BASE 65) ]
TOTAL THIS MO.   606
DPTR FM NORMAL    66    [PRESSURE DATA]
TOTAL FM JAN 1  2862    HIGHEST SLP M ON M
DPTR FM NORMAL    61    LOWEST  SLP 29.81 ON 19

[REMARKS]




U.S. Dept. of Commerce
NOAA National Weather Service
1325 East West Highway
Silver Spring, MD 20910
E-mail: w-nws.webmaster@noaa.gov
Page last modified: May 16, 2007
NATIONAL WEATHER SERVICE: for Safety, for Work, for Fun - FOR LIFE