962
CXUS54 KBRO 280900
CF6PIL
PRELIMINARY LOCAL CLIMATOLOGICAL DATA (WS FORM: F-6)

                                          STATION:   BAYVIEW
                                          MONTH:     NOVEMBER
                                          YEAR:      2014
                                          LATITUDE:   26 10 N
                                          LONGITUDE:  97 20 W

  TEMPERATURE IN F:       :PCPN:    SNOW:  WIND      :SUNSHINE: SKY     :PK WND
================================================================================
1   2   3   4   5  6A  6B    7    8   9   10  11  12  13   14  15   16   17  18
                                     12Z  AVG MX 2MIN
DY MAX MIN AVG DEP HDD CDD  WTR  SNW DPTH SPD SPD DIR MIN PSBL S-S WX    SPD DR
================================================================================

 1  79  59  69  -5   0   4 0.00  0.0    0  7.3 14  70   M    M   1        18  40
 2  78  66  72  -1   0   7 0.00  0.0    0 12.7 21 120   M    M   5        25 110
 3  82  70  76   3   0  11    T  0.0    0 16.1 26 150   M    M   7        32 140
 4  85  72  79   6   0  14 0.07  0.0    0 14.0 25 150   M    M   2 1      35 150
 5  84  70  77   4   0  12 0.11  0.0    0  7.9 23 160   M    M   6 18     29 140
 6  71  64  68  -4   0   3 0.99  0.0    0 11.8 23 330   M    M  10 1      27 320
 7  69  56  63  -9   2   0 1.23  0.0    0 14.0 24  40   M    M  10 1      34  30
 8  75  57  66  -6   0   1 0.04  0.0    0  9.1 15  20   M    M   5        20  10
 9  75  56  66  -6   0   1 0.00  0.0    0  7.8 14  10   M    M   1        18  10
10  81  55  68  -4   0   3 0.00  0.0    0 10.9 24 160   M    M   2        30 150
11  82  58  70  -1   0   5    T  0.0    0 11.1 26  10   M    M   5 18     32  10
12  58  45  52 -19  13   0 0.36    M    0 21.6 29 330   M    M  10 1      35 330
13  48  39  44 -27  21   0 0.02    M    0 20.5 31 330   M    M  10 18     39 330
14  50  43  47 -23  18   0    T    M    0 14.9 21 340   M    M  10 1      25 350
15  64  45  55 -15  10   0 0.01    M    0  8.3 16 320   M    M  10 18     20 320
16  78  54  66  -4   0   1 0.02  0.0    0  8.4 31 350   M    M  10 128    41 350
17  54  43  49 -21  16   0 0.00  0.0    0 18.2 31 350   M    M   6 18     42 350
18  63  45  54 -15  11   0 0.00  0.0    0 10.3 18 330   M    M  10        25 330
19  68  50  59 -10   6   0    T  0.0    0  5.2 10 340   M    M  10        12 310
20  76  63  70   1   0   5 0.01  0.0    0  9.0 22 160   M    M  10 18     28 170
21  79  67  73   5   0   8    T  0.0    0 13.0 26 150   M    M   7 18     33 150
22  80  63  72   4   0   7 0.38  0.0    0 15.0 30 310   M    M   7 138    37 290
23  84  55  70   2   0   5 0.25  0.0    0  5.9 21 310   M    M   3 123    26 310
24  69  58  64  -4   1   0 0.00  0.0    0 12.5 29 360   M    M   4 128    35 360
25  70  45  58  -9   7   0 0.00  0.0    0  9.1 22  10   M    M   5        27  10
26  73  43  58  -9   7   0 0.00  0.0    0  8.0 16 180   M    M   0 8      22 200
27  74  46  60  -6   5   0 0.00  0.0    0  4.1 13  40   M    M   0 12     15  30
================================================================================
SM 1949 1487       117  87  3.49     0.0 306.7          M      166
================================================================================
AV 72.2 55.1                              11.4 FASTST   M    M   6    MAX(MPH)
                                 MISC ---->  # 31 330               # 42  350
================================================================================
NOTES:
# LAST OF SEVERAL OCCURRENCES

COLUMN 17 PEAK WIND IN M.P.H.

PRELIMINARY LOCAL CLIMATOLOGICAL DATA (WS FORM: F-6) , PAGE 2

                                          STATION:  BAYVIEW
                                          MONTH:    NOVEMBER
                                          YEAR:     2014
                                          LATITUDE:   26 10 N
                                          LONGITUDE:  97 20 W

[TEMPERATURE DATA]      [PRECIPITATION DATA]       SYMBOLS USED IN COLUMN 16

AVERAGE MONTHLY: 63.6   TOTAL FOR MONTH:   3.49    1 = FOG OR MIST
DPTR FM NORMAL:  -6.7   DPTR FM NORMAL:    1.51    2 = FOG REDUCING VISIBILITY
HIGHEST:    85 ON  4    GRTST 24HR  1.55 ON  6- 7      TO 1/4 MILE OR LESS
LOWEST:     39 ON 13                               3 = THUNDER
                        SNOW, ICE PELLETS, HAIL    4 = ICE PELLETS
                        TOTAL MONTH:   0.0 INCH    5 = HAIL
                        GRTST 24HR     0.0         6 = FREEZING RAIN OR DRIZZLE
                        GRTST DEPTH:   0           7 = DUSTSTORM OR SANDSTORM:
                                                       VSBY 1/2 MILE OR LESS
                                                   8 = SMOKE OR HAZE
[NO. OF DAYS WITH]      [WEATHER - DAYS WITH]      9 = BLOWING SNOW
                                                   X = TORNADO
MAX 32 OR BELOW:   0    0.01 INCH OR MORE:  12
MAX 90 OR ABOVE:   0    0.10 INCH OR MORE:   6
MIN 32 OR BELOW:   0    0.50 INCH OR MORE:   2
MIN  0 OR BELOW:   0    1.00 INCH OR MORE:   1

[HDD (BASE 65) ]
TOTAL THIS MO.   117    CLEAR  (SCALE 0-3)   7
DPTR FM NORMAL    90    PTCLDY (SCALE 4-7)  10
TOTAL FM JUL 1   117    CLOUDY (SCALE 8-10) 10
DPTR FM NORMAL    87

[CDD (BASE 65) ]
TOTAL THIS MO.    87
DPTR FM NORMAL   -85    [PRESSURE DATA]
TOTAL FM JAN 1  3988    HIGHEST SLP M ON M
DPTR FM NORMAL    50    LOWEST  SLP 29.63 ON 23

[REMARKS]




U.S. Dept. of Commerce
NOAA National Weather Service
1325 East West Highway
Silver Spring, MD 20910
E-mail: w-nws.webmaster@noaa.gov
Page last modified: May 16, 2007
NATIONAL WEATHER SERVICE: for Safety, for Work, for Fun - FOR LIFE