180
CXUS55 KPIH 011649
CF6PIH

PRELIMINARY LOCAL CLIMATOLOGICAL DATA (WS FORM: F-6)

                                          STATION:   POCATELLO ID
                                          MONTH:     NOVEMBER
                                          YEAR:      2014
                                          LATITUDE:   42 55 N
                                          LONGITUDE: 112 36 W

  TEMPERATURE IN F:       :PCPN:    SNOW:  WIND      :SUNSHINE: SKY     :PK WND
================================================================================
1   2   3   4   5  6A  6B    7    8   9   10  11  12  13   14  15   16   17  18
                                     12Z  AVG MX 2MIN
DY MAX MIN AVG DEP HDD CDD  WTR  SNW DPTH SPD SPD DIR MIN PSBL S-S WX    SPD DR
================================================================================

 1  70  43  57  16   8   0 0.05  0.0    0 14.1 46 250   0    M   5 78     58 200
 2  41  34  38  -2  27   0 0.27    T    0 16.0 22 230   0    M  10 1      27 220
 3  45  30  38  -2  27   0 0.00  0.0    0  9.5 18 240 284    M   5        27 250
 4  54  35  45   5  20   0 0.00  0.0    0  9.9 21 160 129    M   8        26 160
 5  57  32  45   6  20   0 0.00  0.0    0  6.6 16 230  89    M   5        20 220
 6  62  26  44   5  21   0 0.00  0.0    0  6.2 22 190  35    M   0        26 190
 7  59  33  46   8  19   0 0.00  0.0    0 13.9 28 240 342    M   1        34 230
 8  57  23  40   2  25   0 0.00  0.0    0  4.2 10 230 358    M   0 8      13 210
 9  65  27  46   9  19   0 0.01  0.0    0 11.8 41 260 177    M   2 1      53 260
10  45  31  38   1  27   0 0.01    T    0 12.7 33 240  46    M   6 1      54 240
11  31   7  19 -17  46   0 0.01    T    0 16.7 30  30  28    M   7 1      38  30
12  28   1  15 -21  50   0 0.00  0.0    0  9.9 17  20 482    M   0        23  40
13  21   1  11 -25  54   0 0.11  2.0    0  5.2 13  20   0    M   7 18     14  20
14  38  21  30  -5  35   0 0.56  2.1    3 14.1 33 250   0    M  10 1      39 250
15  28   2  15 -19  50   0 0.02  0.1    1  8.3 26 280 143    M   5 1      30 280
16  21   4  13 -21  52   0    T  0.4    1  5.9 17 240  42    M   6 1      19 240
17  22  -1  11 -23  54   0 0.00  0.0    1  2.2  8  60 384    M   2 1      12  30
18  31  -1  15 -18  50   0 0.00  0.0    1  3.9 10  30  79    M   1 1      12  30
19  38  14  26  -7  39   0 0.00  0.0    1  2.6  7  70 204    M   0         9  40
20  38  19  29  -3  36   0    T  0.0    1  1.6  8 320   0    M   5 12      9  90
21  44  16  30  -2  35   0 0.00  0.0    1  3.6 21 180 276    M   3 18     28 180
22  43  34  39   8  26   0 0.32  0.0    T 21.0 36 240  30    M   8 1      44 230
23  38  29  34   3  31   0    T    T    0 21.0 31 250 403    M   6 1      37 250
24  40  27  34   4  31   0 0.00  0.0    0 15.2 26 230 434    M   3        32 230
25  48  36  42  12  23   0 0.00  0.0    0 26.6 37 240   2    M   9        49 220
26  55  43  49  20  16   0 0.00  0.0    0 18.5 36 240 324    M   2        45 240
27  62  43  53  24  12   0 0.00  0.0    0 12.3 20 210 220    M   1        26 200
28  60  38  49  20  16   0 0.00  0.0    0 11.7 24 180   0    M   1        31 190
29  53  36  45  17  20   0 0.22  0.0    0 17.8 38 260  24    M   9 18     47 260
30  36  22  29   1  36   0 0.00  0.0    0  8.7 30 240 198    M   2        38 250
================================================================================
SM 1330  705       925   0  1.58     4.6 331.7         4733    129
================================================================================
AV 44.3 23.5                              11.1 FASTST  158   M   4    MAX(MPH)
                                 MISC ---->  # 46 250               # 58  200
================================================================================
NOTES:
# LAST OF SEVERAL OCCURRENCES

COLUMN 17 PEAK WIND IN M.P.H.

PRELIMINARY LOCAL CLIMATOLOGICAL DATA (WS FORM: F-6) , PAGE 2

                                          STATION:  POCATELLO ID
                                          MONTH:    NOVEMBER
                                          YEAR:     2014
                                          LATITUDE:   42 55 N
                                          LONGITUDE: 112 36 W

[TEMPERATURE DATA]      [PRECIPITATION DATA]       SYMBOLS USED IN COLUMN 16

AVERAGE MONTHLY: 33.9   TOTAL FOR MONTH:   1.58    1 = FOG OR MIST
DPTR FM NORMAL:  -0.4   DPTR FM NORMAL:    0.47    2 = FOG REDUCING VISIBILITY
HIGHEST:    70 ON  1    GRTST 24HR  0.63 ON 13-14      TO 1/4 MILE OR LESS
LOWEST:     -1 ON 18,17                            3 = THUNDER
                        SNOW, ICE PELLETS, HAIL    4 = ICE PELLETS
                        TOTAL MONTH:   4.6 INCHES  5 = HAIL
                        GRTST 24HR   2.1 ON   M    6 = FREEZING RAIN OR DRIZZLE
                        GRTST DEPTH:   3 ON 14     7 = DUSTSTORM OR SANDSTORM:
                                                       VSBY 1/2 MILE OR LESS
                                                   8 = SMOKE OR HAZE
[NO. OF DAYS WITH]      [WEATHER - DAYS WITH]      9 = BLOWING SNOW
                                                   X = TORNADO
MAX 32 OR BELOW:   7    0.01 INCH OR MORE:  10
MAX 90 OR ABOVE:   0    0.10 INCH OR MORE:   5
MIN 32 OR BELOW:  20    0.50 INCH OR MORE:   1
MIN  0 OR BELOW:   2    1.00 INCH OR MORE:   0

[HDD (BASE 65) ]
TOTAL THIS MO.   925    CLEAR  (SCALE 0-3)  14
DPTR FM NORMAL     4    PTCLDY (SCALE 4-7)  11
TOTAL FM JUL 1  1527    CLOUDY (SCALE 8-10)  5
DPTR FM NORMAL  -201

[CDD (BASE 65) ]
TOTAL THIS MO.     0
DPTR FM NORMAL     0    [PRESSURE DATA]
TOTAL FM JAN 1   421    HIGHEST SLP 30.76 ON 16
DPTR FM NORMAL    29    LOWEST  SLP 29.42 ON  1

[REMARKS]

SNOWFALL/DEPTH ALWAYS AUGMENTED BY WFO POCATELLO

12TH: LOW TEMP OF 1 BREAKS RECORD OF 12 SET IN 1955. 13TH:
LOW TEMP OF 1 BREAKS RECORD OF 6 SET IN 1978. 17TH: LOW TEMP OF -1
BREAKS RECORD OF 0 SET IN 1955. 18TH: LOW TEMP OF -1 BREAKS THE OLD
RECORD OF 5 SET IN 1951. 27TH: HIGH TEMP OF 62 TIES OLD RECORD SET
IN 1949.
28TH: HIGH TEMP OF 60 REAKS OLD RECORD 57 SET IN 1986

#FINAL-11-14#







U.S. Dept. of Commerce
NOAA National Weather Service
1325 East West Highway
Silver Spring, MD 20910
E-mail: w-nws.webmaster@noaa.gov
Page last modified: May 16, 2007
NATIONAL WEATHER SERVICE: for Safety, for Work, for Fun - FOR LIFE