972
CXUS55 KPIH 271200
CF6PIH

PRELIMINARY LOCAL CLIMATOLOGICAL DATA (WS FORM: F-6)

                                          STATION:   POCATELLO ID
                                          MONTH:     JULY
                                          YEAR:      2014
                                          LATITUDE:   42 55 N
                                          LONGITUDE: 112 36 W

  TEMPERATURE IN F:       :PCPN:    SNOW:  WIND      :SUNSHINE: SKY     :PK WND
================================================================================
1   2   3   4   5  6A  6B    7    8   9   10  11  12  13   14  15   16   17  18
                                     12Z  AVG MX 2MIN
DY MAX MIN AVG DEP HDD CDD  WTR  SNW DPTH SPD SPD DIR MIN PSBL S-S WX    SPD DR
================================================================================

 1  87  39  63  -4   2   0 0.00  0.0    0  6.9 17  10 458    M   0        21  10
 2  95  43  69   2   0   4 0.00  0.0    0  4.4 15 310 404    M   0        21  50
 3  91  51  71   4   0   6 0.00  0.0    0  7.6 23 150 110    M   0        31 170
 4  98  53  76   8   0  11    T  0.0    0  7.3 38 190 456    M   1 37     49 170
 5  95  54  75   7   0  10 0.00  0.0    0 12.6 23 240 437    M   0        27 230
 6  97  49  73   5   0   8 0.00  0.0    0  7.8 16 230 442    M   0        20 210
 7  93  56  75   7   0  10 0.00  0.0    0  7.4 15 230   M    M   0        22 320
 8  95  50  73   4   0   8 0.00  0.0    0  8.3 18 260 489    M   0        21 260
 9  95  51  73   4   0   8 0.03  0.0    0  8.9 20 280 556    M   1 3      26 280
10  92  65  79  10   0  14    T  0.0    0 10.7 18 230 530    M   2        27 220
11  91  66  79  10   0  14 0.00  0.0    0  8.8 29 180 700    M   1 3      35 180
12  93  60  77   7   0  12 0.00  0.0    0  7.0 23  10 584    M   2        29  10
13  96  51  74   4   0   9 0.00  0.0    0  4.5 13 310 524    M   1        17 300
14  98  54  76   6   0  11 0.19  0.0    0  8.2 25 170 707    M   2 35     34 180
15  92  58  75   5   0  10 0.00  0.0    0 12.9 26 240 540    M   1        31 240
16  87  56  72   2   0   7 0.00  0.0    0  6.9 20  40 573    M   1        25  40
17  93  51  72   2   0   7 0.00  0.0    0  6.8 17 240 654    M   1        20 270
18  93  51  72   1   0   7 0.00  0.0    0 12.6 24 250 535    M   0 8      28 240
19  91  53  72   1   0   7 0.00  0.0    0 17.1 26 240 552    M   0        33 250
20  91  68  80   9   0  15 0.00  0.0    0 12.5 20 200 551    M   0        27 200
21  88  61  75   4   0  10 0.10  0.0    0 11.2 36 230 557    M   4 3      46 230
22  93  56  75   4   0  10 0.00  0.0    0  6.6 14 300 616    M   1        21 330
23  97  54  76   5   0  11 0.00  0.0    0  7.8 16 230 558    M   0        19 230
24  81  49  65  -6   0   0 0.00  0.0    0 18.0 30 240 578    M   0        37 260
25  85  48  67  -4   0   2 0.00  0.0    0 11.1 17 240 592    M   0        23 250
26  90  52  71   0   0   6 0.00  0.0    0  6.1 17 220 600    M   0        22 220
================================================================================
SM 2397 1399         2 217  0.32     0.0 240.0        13303     18
================================================================================
AV 92.2 53.8                               9.2 FASTST  532   M   1    MAX(MPH)
                                 MISC ---->  # 38 190               # 49  170
================================================================================
NOTES:
# LAST OF SEVERAL OCCURRENCES

COLUMN 17 PEAK WIND IN M.P.H.

PRELIMINARY LOCAL CLIMATOLOGICAL DATA (WS FORM: F-6) , PAGE 2

                                          STATION:  POCATELLO ID
                                          MONTH:    JULY
                                          YEAR:     2014
                                          LATITUDE:   42 55 N
                                          LONGITUDE: 112 36 W

[TEMPERATURE DATA]      [PRECIPITATION DATA]       SYMBOLS USED IN COLUMN 16

AVERAGE MONTHLY: 73.0   TOTAL FOR MONTH:   0.32    1 = FOG OR MIST
DPTR FM NORMAL:   3.5   DPTR FM NORMAL:   -0.21    2 = FOG REDUCING VISIBILITY
HIGHEST:    98 ON 14, 4 GRTST 24HR  0.19 ON 14-14      TO 1/4 MILE OR LESS
LOWEST:     39 ON  1                               3 = THUNDER
                        SNOW, ICE PELLETS, HAIL    4 = ICE PELLETS
                        TOTAL MONTH:   0.0 INCH    5 = HAIL
                        GRTST 24HR     0.0         6 = FREEZING RAIN OR DRIZZLE
                        GRTST DEPTH:   0           7 = DUSTSTORM OR SANDSTORM:
                                                       VSBY 1/2 MILE OR LESS
                                                   8 = SMOKE OR HAZE
[NO. OF DAYS WITH]      [WEATHER - DAYS WITH]      9 = BLOWING SNOW
                                                   X = TORNADO
MAX 32 OR BELOW:   0    0.01 INCH OR MORE:   3
MAX 90 OR ABOVE:  21    0.10 INCH OR MORE:   2
MIN 32 OR BELOW:   0    0.50 INCH OR MORE:   0
MIN  0 OR BELOW:   0    1.00 INCH OR MORE:   0

[HDD (BASE 65) ]
TOTAL THIS MO.     2    CLEAR  (SCALE 0-3)  25
DPTR FM NORMAL   -15    PTCLDY (SCALE 4-7)   1
TOTAL FM JUL 1     2    CLOUDY (SCALE 8-10)  0
DPTR FM NORMAL   -15

[CDD (BASE 65) ]
TOTAL THIS MO.   217
DPTR FM NORMAL    80    [PRESSURE DATA]
TOTAL FM JAN 1   237    HIGHEST SLP M ON M
DPTR FM NORMAL    49    LOWEST  SLP 29.73 ON 10

[REMARKS]




U.S. Dept. of Commerce
NOAA National Weather Service
1325 East West Highway
Silver Spring, MD 20910
E-mail: w-nws.webmaster@noaa.gov
Page last modified: May 16, 2007
NATIONAL WEATHER SERVICE: for Safety, for Work, for Fun - FOR LIFE