380
CXUS55 KPIH 241200
CF6PIH

PRELIMINARY LOCAL CLIMATOLOGICAL DATA (WS FORM: F-6)

                                          STATION:   POCATELLO ID
                                          MONTH:     APRIL
                                          YEAR:      2014
                                          LATITUDE:   42 55 N
                                          LONGITUDE: 112 36 W

  TEMPERATURE IN F:       :PCPN:    SNOW:  WIND      :SUNSHINE: SKY     :PK WND
================================================================================
1   2   3   4   5  6A  6B    7    8   9   10  11  12  13   14  15   16   17  18
                                     12Z  AVG MX 2MIN
DY MAX MIN AVG DEP HDD CDD  WTR  SNW DPTH SPD SPD DIR MIN PSBL S-S WX    SPD DR
================================================================================

 1  44  27  36  -6  29   0 0.37  3.3    T  8.6 28 240  53    M   6 1      32 240
 2  44  26  35  -7  30   0    T    T    2  7.6 17 270 248    M   7        21 260
 3  50  30  40  -3  25   0    T    T    0  5.6 14 250 383    M   5        17 240
 4  56  32  44   1  21   0 0.01  0.0    0  7.6 24 190 376    M   4        32 180
 5  55  32  44   1  21   0    T  0.0    0 14.2 28 250 447    M   5        34 260
 6  59  36  48   5  17   0    T  0.0    0 18.8 35 260 210    M   6        42 260
 7  62  28  45   1  20   0 0.00  0.0    0  9.1 18 220 546    M   0        26 250
 8  71  33  52   8  13   0 0.00  0.0    0  7.4 18 180 528    M   0        24 180
 9  71  41  56  12   9   0 0.00  0.0    0 16.0 32 250 504    M   3        41 240
10  64  35  50   6  15   0 0.00  0.0    0 16.3 29 240 454    M   1        36 240
11  71  34  53   9  12   0 0.00  0.0    0 14.2 30 240 530    M   1        36 240
12  64  43  54   9  11   0    T  0.0    0 19.2 32 250 517    M   2        40 250
13  51  33  42  -3  23   0    T  0.0    0 17.4 30  20 575    M   4        39  20
14  58  16  37  -8  28   0 0.00  0.0    0  9.4 21 180 540    M   0        26 180
15  63  36  50   5  15   0 0.00  0.0    0 21.1 47 260 248    M   3 78     54 260
16  57  24  41  -5  24   0 0.00  0.0    0  7.4 18 240 509    M   1 8      24 260
17  68  29  49   3  16   0    T  0.0    0 11.3 32 260 485    M   1        39 240
18  60  43  52   6  13   0 0.05  0.0    0 21.3 35 230 178    M   4        40 230
19  71  27  49   3  16   0 0.00  0.0    0  6.2 23 270 442    M   1        29 260
20  64  41  53   6  12   0 0.00  0.0    0 17.5 31 230 430    M   1        37 210
21  74  29  52   5  13   0 0.00  0.0    0  9.1 23 170 426    M   1        29 220
22  73  38  56   9   9   0 0.40  0.0    0 18.7 38 250 163    M   9 13     50 240
23  54  33  44  -3  21   0    T    T    0 19.8 33 250 635    M   5        40 240
================================================================================
SM 1404  746       413   0  0.83     3.3 303.8         9427     70
================================================================================
AV 61.0 32.4                              13.2 FASTST  410   M   3    MAX(MPH)
                                 MISC ---->  # 47 260               # 54  260
================================================================================
NOTES:
# LAST OF SEVERAL OCCURRENCES

COLUMN 17 PEAK WIND IN M.P.H.

PRELIMINARY LOCAL CLIMATOLOGICAL DATA (WS FORM: F-6) , PAGE 2

                                          STATION:  POCATELLO ID
                                          MONTH:    APRIL
                                          YEAR:     2014
                                          LATITUDE:   42 55 N
                                          LONGITUDE: 112 36 W

[TEMPERATURE DATA]      [PRECIPITATION DATA]       SYMBOLS USED IN COLUMN 16

AVERAGE MONTHLY: 46.7   TOTAL FOR MONTH:   0.83    1 = FOG OR MIST
DPTR FM NORMAL:   2.0   DPTR FM NORMAL:   -0.01    2 = FOG REDUCING VISIBILITY
HIGHEST:    74 ON 21    GRTST 24HR  0.40 ON 22-22      TO 1/4 MILE OR LESS
LOWEST:     16 ON 14                               3 = THUNDER
                        SNOW, ICE PELLETS, HAIL    4 = ICE PELLETS
                        TOTAL MONTH:   3.3 INCHES  5 = HAIL
                        GRTST 24HR   3.3 ON   M    6 = FREEZING RAIN OR DRIZZLE
                        GRTST DEPTH:   2 ON  2     7 = DUSTSTORM OR SANDSTORM:
                                                       VSBY 1/2 MILE OR LESS
                                                   8 = SMOKE OR HAZE
[NO. OF DAYS WITH]      [WEATHER - DAYS WITH]      9 = BLOWING SNOW
                                                   X = TORNADO
MAX 32 OR BELOW:   0    0.01 INCH OR MORE:   4
MAX 90 OR ABOVE:   0    0.10 INCH OR MORE:   2
MIN 32 OR BELOW:  11    0.50 INCH OR MORE:   0
MIN  0 OR BELOW:   0    1.00 INCH OR MORE:   0

[HDD (BASE 65) ]
TOTAL THIS MO.   413    CLEAR  (SCALE 0-3)  12
DPTR FM NORMAL   -53    PTCLDY (SCALE 4-7)  10
TOTAL FM JUL 1  6124    CLOUDY (SCALE 8-10)  1
DPTR FM NORMAL  -454

[CDD (BASE 65) ]
TOTAL THIS MO.     0
DPTR FM NORMAL     0    [PRESSURE DATA]
TOTAL FM JAN 1     0    HIGHEST SLP M ON M
DPTR FM NORMAL     0    LOWEST  SLP 29.45 ON 22

[REMARKS]




U.S. Dept. of Commerce
NOAA National Weather Service
1325 East West Highway
Silver Spring, MD 20910
E-mail: w-nws.webmaster@noaa.gov
Page last modified: May 16, 2007
NATIONAL WEATHER SERVICE: for Safety, for Work, for Fun - FOR LIFE