278
CXUS55 KPIH 291200
CF6PIH

PRELIMINARY LOCAL CLIMATOLOGICAL DATA (WS FORM: F-6)

                                          STATION:   POCATELLO ID
                                          MONTH:     SEPTEMBER
                                          YEAR:      2014
                                          LATITUDE:   42 55 N
                                          LONGITUDE: 112 36 W

  TEMPERATURE IN F:       :PCPN:    SNOW:  WIND      :SUNSHINE: SKY     :PK WND
================================================================================
1   2   3   4   5  6A  6B    7    8   9   10  11  12  13   14  15   16   17  18
                                     12Z  AVG MX 2MIN
DY MAX MIN AVG DEP HDD CDD  WTR  SNW DPTH SPD SPD DIR MIN PSBL S-S WX    SPD DR
================================================================================

 1  75  47  61  -4   4   0 0.00  0.0    0 11.5 21 260 604    M   1        28 260
 2  83  39  61  -3   4   0 0.00  0.0    0  7.1 22 260 591    M   0        27 270
 3  71  46  59  -5   6   0 0.00  0.0    0 18.4 35 260 579    M   0        42 250
 4  74  33  54 -10  11   0 0.00  0.0    0  7.3 17  30 573    M   0        22  50
 5  80  35  58  -5   7   0 0.00  0.0    0  6.4 17  40 636    M   0        22  40
 6  86  38  62  -1   3   0 0.00  0.0    0  5.5 13 320 666    M   2 3      16 320
 7  89  43  66   4   0   1 0.00  0.0    0  6.1 25 170 708    M   1 7      31 170
 8  86  43  65   3   0   0 0.00  0.0    0  8.7 22 170 679    M   2        27 170
 9  80  55  68   6   0   3 0.00  0.0    0 17.9 31 250 708    M   1        43 190
10  72  47  60  -1   5   0 0.00  0.0    0 15.2 25 240 697    M   1        37 260
11  63  32  48 -13  17   0 0.00  0.0    0  9.8 26  30 697    M   1        35  50
12  72  24  48 -12  17   0 0.00  0.0    0  5.1 12 240 677    M   0        15 210
13  83  33  58  -2   7   0 0.00  0.0    0  4.9 17 210 646    M   0        21 220
14  85  37  61   1   4   0 0.00  0.0    0  6.7 17 240 596    M   0        20 250
15  88  44  66   7   0   1 0.00  0.0    0  4.9 14 250 686    M   1        19 250
16  92  49  71  12   0   6    T  0.0    0  7.1 20  70 609    M   2        30 260
17  94  54  74  16   0   9 0.06  0.0    0  7.3 24 260 576    M   1 3      39 280
18  84  57  71  13   0   6 0.15  0.0    0 10.4 25 220 415    M   5 3      31 180
19  80  48  64   6   1   0 0.00  0.0    0 11.2 22 230 682    M   0        28 250
20  83  42  63   6   2   0 0.00  0.0    0  3.8  9 350 707    M   0        12 300
21  79  44  62   5   3   0 0.15  0.0    0  5.4 24 190 457    M   3 1      30 190
22  74  52  63   7   2   0    T  0.0    0  5.0 13 250 653    M   4        16 260
23  82  44  63   7   2   0 0.00  0.0    0  3.3 14 280 685    M   1        18 290
24  89  51  70  15   0   5 0.00  0.0    0  8.0 25 180 684    M   0        32 180
25  90  48  69  14   0   4 0.00  0.0    0 15.8 33 180 737    M   0        42 170
26  79  48  64   9   1   0 0.12  0.0    0  8.8 26 240 625    M   2 13     35 240
27  61  53  57   3   8   0 0.81  0.0    0  9.2 23 120 365    M  10 1      31 120
28  63  41  52  -2  13   0 0.16  0.0    0  5.9 16 120 233    M   6 1      21 130
================================================================================
SM 2237 1227       117  35  1.45     0.0 236.7        17171     44
================================================================================
AV 79.9 43.8                               8.5 FASTST  613   M   2    MAX(MPH)
                                 MISC ---->  # 35 260               # 43  190
================================================================================
NOTES:
# LAST OF SEVERAL OCCURRENCES

COLUMN 17 PEAK WIND IN M.P.H.

PRELIMINARY LOCAL CLIMATOLOGICAL DATA (WS FORM: F-6) , PAGE 2

                                          STATION:  POCATELLO ID
                                          MONTH:    SEPTEMBER
                                          YEAR:     2014
                                          LATITUDE:   42 55 N
                                          LONGITUDE: 112 36 W

[TEMPERATURE DATA]      [PRECIPITATION DATA]       SYMBOLS USED IN COLUMN 16

AVERAGE MONTHLY: 61.9   TOTAL FOR MONTH:   1.45    1 = FOG OR MIST
DPTR FM NORMAL:   2.5   DPTR FM NORMAL:    0.67    2 = FOG REDUCING VISIBILITY
HIGHEST:    94 ON 17    GRTST 24HR  0.88 ON 26-27      TO 1/4 MILE OR LESS
LOWEST:     24 ON 12                               3 = THUNDER
                        SNOW, ICE PELLETS, HAIL    4 = ICE PELLETS
                        TOTAL MONTH:   0.0 INCH    5 = HAIL
                        GRTST 24HR     0.0         6 = FREEZING RAIN OR DRIZZLE
                        GRTST DEPTH:   0           7 = DUSTSTORM OR SANDSTORM:
                                                       VSBY 1/2 MILE OR LESS
                                                   8 = SMOKE OR HAZE
[NO. OF DAYS WITH]      [WEATHER - DAYS WITH]      9 = BLOWING SNOW
                                                   X = TORNADO
MAX 32 OR BELOW:   0    0.01 INCH OR MORE:   6
MAX 90 OR ABOVE:   3    0.10 INCH OR MORE:   5
MIN 32 OR BELOW:   2    0.50 INCH OR MORE:   1
MIN  0 OR BELOW:   0    1.00 INCH OR MORE:   0

[HDD (BASE 65) ]
TOTAL THIS MO.   117    CLEAR  (SCALE 0-3)  24
DPTR FM NORMAL   -62    PTCLDY (SCALE 4-7)   3
TOTAL FM JUL 1   152    CLOUDY (SCALE 8-10)  1
DPTR FM NORMAL   -73

[CDD (BASE 65) ]
TOTAL THIS MO.    35
DPTR FM NORMAL    15    [PRESSURE DATA]
TOTAL FM JAN 1   421    HIGHEST SLP M ON M
DPTR FM NORMAL    31    LOWEST  SLP 29.62 ON  3

[REMARKS]




U.S. Dept. of Commerce
NOAA National Weather Service
1325 East West Highway
Silver Spring, MD 20910
E-mail: w-nws.webmaster@noaa.gov
Page last modified: May 16, 2007
NATIONAL WEATHER SERVICE: for Safety, for Work, for Fun - FOR LIFE