630
CXUS53 KILX 300900
CF6PIA
PRELIMINARY LOCAL CLIMATOLOGICAL DATA (WS FORM: F-6)

                                          STATION:   PEORIA IL
                                          MONTH:     SEPTEMBER
                                          YEAR:      2014
                                          LATITUDE:   40 40 N
                                          LONGITUDE:  89 41 W

  TEMPERATURE IN F:       :PCPN:    SNOW:  WIND      :SUNSHINE: SKY     :PK WND
================================================================================
1   2   3   4   5  6A  6B    7    8   9   10  11  12  13   14  15   16   17  18
                                     12Z  AVG MX 2MIN
DY MAX MIN AVG DEP HDD CDD  WTR  SNW DPTH SPD SPD DIR MIN PSBL S-S WX    SPD DR
================================================================================

 1  83  71  77   5   0  12 0.00  0.0    0  9.2 20 210   M    M   2 18     25 200
 2  84  68  76   5   0  11    T  0.0    0  4.8 12 260   M    M   5 1      16 250
 3  85  64  75   4   0  10 0.00  0.0    0  7.6 17 180   M    M   2 128    24 190
 4  89  69  79   8   0  14 0.64  0.0    0 10.6 18 190   M    M   4 13     27 310
 5  90  63  77   7   0  12 0.14  0.0    0  7.5 20 330   M    M   3 13     31 320
 6  76  57  67  -3   0   2 0.00  0.0    0  5.1 13  50   M    M   2        18  40
 7  78  55  67  -3   0   2 0.00  0.0    0  1.7 10 180   M    M   1        13 200
 8  80  55  68  -1   0   3 0.00  0.0    0  5.5 17 180   M    M   0        23 180
 9  76  64  70   1   0   5 0.72  0.0    0  9.9 24 210   M    M   5 13     30 220
10  80  60  70   1   0   5 3.16  0.0    0 13.0 32 190   M    M   8 123    42 190
11  60  51  56 -12   9   0 0.00  0.0    0  7.3 17  70   M    M  10        22 330
12  56  45  51 -17  14   0    T  0.0    0  6.0 14  70   M    M  10 18     23  10
13  62  41  52 -15  13   0 0.00  0.0    0  3.3 10  40   M    M   1 12     15  40
14  70  43  57 -10   8   0 0.00  0.0    0  2.1 10 190   M    M   0        13 190
15  61  54  58  -8   7   0 0.32  0.0    0  4.1 13 130   M    M   9 138    16 140
16  69  48  59  -7   6   0 0.00  0.0    0  1.8 10  50   M    M   2 12     14  50
17  70  49  60  -6   5   0    T  0.0    0  3.1 13 190   M    M   5 18     15 190
18  76  50  63  -2   2   0 0.00  0.0    0  5.3 13  80   M    M   1 128    18 110
19  78  52  65   0   0   0 0.00  0.0    0  8.0 18 190   M    M   0 18     22 180
20  81  60  71   7   0   6    T  0.0    0  9.2 21 240   M    M   3 138    26 200
21  73  53  63  -1   2   0 0.00  0.0    0  8.3 17 300   M    M   2        30 290
22  72  47  60  -3   5   0 0.00  0.0    0  1.9  7  60   M    M   0        10  60
23  76  48  62  -1   3   0 0.00  0.0    0  4.0 10 150   M    M   0        14 150
24  80  53  67   5   0   2 0.00  0.0    0  2.8 12 160   M    M   0        15 160
25  83  61  72  10   0   7 0.00  0.0    0  2.1 10 150   M    M   3        13 140
26  85  59  72  10   0   7 0.00  0.0    0  4.0 10 150   M    M   1        13 150
27  87  61  74  13   0   9 0.00  0.0    0  4.2  9  70   M    M   0 8      12  50
28  86  60  73  12   0   8 0.00  0.0    0  2.0  8  60   M    M   0 8       9  80
29  87  58  73  13   0   8 0.00  0.0    0  1.7 13  60   M    M   1 18     15  50
================================================================================
SM 2233 1619        74 123  4.98     0.0 156.1          M       80
================================================================================
AV 77.0 55.8                               5.4 FASTST   M    M   3    MAX(MPH)
                                 MISC ---->  # 32 190               # 42  190
================================================================================
NOTES:
# LAST OF SEVERAL OCCURRENCES

COLUMN 17 PEAK WIND IN M.P.H.

PRELIMINARY LOCAL CLIMATOLOGICAL DATA (WS FORM: F-6) , PAGE 2

                                          STATION:  PEORIA IL
                                          MONTH:    SEPTEMBER
                                          YEAR:     2014
                                          LATITUDE:   40 40 N
                                          LONGITUDE:  89 41 W

[TEMPERATURE DATA]      [PRECIPITATION DATA]       SYMBOLS USED IN COLUMN 16

AVERAGE MONTHLY: 66.4   TOTAL FOR MONTH:   4.98    1 = FOG OR MIST
DPTR FM NORMAL:   0.1   DPTR FM NORMAL:    1.92    2 = FOG REDUCING VISIBILITY
HIGHEST:    90 ON  5    GRTST 24HR  3.37 ON  9-10      TO 1/4 MILE OR LESS
LOWEST:     41 ON 13                               3 = THUNDER
                        SNOW, ICE PELLETS, HAIL    4 = ICE PELLETS
                        TOTAL MONTH:   0.0 INCH    5 = HAIL
                        GRTST 24HR     0.0         6 = FREEZING RAIN OR DRIZZLE
                        GRTST DEPTH:   0           7 = DUSTSTORM OR SANDSTORM:
                                                       VSBY 1/2 MILE OR LESS
                                                   8 = SMOKE OR HAZE
[NO. OF DAYS WITH]      [WEATHER - DAYS WITH]      9 = BLOWING SNOW
                                                   X = TORNADO
MAX 32 OR BELOW:   0    0.01 INCH OR MORE:   5
MAX 90 OR ABOVE:   1    0.10 INCH OR MORE:   5
MIN 32 OR BELOW:   0    0.50 INCH OR MORE:   3
MIN  0 OR BELOW:   0    1.00 INCH OR MORE:   1

[HDD (BASE 65) ]
TOTAL THIS MO.    74    CLEAR  (SCALE 0-3)  20
DPTR FM NORMAL    -4    PTCLDY (SCALE 4-7)   6
TOTAL FM JUL 1    76    CLOUDY (SCALE 8-10)  3
DPTR FM NORMAL    -8

[CDD (BASE 65) ]
TOTAL THIS MO.   123
DPTR FM NORMAL     7    [PRESSURE DATA]
TOTAL FM JAN 1  1147    HIGHEST SLP M ON M
DPTR FM NORMAL   124    LOWEST  SLP 29.57 ON 10

[REMARKS]




U.S. Dept. of Commerce
NOAA National Weather Service
1325 East West Highway
Silver Spring, MD 20910
E-mail: w-nws.webmaster@noaa.gov
Page last modified: May 16, 2007
NATIONAL WEATHER SERVICE: for Safety, for Work, for Fun - FOR LIFE