922
CXUS53 KILX 292300
CF6PIA
PRELIMINARY LOCAL CLIMATOLOGICAL DATA (WS FORM: F-6)

                                          STATION:   PEORIA IL
                                          MONTH:     AUGUST
                                          YEAR:      2014
                                          LATITUDE:   40 40 N
                                          LONGITUDE:  89 41 W

  TEMPERATURE IN F:       :PCPN:    SNOW:  WIND      :SUNSHINE: SKY     :PK WND
================================================================================
1   2   3   4   5  6A  6B    7    8   9   10  11  12  13   14  15   16   17  18
                                     12Z  AVG MX 2MIN
DY MAX MIN AVG DEP HDD CDD  WTR  SNW DPTH SPD SPD DIR MIN PSBL S-S WX    SPD DR
================================================================================

 1  85  65  75   0   0  10 0.64  0.0    0  2.6 20 190   M    M   3 138    26 210
 2  86  60  73  -2   0   8 0.00  0.0    0  2.3  6  99   M    M   0 1       M  M
 3  86  64  75   0   0  10 0.00  0.0    0  2.6  9 210   M    M   1 18     12 220
 4  87  66  77   2   0  12 1.54  0.0    0  6.0 22 190   M    M   2 138    28 200
 5  80  67  74  -1   0   9 0.42  0.0    0  4.6 16 150   M    M   6 138    23 140
 6  79  66  73  -2   0   8    T  0.0    0  3.2 12  80   M    M   6 128    13  60
 7  73  68  71  -3   0   6 0.04  0.0    0  8.5 14  80   M    M   6 8      18 100
 8  79  68  74   0   0   9    T  0.0    0  8.6 18  90   M    M   9        23  80
 9  83  68  76   2   0  11    T  0.0    0  8.3 17  70   M    M   9        22  70
10  84  66  75   1   0  10 0.55  0.0    0  4.6 12  80   M    M   4 18     14  80
11  84  65  75   1   0  10 0.05  0.0    0  6.2 17 270   M    M   4 138    22 300
12  78  62  70  -4   0   5 0.00  0.0    0  7.4 18 340   M    M   2        28 360
13  83  57  70  -4   0   5 0.00  0.0    0  5.1 13 260   M    M   0 8      16 300
14  83  63  73  -1   0   8 0.00  0.0    0  4.2 10  80   M    M   3        13 310
15  75  60  68  -6   0   3 0.00  0.0    0  4.8 12 160   M    M   4        15 130
16  77  68  73  -1   0   8 0.04  0.0    0  6.0 15 210   M    M   9 18     18 220
17  80  68  74   0   0   9 0.01  0.0    0  6.3 13  50   M    M   7 18     16  50
18  83  66  75   1   0  10 0.00  0.0    0  4.2 10 240   M    M   4 18     13 240
19  86  69  78   4   0  13 0.94  0.0    0  6.1 29 280   M    M   2 138    40 280
20  81  65  73  -1   0   8 0.03  0.0    0  4.9 16 210   M    M   2 138    20 220
21  89  72  81   7   0  16    T  0.0    0  6.3 13 230   M    M   3 1      17 200
22  88  74  81   8   0  16 0.78  0.0    0  5.5 18 230   M    M   4 13     24 200
23  84  72  78   5   0  13 0.78  0.0    0  5.7 23 300   M    M   2 1238   32 310
24  94  72  83  10   0  18 0.00  0.0    0  5.7 12 170   M    M   1 8      17 200
25  96  75  86  13   0  21 0.00  0.0    0  7.0 16  60   M    M   2 138    19  50
26  91  73  82   9   0  17 0.00  0.0    0  4.6 12 360   M    M   3        17 320
27  86  73  80   7   0  15    T  0.0    0  5.9 12  40   M    M   3        15  80
28  85  68  77   5   0  12 0.61  0.0    0  7.4 15 290   M    M   6 13     20 280
================================================================================
SM 2345 1880         0 300  6.43     0.0 154.6          M      107
================================================================================
AV 83.8 67.1                               5.5 FASTST   M    M   4    MAX(MPH)
                                 MISC ---->  # 29 280               # 40  280
================================================================================
NOTES:
# LAST OF SEVERAL OCCURRENCES

COLUMN 17 PEAK WIND IN M.P.H.

PRELIMINARY LOCAL CLIMATOLOGICAL DATA (WS FORM: F-6) , PAGE 2

                                          STATION:  PEORIA IL
                                          MONTH:    AUGUST
                                          YEAR:     2014
                                          LATITUDE:   40 40 N
                                          LONGITUDE:  89 41 W

[TEMPERATURE DATA]      [PRECIPITATION DATA]       SYMBOLS USED IN COLUMN 16

AVERAGE MONTHLY: 75.4   TOTAL FOR MONTH:   6.43    1 = FOG OR MIST
DPTR FM NORMAL:   1.5   DPTR FM NORMAL:    3.51    2 = FOG REDUCING VISIBILITY
HIGHEST:    96 ON 25    GRTST 24HR  1.77 ON  4- 5      TO 1/4 MILE OR LESS
LOWEST:     57 ON 13                               3 = THUNDER
                        SNOW, ICE PELLETS, HAIL    4 = ICE PELLETS
                        TOTAL MONTH:   0.0 INCH    5 = HAIL
                        GRTST 24HR     0.0         6 = FREEZING RAIN OR DRIZZLE
                        GRTST DEPTH:   0           7 = DUSTSTORM OR SANDSTORM:
                                                       VSBY 1/2 MILE OR LESS
                                                   8 = SMOKE OR HAZE
[NO. OF DAYS WITH]      [WEATHER - DAYS WITH]      9 = BLOWING SNOW
                                                   X = TORNADO
MAX 32 OR BELOW:   0    0.01 INCH OR MORE:  13
MAX 90 OR ABOVE:   3    0.10 INCH OR MORE:   8
MIN 32 OR BELOW:   0    0.50 INCH OR MORE:   7
MIN  0 OR BELOW:   0    1.00 INCH OR MORE:   1

[HDD (BASE 65) ]
TOTAL THIS MO.     0    CLEAR  (SCALE 0-3)  13
DPTR FM NORMAL     0    PTCLDY (SCALE 4-7)  12
TOTAL FM JUL 1     2    CLOUDY (SCALE 8-10)  3
DPTR FM NORMAL     1

[CDD (BASE 65) ]
TOTAL THIS MO.   300
DPTR FM NORMAL    45    [PRESSURE DATA]
TOTAL FM JAN 1   982    HIGHEST SLP M ON M
DPTR FM NORMAL    96    LOWEST  SLP 29.74 ON 19

[REMARKS]




U.S. Dept. of Commerce
NOAA National Weather Service
1325 East West Highway
Silver Spring, MD 20910
E-mail: w-nws.webmaster@noaa.gov
Page last modified: May 16, 2007
NATIONAL WEATHER SERVICE: for Safety, for Work, for Fun - FOR LIFE