924
CXUS53 KILX 160900
CF6PIA
PRELIMINARY LOCAL CLIMATOLOGICAL DATA (WS FORM: F-6)

                                          STATION:   PEORIA IL
                                          MONTH:     APRIL
                                          YEAR:      2014
                                          LATITUDE:   40 40 N
                                          LONGITUDE:  89 41 W

  TEMPERATURE IN F:       :PCPN:    SNOW:  WIND      :SUNSHINE: SKY     :PK WND
================================================================================
1   2   3   4   5  6A  6B    7    8   9   10  11  12  13   14  15   16   17  18
                                     12Z  AVG MX 2MIN
DY MAX MIN AVG DEP HDD CDD  WTR  SNW DPTH SPD SPD DIR MIN PSBL S-S WX    SPD DR
================================================================================

 1  54  32  43  -4  22   0 0.00  0.0    0 12.3 25 270   M    M   3        35 270
 2  48  42  45  -2  20   0 0.07  0.0    0 12.1 22  70   M    M  10 8      29  70
 3  51  41  46  -2  19   0 2.02  0.0    0 13.3 28  80   M    M  10 138    33  70
 4  50  37  44  -4  21   0    T  0.0    0 15.2 31 260   M    M   9 1      42 260
 5  54  33  44  -4  21   0 0.00  0.0    0  3.5 10 180   M    M   3 8      16 330
 6  59  32  46  -3  19   0 0.00  0.0    0  5.2 15 130   M    M   0        20 120
 7  58  41  50   1  15   0    T  0.0    0  6.9 18  60   M    M   4        24  30
 8  63  41  52   2  13   0 0.00  0.0    0  8.6 18 320   M    M   1        31 320
 9  65  37  51   1  14   0 0.00  0.0    0  9.4 20 200   M    M   0        25 260
10  66  46  56   6   9   0    T  0.0    0 10.3 20 190   M    M   2        25 180
11  73  37  55   4  10   0 0.00  0.0    0  4.3 14 200   M    M   0        22 230
12  82  53  68  17   0   3 0.00  0.0    0 15.9 32 210   M    M   2        44 220
13  71  60  66  14   0   1 0.40  0.0    0 13.1 28 180   M    M   8 138    37 170
14  59  30  45  -7  20   0 0.17  0.3    0  9.8 26 240   M    M   9 1      34 240
15  44  27  36 -16  29   0 0.00  0.0    T  6.1 18 280   M    M   1        24 270
================================================================================
SM  897  589       232   4  2.66     0.3 146.0          M       62
================================================================================
AV 59.8 39.3                               9.7 FASTST   M    M   4    MAX(MPH)
                                 MISC ---->  # 32 210               # 44  220
================================================================================
NOTES:
# LAST OF SEVERAL OCCURRENCES

COLUMN 17 PEAK WIND IN M.P.H.

PRELIMINARY LOCAL CLIMATOLOGICAL DATA (WS FORM: F-6) , PAGE 2

                                          STATION:  PEORIA IL
                                          MONTH:    APRIL
                                          YEAR:     2014
                                          LATITUDE:   40 40 N
                                          LONGITUDE:  89 41 W

[TEMPERATURE DATA]      [PRECIPITATION DATA]       SYMBOLS USED IN COLUMN 16

AVERAGE MONTHLY: 49.5   TOTAL FOR MONTH:   2.66    1 = FOG OR MIST
DPTR FM NORMAL:  -0.1   DPTR FM NORMAL:    0.92    2 = FOG REDUCING VISIBILITY
HIGHEST:    82 ON 12    GRTST 24HR  2.08 ON  2- 3      TO 1/4 MILE OR LESS
LOWEST:     27 ON 15                               3 = THUNDER
                        SNOW, ICE PELLETS, HAIL    4 = ICE PELLETS
                        TOTAL MONTH:   0.3 INCH    5 = HAIL
                        GRTST 24HR   0.3 ON   M    6 = FREEZING RAIN OR DRIZZLE
                        GRTST DEPTH:   T           7 = DUSTSTORM OR SANDSTORM:
                                                       VSBY 1/2 MILE OR LESS
                                                   8 = SMOKE OR HAZE
[NO. OF DAYS WITH]      [WEATHER - DAYS WITH]      9 = BLOWING SNOW
                                                   X = TORNADO
MAX 32 OR BELOW:   0    0.01 INCH OR MORE:   4
MAX 90 OR ABOVE:   0    0.10 INCH OR MORE:   3
MIN 32 OR BELOW:   4    0.50 INCH OR MORE:   1
MIN  0 OR BELOW:   0    1.00 INCH OR MORE:   1

[HDD (BASE 65) ]
TOTAL THIS MO.   232    CLEAR  (SCALE 0-3)   8
DPTR FM NORMAL    -3    PTCLDY (SCALE 4-7)   3
TOTAL FM JUL 1  6345    CLOUDY (SCALE 8-10)  4
DPTR FM NORMAL   838

[CDD (BASE 65) ]
TOTAL THIS MO.     4
DPTR FM NORMAL     4    [PRESSURE DATA]
TOTAL FM JAN 1     4    HIGHEST SLP M ON M
DPTR FM NORMAL     3    LOWEST  SLP 29.39 ON 13

[REMARKS]




U.S. Dept. of Commerce
NOAA National Weather Service
1325 East West Highway
Silver Spring, MD 20910
E-mail: w-nws.webmaster@noaa.gov
Page last modified: May 16, 2007
NATIONAL WEATHER SERVICE: for Safety, for Work, for Fun - FOR LIFE