093
CXUS53 KILX 272300
CF6PIA
PRELIMINARY LOCAL CLIMATOLOGICAL DATA (WS FORM: F-6)

                                          STATION:   PEORIA IL
                                          MONTH:     JANUARY
                                          YEAR:      2015
                                          LATITUDE:   40 40 N
                                          LONGITUDE:  89 41 W

  TEMPERATURE IN F:       :PCPN:    SNOW:  WIND      :SUNSHINE: SKY     :PK WND
================================================================================
1   2   3   4   5  6A  6B    7    8   9   10  11  12  13   14  15   16   17  18
                                     12Z  AVG MX 2MIN
DY MAX MIN AVG DEP HDD CDD  WTR  SNW DPTH SPD SPD DIR MIN PSBL S-S WX    SPD DR
================================================================================

 1  32  18  25   0  40   0 0.00  0.0    0 10.4 18 230   M    M   0        23 270
 2  38  19  29   4  36   0 0.01  0.0    0  2.5 12 150   M    M   2 8      15 140
 3  38  34  36  11  29   0 0.63  0.0    0  3.3  9  40   M    M  10 16     12  40
 4  35   6  21  -4  44   0 0.11  0.8    T 12.9 23 300   M    M   7 18     34 320
 5  13   3   8 -17  57   0 0.44  5.1    1  7.0 14 280   M    M   5 8      20 290
 6  15   7  11 -14  54   0 0.02  0.2    5  8.3 21 300   M    M   5 8      27 300
 7  13  -6   4 -21  61   0 0.01    T    5 10.4 18 310   M    M   2 89     31 300
 8  25  -8   9 -16  56   0    T    T    5 17.0 31 190   M    M   6 89     48 300
 9  14   1   8 -17  57   0    T    T    4 12.0 23 300   M    M   4 89     32 310
10  28  -2  13 -12  52   0 0.00  0.0    4 10.8 24 190   M    M   4        31 180
11  34  26  30   5  35   0 0.17  1.3    3  6.7 13 190   M    M  10 16     16 200
12  31   7  19  -6  46   0 0.13  1.0    5  7.9 17  20   M    M   3 18     26  10
13  20   1  11 -14  54   0    T  0.5    5  5.7 14  60   M    M   3        17  90
14  21  -3   9 -16  56   0 0.00  0.0    6  4.6 10 170   M    M   6 18     12 170
15  39  13  26   1  39   0 0.00  0.0    5  6.6 13 220   M    M   0 18     15 210
16  39  20  30   5  35   0 0.00  0.0    5  5.8 17 180   M    M   1 18     21 180
17  49  34  42  17  23   0 0.00  0.0    4 13.0 24 190   M    M   3        30 190
18  46  30  38  13  27   0    T  0.0    2  8.1 17 300   M    M   1        26 310
19  46  25  36  11  29   0 0.14  0.0    0  3.4 10 190   M    M   3 18     12 170
20  41  31  36  11  29   0    T    T    0  4.5 13 280   M    M   6 18     16 310
21  38  32  35  10  30   0    T  0.0    0  8.4 15 290   M    M   9 18     20 270
22  37  33  35  10  30   0    T  0.0    0  2.6  7 280   M    M  10 128     9 350
23  38  29  34   9  31   0 0.00  0.0    0  6.3 13 220   M    M   6        16 210
24  49  28  39  14  26   0 0.00  0.0    0  7.0 14 250   M    M   1 18     18 270
25  40  23  32   7  33   0 0.18  0.1    0  9.7 23  40   M    M   8 1      33  40
26  33  20  27   2  38   0 0.10  0.9    0  5.0 13 180   M    M   7 18     15 180
================================================================================
SM  852  421      1047   0  1.94     9.9 199.9          M      122
================================================================================
AV 32.8 16.2                               7.7 FASTST   M    M   5    MAX(MPH)
                                 MISC ---->  # 31 190               # 48  300
================================================================================
NOTES:
# LAST OF SEVERAL OCCURRENCES

COLUMN 17 PEAK WIND IN M.P.H.

PRELIMINARY LOCAL CLIMATOLOGICAL DATA (WS FORM: F-6) , PAGE 2

                                          STATION:  PEORIA IL
                                          MONTH:    JANUARY
                                          YEAR:     2015
                                          LATITUDE:   40 40 N
                                          LONGITUDE:  89 41 W

[TEMPERATURE DATA]      [PRECIPITATION DATA]       SYMBOLS USED IN COLUMN 16

AVERAGE MONTHLY: 24.5   TOTAL FOR MONTH:   1.94    1 = FOG OR MIST
DPTR FM NORMAL:  -0.5   DPTR FM NORMAL:    0.42    2 = FOG REDUCING VISIBILITY
HIGHEST:    49 ON 24,17 GRTST 24HR  0.64 ON  2- 3      TO 1/4 MILE OR LESS
LOWEST:     -8 ON  8                               3 = THUNDER
                        SNOW, ICE PELLETS, HAIL    4 = ICE PELLETS
                        TOTAL MONTH:   9.9 INCHES  5 = HAIL
                        GRTST 24HR   5.1 ON   M    6 = FREEZING RAIN OR DRIZZLE
                        GRTST DEPTH:   6 ON 14     7 = DUSTSTORM OR SANDSTORM:
                                                       VSBY 1/2 MILE OR LESS
                                                   8 = SMOKE OR HAZE
[NO. OF DAYS WITH]      [WEATHER - DAYS WITH]      9 = BLOWING SNOW
                                                   X = TORNADO
MAX 32 OR BELOW:  10    0.01 INCH OR MORE:  11
MAX 90 OR ABOVE:   0    0.10 INCH OR MORE:   8
MIN 32 OR BELOW:  23    0.50 INCH OR MORE:   1
MIN  0 OR BELOW:   4    1.00 INCH OR MORE:   0

[HDD (BASE 65) ]
TOTAL THIS MO.  1047    CLEAR  (SCALE 0-3)  11
DPTR FM NORMAL     7    PTCLDY (SCALE 4-7)  11
TOTAL FM JUL 1  3256    CLOUDY (SCALE 8-10)  4
DPTR FM NORMAL   -62

[CDD (BASE 65) ]
TOTAL THIS MO.     0
DPTR FM NORMAL     0    [PRESSURE DATA]
TOTAL FM JAN 1     0    HIGHEST SLP M ON M
DPTR FM NORMAL     0    LOWEST  SLP 29.60 ON 25

[REMARKS]




U.S. Dept. of Commerce
NOAA National Weather Service
1325 East West Highway
Silver Spring, MD 20910
E-mail: w-nws.webmaster@noaa.gov
Page last modified: May 16, 2007
NATIONAL WEATHER SERVICE: for Safety, for Work, for Fun - FOR LIFE