439
CXUS53 KILX 220900
CF6PIA
PRELIMINARY LOCAL CLIMATOLOGICAL DATA (WS FORM: F-6)

                                          STATION:   PEORIA IL
                                          MONTH:     NOVEMBER
                                          YEAR:      2014
                                          LATITUDE:   40 40 N
                                          LONGITUDE:  89 41 W

  TEMPERATURE IN F:       :PCPN:    SNOW:  WIND      :SUNSHINE: SKY     :PK WND
================================================================================
1   2   3   4   5  6A  6B    7    8   9   10  11  12  13   14  15   16   17  18
                                     12Z  AVG MX 2MIN
DY MAX MIN AVG DEP HDD CDD  WTR  SNW DPTH SPD SPD DIR MIN PSBL S-S WX    SPD DR
================================================================================

 1  50  29  40  -8  25   0 0.00  0.0    0  4.1 15  40   M    M   0 8      21  40
 2  52  30  41  -7  24   0 0.00  0.0    0 12.9 23 170   M    M   5        30 170
 3  70  44  57   9   8   0 0.00  0.0    0 15.6 24 210   M    M   3        30 220
 4  61  41  51   4  14   0 0.03  0.0    0 10.6 20 300   M    M   4 1      29 300
 5  66  36  51   4  14   0 0.02  0.0    0  8.5 22 200   M    M   2 12     27 200
 6  52  32  42  -4  23   0 0.03  0.0    0  9.8 24 310   M    M   7 18     34 330
 7  50  26  38  -8  27   0 0.00  0.0    0  6.9 17 180   M    M   0        23 170
 8  51  33  42  -4  23   0 0.00  0.0    0  8.7 20 310   M    M   5        30 360
 9  60  31  46   1  19   0 0.00  0.0    0  9.2 22 230   M    M   3        28 240
10  69  45  57  13   8   0 0.00  0.0    0 14.7 31 190   M    M   2        39 170
11  58  31  45   1  20   0 0.10  0.0    0 12.6 16 300   M    M  10 8      28 280
12  31  24  28 -16  37   0    T    T    0  9.1 15 300   M    M   9        23 320
13  34  20  27 -16  38   0    T  0.1    0  8.3 16 280   M    M   8 8      24 300
14  29  17  23 -19  42   0 0.00  0.0    0  4.3 10 270   M    M   2        14 270
15  34  18  26 -16  39   0    T    T    0  2.6  9  90   M    M   6 8      12 170
16  33  19  26 -16  39   0    T    T    0  7.4 14 300   M    M   9 18     18 300
17  23  14  19 -22  46   0    T    T    0 13.2 28 280   M    M   5        38 270
18  22  12  17 -23  48   0    T    T    0 12.0 21 260   M    M   5        29 270
19  33  21  27 -13  38   0    T    T    0 13.4 24 300   M    M   9        35 280
20  34  18  26 -13  39   0    T    T    0  8.1 20 270   M    M   1        27 310
21  38  13  26 -13  39   0 0.09  0.0    0  8.8 20 170   M    M   3 16     27 160
================================================================================
SM  950  554       610   0  0.27     0.1 200.8          M       98
================================================================================
AV 45.2 26.4                               9.6 FASTST   M    M   5    MAX(MPH)
                                 MISC ---->  # 31 190               # 39  170
================================================================================
NOTES:
# LAST OF SEVERAL OCCURRENCES

COLUMN 17 PEAK WIND IN M.P.H.

PRELIMINARY LOCAL CLIMATOLOGICAL DATA (WS FORM: F-6) , PAGE 2

                                          STATION:  PEORIA IL
                                          MONTH:    NOVEMBER
                                          YEAR:     2014
                                          LATITUDE:   40 40 N
                                          LONGITUDE:  89 41 W

[TEMPERATURE DATA]      [PRECIPITATION DATA]       SYMBOLS USED IN COLUMN 16

AVERAGE MONTHLY: 35.8   TOTAL FOR MONTH:   0.27    1 = FOG OR MIST
DPTR FM NORMAL:  -8.0   DPTR FM NORMAL:   -1.93    2 = FOG REDUCING VISIBILITY
HIGHEST:    70 ON  3    GRTST 24HR  0.10 ON 11-11      TO 1/4 MILE OR LESS
LOWEST:     12 ON 18                               3 = THUNDER
                        SNOW, ICE PELLETS, HAIL    4 = ICE PELLETS
                        TOTAL MONTH:   0.1 INCH    5 = HAIL
                        GRTST 24HR   0.1 ON   M    6 = FREEZING RAIN OR DRIZZLE
                        GRTST DEPTH:   0           7 = DUSTSTORM OR SANDSTORM:
                                                       VSBY 1/2 MILE OR LESS
                                                   8 = SMOKE OR HAZE
[NO. OF DAYS WITH]      [WEATHER - DAYS WITH]      9 = BLOWING SNOW
                                                   X = TORNADO
MAX 32 OR BELOW:   4    0.01 INCH OR MORE:   5
MAX 90 OR ABOVE:   0    0.10 INCH OR MORE:   1
MIN 32 OR BELOW:  16    0.50 INCH OR MORE:   0
MIN  0 OR BELOW:   0    1.00 INCH OR MORE:   0

[HDD (BASE 65) ]
TOTAL THIS MO.   610    CLEAR  (SCALE 0-3)   8
DPTR FM NORMAL   167    PTCLDY (SCALE 4-7)   9
TOTAL FM JUL 1   986    CLOUDY (SCALE 8-10)  4
DPTR FM NORMAL    97

[CDD (BASE 65) ]
TOTAL THIS MO.     0
DPTR FM NORMAL     0    [PRESSURE DATA]
TOTAL FM JAN 1  1156    HIGHEST SLP M ON M
DPTR FM NORMAL   117    LOWEST  SLP 29.47 ON 10

[REMARKS]




U.S. Dept. of Commerce
NOAA National Weather Service
1325 East West Highway
Silver Spring, MD 20910
E-mail: w-nws.webmaster@noaa.gov
Page last modified: May 16, 2007
NATIONAL WEATHER SERVICE: for Safety, for Work, for Fun - FOR LIFE