322
CXUS55 KPSR 011005
CF6PHX
PRELIMINARY LOCAL CLIMATOLOGICAL DATA (WS FORM: F-6)

                                          STATION:   PHOENIX AZ
                                          MONTH:     JULY
                                          YEAR:      2014
                                          LATITUDE:   33 25 N
                                          LONGITUDE: 112  1 W

  TEMPERATURE IN F:       :PCPN:    SNOW:  WIND      :SUNSHINE: SKY     :PK WND
================================================================================
1   2   3   4   5  6A  6B    7    8   9   10  11  12  13   14  15   16   17  18
                                     12Z  AVG MX 2MIN
DY MAX MIN AVG DEP HDD CDD  WTR  SNW DPTH SPD SPD DIR MIN PSBL S-S WX    SPD DR
================================================================================

 1 109  86  98   4   0  33 0.00  0.0    0  6.3 17 280   M    M   3        22 270
 2 109  86  98   4   0  33 0.00  0.0    0  6.0 16 280   M    M   2        21 280
 3 108  79  94   0   0  29    T  0.0    0  8.3 44 150   M    M   4 378    56 150
 4  98  81  90  -5   0  25 0.00  0.0    0  5.5 14 280   M    M   8        18 270
 5 103  84  94  -1   0  29 0.01  0.0    0  7.8 30 270   M    M   6        38 280
 6 105  84  95   0   0  30 0.00  0.0    0  6.9 25 300   M    M   7        29 320
 7 108  88  98   3   0  33 0.00  0.0    0  7.0 22 140   M    M   6        30 140
 8 105  86  96   1   0  31    T  0.0    0  8.4 28 300   M    M   7 3      33 290
 9 101  83  92  -3   0  27    T  0.0    0  6.7 17 260   M    M   8        22 340
10 105  87  96   1   0  31 0.00  0.0    0  8.0 20 280   M    M   6        27 270
11 107  88  98   3   0  33 0.00  0.0    0  7.7 21 270   M    M   5        25 290
12 110  88  99   4   0  34 0.00  0.0    0  8.3 20 120   M    M   7        24 110
13 110  80  95   0   0  30 0.03  0.0    0 10.8 41 150   M    M   7 38     56 140
14 103  81  92  -3   0  27 0.02  0.0    0  7.3 28  30   M    M   7 3      34  30
15 103  86  95   0   0  30    T  0.0    0  6.7 25  40   M    M   7 38     30  30
16 107  84  96   1   0  31 0.00  0.0    0  7.3 23 280   M    M   5 8      29 270
17 105  86  96   1   0  31 0.00  0.0    0  6.9 17 270   M    M   5        22 270
18 105  83  94  -1   0  29 0.00  0.0    0  6.3 18 270   M    M   4        21 270
19 104  88  96   1   0  31    T  0.0    0  6.5 16 300   M    M   5        20 320
20 106  85  96   1   0  31 0.00  0.0    0  6.1 14 270   M    M   4        19 300
21 107  85  96   1   0  31 0.00  0.0    0  5.7 15 270   M    M   3        22 270
22 113  89 101   6   0  36 0.00  0.0    0  6.6 18 290   M    M   4        23 280
23 114  94 104   9   0  39    T  0.0    0  7.4 25  30   M    M   7        28  30
24 116  93 105  10   0  40    T  0.0    0  9.5 21 190   M    M   6        26 190
25 109  87  98   3   0  33    T  0.0    0 10.6 32 180   M    M   6 78     46 190
26 108  83  96   1   0  31    T  0.0    0  9.6 31  70   M    M   4 378    38  70
27 104  83  94  -1   0  29    T  0.0    0 10.7 26 130   M    M   7 378    32 130
28 107  85  96   1   0  31 0.00  0.0    0  6.8 16 120   M    M   6        21 320
29 110  92 101   7   0  36 0.00  0.0    0  7.9 20 270   M    M   4        24 270
30 111  92 102   8   0  37 0.00  0.0    0  5.4 16 270   M    M   3        20 270
31 109  87  98   4   0  33    T  0.0    0  8.3 28 290   M    M   6 3      34 290
================================================================================
SM 3319 2663         0 984  0.06     0.0 233.3          M      169
================================================================================
AV107.1 85.9                               7.5 FASTST   M    M   5    MAX(MPH)
                                 MISC ---->  # 44 150               # 56  150
================================================================================
NOTES:
# LAST OF SEVERAL OCCURRENCES

COLUMN 17 PEAK WIND IN M.P.H.

PRELIMINARY LOCAL CLIMATOLOGICAL DATA (WS FORM: F-6) , PAGE 2

                                          STATION:  PHOENIX AZ
                                          MONTH:    JULY
                                          YEAR:     2014
                                          LATITUDE:   33 25 N
                                          LONGITUDE: 112  1 W

[TEMPERATURE DATA]      [PRECIPITATION DATA]       SYMBOLS USED IN COLUMN 16

AVERAGE MONTHLY: 96.5   TOTAL FOR MONTH:   0.06    1 = FOG OR MIST
DPTR FM NORMAL:   1.7   DPTR FM NORMAL:   -0.99    2 = FOG REDUCING VISIBILITY
HIGHEST:   116 ON 24    GRTST 24HR  0.05 ON 13-14      TO 1/4 MILE OR LESS
LOWEST:     79 ON  3                               3 = THUNDER
                        SNOW, ICE PELLETS, HAIL    4 = ICE PELLETS
                        TOTAL MONTH:   0.0 INCH    5 = HAIL
                        GRTST 24HR     0.0         6 = FREEZING RAIN OR DRIZZLE
                        GRTST DEPTH:   0           7 = DUSTSTORM OR SANDSTORM:
                                                       VSBY 1/2 MILE OR LESS
                                                   8 = SMOKE OR HAZE
[NO. OF DAYS WITH]      [WEATHER - DAYS WITH]      9 = BLOWING SNOW
                                                   X = TORNADO
MAX 32 OR BELOW:   0    0.01 INCH OR MORE:   3
MAX 90 OR ABOVE:  31    0.10 INCH OR MORE:   0
MIN 32 OR BELOW:   0    0.50 INCH OR MORE:   0
MIN  0 OR BELOW:   0    1.00 INCH OR MORE:   0

[HDD (BASE 65) ]
TOTAL THIS MO.     0    CLEAR  (SCALE 0-3)   3
DPTR FM NORMAL     0    PTCLDY (SCALE 4-7)  28
TOTAL FM JUL 1     0    CLOUDY (SCALE 8-10)  0
DPTR FM NORMAL     0

[CDD (BASE 65) ]
TOTAL THIS MO.   984
DPTR FM NORMAL    60    [PRESSURE DATA]
TOTAL FM JAN 1  2914    HIGHEST SLP 30.00 ON 27
DPTR FM NORMAL   330    LOWEST  SLP 29.61 ON 24

[REMARKS]
#FINAL-07-14#




U.S. Dept. of Commerce
NOAA National Weather Service
1325 East West Highway
Silver Spring, MD 20910
E-mail: w-nws.webmaster@noaa.gov
Page last modified: May 16, 2007
NATIONAL WEATHER SERVICE: for Safety, for Work, for Fun - FOR LIFE