036
CXUS55 KPSR 011135 CCA
CF6PHX

PRELIMINARY LOCAL CLIMATOLOGICAL DATA (WS FORM: F-6)

                                          STATION:   PHOENIX AZ
                                          MONTH:     NOVEMBER
                                          YEAR:      2014
                                          LATITUDE:   33 25 N
                                          LONGITUDE: 112  1 W

  TEMPERATURE IN F:       :PCPN:    SNOW:  WIND      :SUNSHINE: SKY     :PK WND
================================================================================
1   2   3   4   5  6A  6B    7    8   9   10  11  12  13   14  15   16   17  18
                                     12Z  AVG MX 2MIN
DY MAX MIN AVG DEP HDD CDD  WTR  SNW DPTH SPD SPD DIR MIN PSBL S-S WX    SPD DR
================================================================================

 1  83  69  76   6   0  11 0.00  0.0    0  6.7 20 280   M    M   6        24 280
 2  73  60  67  -3   0   2 0.00  0.0    0  8.8 18 270   M    M   6        24 260
 3  75  53  64  -5   1   0 0.00  0.0    0  6.1 18 290   M    M   1        22 280
 4  81  53  67  -2   0   2 0.00  0.0    0  6.6 18  30   M    M   1        25 360
 5  85  60  73   4   0   8 0.00  0.0    0  6.2 21  30   M    M   0        25  30
 6  86  60  73   5   0   8 0.00  0.0    0  7.4 17  70   M    M   0        21  70
 7  84  59  72   4   0   7 0.00  0.0    0  4.8 10 100   M    M   0        14  20
 8  90  58  74   7   0   9 0.00  0.0    0  3.6  9 140   M    M   1        12 110
 9  87  61  74   7   0   9 0.00  0.0    0  4.0 15 100   M    M   1        20  60
10  84  59  72   6   0   7 0.00  0.0    0  5.7 14 130   M    M   1        18 120
11  84  58  71   5   0   6 0.00  0.0    0  5.9 12 180   M    M   1        15 210
12  80  60  70   4   0   5 0.00  0.0    0  5.3 12 320   M    M   3        20 350
13  80  61  71   6   0   6 0.00  0.0    0  5.8 13 270   M    M   6        19 310
14  73  61  67   2   0   2 0.00  0.0    0  5.6 13 290   M    M   7        21 320
15  77  57  67   3   0   2 0.00  0.0    0  6.1 12 270   M    M   3        17 200
16  71  53  62  -2   3   0 0.00  0.0    0  8.3 24 360   M    M   2        30 360
17  71  47  59  -4   6   0 0.00  0.0    0  5.7 18  50   M    M   3        24  40
18  74  47  61  -2   4   0 0.00  0.0    0  5.4 18  60   M    M   3        21  60
19  74  50  62   0   3   0 0.00  0.0    0  3.0 14  90   M    M   4        18  80
20  74  48  61  -1   4   0 0.00  0.0    0  5.2 10 100   M    M   3        12 100
21  72  53  63   1   2   0 0.00  0.0    0  4.5 16 250   M    M   6        22 350
22  72  46  59  -2   6   0 0.00  0.0    0  5.4 12 110   M    M   2        13 110
23  74  48  61   0   4   0 0.00  0.0    0  6.8 20 300   M    M   3        30 300
24  71  42  57  -3   8   0 0.00  0.0    0  6.8 22  40   M    M   2        29  30
25  69  46  58  -2   7   0 0.00  0.0    0  4.9 13  30   M    M   1        17  90
26  74  44  59  -1   6   0 0.00  0.0    0  4.4 10 100   M    M   0        11 100
27  87  47  67   8   0   2 0.00  0.0    0  2.8  9  90   M    M   1        11 100
28  84  52  68   9   0   3 0.00  0.0    0  3.7 12 130   M    M   0        14 120
29  80  51  66   7   0   1 0.00  0.0    0  5.1 12  80   M    M   1        14 130
30  80  53  67   9   0   2 0.00  0.0    0  7.3 17 190   M    M   4        22 190
================================================================================
SM 2349 1616        54  92  0.00     0.0 167.9          M       72
================================================================================
AV 78.3 53.9                               5.6 FASTST   M    M   2    MAX(MPH)
                                 MISC ---->  # 24 360               # 30  360
================================================================================
NOTES:
# LAST OF SEVERAL OCCURRENCES

COLUMN 17 PEAK WIND IN M.P.H.

PRELIMINARY LOCAL CLIMATOLOGICAL DATA (WS FORM: F-6) , PAGE 2

                                          STATION:  PHOENIX AZ
                                          MONTH:    NOVEMBER
                                          YEAR:     2014
                                          LATITUDE:   33 25 N
                                          LONGITUDE: 112  1 W

[TEMPERATURE DATA]      [PRECIPITATION DATA]       SYMBOLS USED IN COLUMN 16

AVERAGE MONTHLY: 66.1   TOTAL FOR MONTH:   0.00    1 = FOG OR MIST
DPTR FM NORMAL:   2.0   DPTR FM NORMAL:   -0.65    2 = FOG REDUCING VISIBILITY
HIGHEST:    90 ON  8    GRTST 24HR  0.00 ON 30-30      TO 1/4 MILE OR LESS
LOWEST:     42 ON 24                               3 = THUNDER
                        SNOW, ICE PELLETS, HAIL    4 = ICE PELLETS
                        TOTAL MONTH:   0.0 INCH    5 = HAIL
                        GRTST 24HR     0.0         6 = FREEZING RAIN OR DRIZZLE
                        GRTST DEPTH:   0           7 = DUSTSTORM OR SANDSTORM:
                                                       VSBY 1/2 MILE OR LESS
                                                   8 = SMOKE OR HAZE
[NO. OF DAYS WITH]      [WEATHER - DAYS WITH]      9 = BLOWING SNOW
                                                   X = TORNADO
MAX 32 OR BELOW:   0    0.01 INCH OR MORE:   0
MAX 90 OR ABOVE:   1    0.10 INCH OR MORE:   0
MIN 32 OR BELOW:   0    0.50 INCH OR MORE:   0
MIN  0 OR BELOW:   0    1.00 INCH OR MORE:   0

[HDD (BASE 65) ]
TOTAL THIS MO.    54    CLEAR  (SCALE 0-3)  22
DPTR FM NORMAL   -43    PTCLDY (SCALE 4-7)   8
TOTAL FM JUL 1    54    CLOUDY (SCALE 8-10)  0
DPTR FM NORMAL   -49

[CDD (BASE 65) ]
TOTAL THIS MO.    92
DPTR FM NORMAL    22    [PRESSURE DATA]
TOTAL FM JAN 1  5036    HIGHEST SLP M ON M
DPTR FM NORMAL   430    LOWEST  SLP 29.69 ON 10

[REMARKS]
#FINAL-11-14#







U.S. Dept. of Commerce
NOAA National Weather Service
1325 East West Highway
Silver Spring, MD 20910
E-mail: w-nws.webmaster@noaa.gov
Page last modified: May 16, 2007
NATIONAL WEATHER SERVICE: for Safety, for Work, for Fun - FOR LIFE