278
CXUS55 KPSR 301005
CF6PHX
PRELIMINARY LOCAL CLIMATOLOGICAL DATA (WS FORM: F-6)

                                          STATION:   PHOENIX AZ
                                          MONTH:     SEPTEMBER
                                          YEAR:      2014
                                          LATITUDE:   33 25 N
                                          LONGITUDE: 112  1 W

  TEMPERATURE IN F:       :PCPN:    SNOW:  WIND      :SUNSHINE: SKY     :PK WND
================================================================================
1   2   3   4   5  6A  6B    7    8   9   10  11  12  13   14  15   16   17  18
                                     12Z  AVG MX 2MIN
DY MAX MIN AVG DEP HDD CDD  WTR  SNW DPTH SPD SPD DIR MIN PSBL S-S WX    SPD DR
================================================================================

 1 108  81  95   3   0  30 0.00  0.0    0  6.4 13 150   M    M   1        16 200
 2 109  82  96   4   0  31 0.00  0.0    0  5.3 12 270   M    M   1        17 360
 3 108  84  96   4   0  31 0.00  0.0    0  5.4 12 100   M    M   3        14  10
 4 107  83  95   3   0  30    T  0.0    0  7.9 24 100   M    M   6 3      32 110
 5 101  80  91  -1   0  26 0.00  0.0    0  5.7 14 310   M    M   2        17 340
 6 105  86  96   5   0  31 0.00  0.0    0  9.5 30 180   M    M   4 378    38 170
 7 104  84  94   3   0  29 0.00  0.0    0  7.9 22 260   M    M   5        27 270
 8  90  71  81 -10   0  16 3.30  0.0    0  8.1 29 170   M    M   8 13     37 170
 9  92  79  86  -5   0  21    T  0.0    0  5.9 20 270   M    M   7        24 260
10  97  79  88  -2   0  23 0.00  0.0    0  3.8 10 260   M    M   5        14 240
11 100  79  90   0   0  25 0.00  0.0    0  5.5 12 230   M    M   1        17  70
12 104  78  91   1   0  26 0.00  0.0    0  6.4 16 120   M    M   1        22 130
13 100  83  92   2   0  27 0.00  0.0    0  9.6 22 120   M    M   2        28 120
14 102  81  92   3   0  27 0.00  0.0    0  6.1 16  70   M    M   1        20 110
15 105  87  96   7   0  31 0.00  0.0    0  6.9 16  60   M    M   3        21  50
16  92  80  86  -3   0  21 0.01  0.0    0 10.4 21 160   M    M   8        28 150
17  89  78  84  -4   0  19 0.14  0.0    0  8.1 18  40   M    M   8 1      23  50
18  96  76  86  -2   0  21 0.00  0.0    0  4.8 13 180   M    M   2        16 180
19  98  82  90   2   0  25 0.00  0.0    0  4.7 13 260   M    M   4        17 220
20  99  81  90   3   0  25 0.00  0.0    0  5.4 17 220   M    M   5        20 220
21  99  80  90   3   0  25 0.00  0.0    0  5.0 12 290   M    M   3        18 330
22 101  80  91   5   0  26 0.00  0.0    0  5.5 16 260   M    M   3        19 260
23 102  77  90   4   0  25 0.00  0.0    0  4.5 14 310   M    M   1        21 320
24 104  77  91   5   0  26 0.00  0.0    0  3.6 10 290   M    M   1        17 330
25 103  81  92   7   0  27 0.00  0.0    0  4.6 12 180   M    M   2        15 200
26 101  82  92   7   0  27 0.00  0.0    0  6.0 22 240   M    M   4        27 240
27  95  69  82  -2   0  17 1.64  0.0    0 10.8 54 260   M    M   7 13     66 260
28  87  71  79  -5   0  14 0.02  0.0    0  5.8 16 270   M    M   3        21 270
29  89  67  78  -6   0  13 0.00  0.0    0  4.2 10 240   M    M   1        12 300
================================================================================
SM 2887 2298         0 715  5.11     0.0 183.8          M      102
================================================================================
AV 99.6 79.2                               6.3 FASTST   M    M   4    MAX(MPH)
                                 MISC ---->  # 54 260               # 66  260
================================================================================
NOTES:
# LAST OF SEVERAL OCCURRENCES

COLUMN 17 PEAK WIND IN M.P.H.

PRELIMINARY LOCAL CLIMATOLOGICAL DATA (WS FORM: F-6) , PAGE 2

                                          STATION:  PHOENIX AZ
                                          MONTH:    SEPTEMBER
                                          YEAR:     2014
                                          LATITUDE:   33 25 N
                                          LONGITUDE: 112  1 W

[TEMPERATURE DATA]      [PRECIPITATION DATA]       SYMBOLS USED IN COLUMN 16

AVERAGE MONTHLY: 89.4   TOTAL FOR MONTH:   5.11    1 = FOG OR MIST
DPTR FM NORMAL:   0.8   DPTR FM NORMAL:    4.49    2 = FOG REDUCING VISIBILITY
HIGHEST:   109 ON  2    GRTST 24HR  3.30 ON  8- 8      TO 1/4 MILE OR LESS
LOWEST:     67 ON 29                               3 = THUNDER
                        SNOW, ICE PELLETS, HAIL    4 = ICE PELLETS
                        TOTAL MONTH:   0.0 INCH    5 = HAIL
                        GRTST 24HR     0.0         6 = FREEZING RAIN OR DRIZZLE
                        GRTST DEPTH:   0           7 = DUSTSTORM OR SANDSTORM:
                                                       VSBY 1/2 MILE OR LESS
                                                   8 = SMOKE OR HAZE
[NO. OF DAYS WITH]      [WEATHER - DAYS WITH]      9 = BLOWING SNOW
                                                   X = TORNADO
MAX 32 OR BELOW:   0    0.01 INCH OR MORE:   5
MAX 90 OR ABOVE:  26    0.10 INCH OR MORE:   3
MIN 32 OR BELOW:   0    0.50 INCH OR MORE:   2
MIN  0 OR BELOW:   0    1.00 INCH OR MORE:   2

[HDD (BASE 65) ]
TOTAL THIS MO.     0    CLEAR  (SCALE 0-3)  16
DPTR FM NORMAL     0    PTCLDY (SCALE 4-7)  11
TOTAL FM JUL 1     0    CLOUDY (SCALE 8-10)  2
DPTR FM NORMAL     0

[CDD (BASE 65) ]
TOTAL THIS MO.   715
DPTR FM NORMAL    31    [PRESSURE DATA]
TOTAL FM JAN 1  4460    HIGHEST SLP M ON M
DPTR FM NORMAL   307    LOWEST  SLP 29.53 ON  3

[REMARKS]




U.S. Dept. of Commerce
NOAA National Weather Service
1325 East West Highway
Silver Spring, MD 20910
E-mail: w-nws.webmaster@noaa.gov
Page last modified: May 16, 2007
NATIONAL WEATHER SERVICE: for Safety, for Work, for Fun - FOR LIFE