588
CXUS53 KUNR 010945
CF6PHP
PRELIMINARY LOCAL CLIMATOLOGICAL DATA (WS FORM: F-6)

                                          STATION:   PHILIP SD
                                          MONTH:     JANUARY
                                          YEAR:      2015
                                          LATITUDE:   44  3 N
                                          LONGITUDE: 101 36 W

  TEMPERATURE IN F:       :PCPN:    SNOW:  WIND      :SUNSHINE: SKY     :PK WND
================================================================================
1   2   3   4   5  6A  6B    7    8   9   10  11  12  13   14  15   16   17  18
                                     12Z  AVG MX 2MIN
DY MAX MIN AVG DEP HDD CDD  WTR  SNW DPTH SPD SPD DIR MIN PSBL S-S WX    SPD DR
================================================================================

 1  33  10  22   1  43   0 0.00    M    M  9.4 18 260   M    M   3        26 230
 2  34   5  20  -1  45   0 0.00    M    M  4.6 14 160   M    M   0        17 170
 3  37  -4  17  -4  48   0    T    M    M 18.1 36 340   M    M   9 9      44 340
 4   8 -12  -2 -23  67   0 0.01    M    M  6.7 13 330   M    M   6 8      15 310
 5  23   1  12  -9  53   0    T    M    M 12.5 32 350   M    M   8        38 340
 6  16  -1   8 -13  57   0    T    M    M  9.3 22 330   M    M   7        26 340
 7  26 -12   7 -15  58   0 0.00    M    M 10.7 22 340   M    M   1        27 330
 8  36   3  20  -2  45   0    T    M    M 21.0 41 330   M    M   4        49 330
 9  15  -4   6 -16  59   0 0.00    M    M  9.5 20 290   M    M   0        23 290
10  29  -6  12 -10  53   0 0.00    M    M  7.0 15 350   M    M   0        18 350
11  17   2  10 -12  55   0 0.00    M    M  7.9 14 350   M    M   4       107 210
12  12 -13   0 -22  65   0    T    M    M  6.9 14 140   M    M   1        17 130
13  30  11  21  -1  44   0    T    M    M  7.2 14 280   M    M   6        16 290
14  35  13  24   2  41   0 0.00    M    M 10.6 16 250   M    M   0        19 250
15  44  21  33  11  32   0 0.00    M    M  9.6 17 260   M    M   0        20 290
16  51  21  36  14  29   0    T    M    M  8.2 28 310   M    M   2        35 310
17  46  30  38  16  27   0 0.00    M    M 17.2 33 300   M    M   1        42 290
18  54  20  37  15  28   0    T    M    M  6.3 17 300   M    M   2        19 310
19  52  33  43  21  22   0    T    M    M 13.8 33 300   M    M   3        40 300
20  47  28  38  16  27   0 0.00    M    M 14.6 31 310   M    M   3        40 310
21  36  20  28   6  37   0    T    M    M 12.7 24 330   M    M   9 1      31 320
22  47  13  30   8  35   0 0.00    M    M  7.2 22 250   M    M   0        27 240
23  54  26  40  18  25   0 0.00    M    M 11.7 24 320   M    M   3        29 330
24  55  28  42  19  23   0    T    M    M 20.1 44 310   M    M   5        55 320
25  49  32  41  18  24   0 0.00    M    M 10.3 23 330   M    M   2        27 310
26  64  27  46  23  19   0 0.00    M    M  8.2 21 330   M    M   0        27 300
27  75  27  51  28  14   0 0.00    M    M  4.2 16 260   M    M   0        18 260
28  60  34  47  24  18   0 0.00    M    M 19.8 38 330   M    M   4        47 320
29  46  20  33  10  32   0 0.00    M    M  9.7 23 330   M    M   3        29 330
30  55  17  36  13  29   0 0.00    M    M  4.4 15 340   M    M   0        17 340
31  27  10  19  -4  46   0 0.01    M    M 12.1 20  50   M    M   8 126    24  50
================================================================================
SM 1213  400      1200   0  0.02    M    331.5          M       94
================================================================================
AV 39.1 12.9                              10.7 FASTST   M    M   3    MAX(MPH)
                                 MISC ---->  # 44 310               #107  210
================================================================================
NOTES:
# LAST OF SEVERAL OCCURRENCES

COLUMN 17 PEAK WIND IN M.P.H.

PRELIMINARY LOCAL CLIMATOLOGICAL DATA (WS FORM: F-6) , PAGE 2

                                          STATION:  PHILIP SD
                                          MONTH:    JANUARY
                                          YEAR:     2015
                                          LATITUDE:   44  3 N
                                          LONGITUDE: 101 36 W

[TEMPERATURE DATA]      [PRECIPITATION DATA]       SYMBOLS USED IN COLUMN 16

AVERAGE MONTHLY: 26.0   TOTAL FOR MONTH:   0.02    1 = FOG OR MIST
DPTR FM NORMAL:   3.9   DPTR FM NORMAL:   -0.28    2 = FOG REDUCING VISIBILITY
HIGHEST:    75 ON 27    GRTST 24HR  0.01 ON 31-31      TO 1/4 MILE OR LESS
LOWEST:    -13 ON 12                               3 = THUNDER
                        SNOW, ICE PELLETS, HAIL    4 = ICE PELLETS
                        TOTAL MONTH:    M          5 = HAIL
                        GRTST 24HR    M  ON   M    6 = FREEZING RAIN OR DRIZZLE
                        GRTST DEPTH:  M  ON   M    7 = DUSTSTORM OR SANDSTORM:
                                                       VSBY 1/2 MILE OR LESS
                                                   8 = SMOKE OR HAZE
[NO. OF DAYS WITH]      [WEATHER - DAYS WITH]      9 = BLOWING SNOW
                                                   X = TORNADO
MAX 32 OR BELOW:  10    0.01 INCH OR MORE:   2
MAX 90 OR ABOVE:   0    0.10 INCH OR MORE:   0
MIN 32 OR BELOW:  29    0.50 INCH OR MORE:   0
MIN  0 OR BELOW:   7    1.00 INCH OR MORE:   0

[HDD (BASE 65) ]
TOTAL THIS MO.  1200    CLEAR  (SCALE 0-3)  19
DPTR FM NORMAL  -130    PTCLDY (SCALE 4-7)  10
TOTAL FM JUL 1  4046    CLOUDY (SCALE 8-10)  2
DPTR FM NORMAL  -219

[CDD (BASE 65) ]
TOTAL THIS MO.     0
DPTR FM NORMAL     0    [PRESSURE DATA]
TOTAL FM JAN 1     0    HIGHEST SLP 31.20 ON  7
DPTR FM NORMAL     0    LOWEST  SLP 29.67 ON 24

[REMARKS]
#FINAL-01-15#




U.S. Dept. of Commerce
NOAA National Weather Service
1325 East West Highway
Silver Spring, MD 20910
E-mail: w-nws.webmaster@noaa.gov
Page last modified: May 16, 2007
NATIONAL WEATHER SERVICE: for Safety, for Work, for Fun - FOR LIFE