277
CXUS53 KUNR 310945
CF6PHP
PRELIMINARY LOCAL CLIMATOLOGICAL DATA (WS FORM: F-6)

                                          STATION:   PHILIP SD
                                          MONTH:     AUGUST
                                          YEAR:      2014
                                          LATITUDE:   44  3 N
                                          LONGITUDE: 101 36 W

  TEMPERATURE IN F:       :PCPN:    SNOW:  WIND      :SUNSHINE: SKY     :PK WND
================================================================================
1   2   3   4   5  6A  6B    7    8   9   10  11  12  13   14  15   16   17  18
                                     12Z  AVG MX 2MIN
DY MAX MIN AVG DEP HDD CDD  WTR  SNW DPTH SPD SPD DIR MIN PSBL S-S WX    SPD DR
================================================================================

 1  99  53  76   0   0  11    T    M    M  4.4 25 230   M    M   0 3      31 240
 2  91  58  75  -1   0  10 0.00    M    M  8.1 17  20   M    M   0        22  20
 3  91  55  73  -3   0   8 0.00    M    M  7.6 16  90   M    M   0        22 140
 4  88  66  77   1   0  12 0.01    M    M 12.5 23  80   M    M   1        31  80
 5  78  65  72  -4   0   7 0.62    M    M 12.4 23  80   M    M   7 13     29  90
 6  79  64  72  -4   0   7 0.35    M    M  9.4 18  80   M    M   9 1      22  80
 7  84  65  75  -1   0  10 0.00    M    M  7.8 16  80   M    M   5        24 100
 8  73  60  67  -9   0   2 0.04    M    M  6.8 13 140   M    M   5 13     16 150
 9  88  62  75   0   0  10 0.00    M    M  4.5 14  40   M    M   5 1      16  40
10  84  58  71  -4   0   6    T    M    M  9.3 20  10   M    M   3 3      25 340
11  82  49  66  -9   0   1 0.00    M    M  4.6 13  70   M    M   0        19  70
12  90  50  70  -5   0   5 0.00    M    M  6.7 18 120   M    M   0        25 120
13  97  64  81   6   0  16 0.00    M    M 12.9 25 130   M    M   0        35 130
14 100  71  86  12   0  21 0.27    M    M  9.6 40 240   M    M   1 3      50 230
15  90  66  78   4   0  13 0.00    M    M  8.1 17 300   M    M   2        24 300
16  91  64  78   4   0  13 0.00    M    M 11.0 22 320   M    M   1        27 310
17  84  60  72  -2   0   7 0.27    M    M  8.3 28 140   M    M   2 13     38 140
18  86  59  73  -1   0   8 0.00    M    M 12.0 29 320   M    M   0        37 320
19  93  55  74   1   0   9 0.00    M    M  8.5 20 100   M    M   0        26 110
20  95  66  81   8   0  16 0.00    M    M  7.9 21 310   M    M   2        32 280
21  91  60  76   3   0  11 0.03    M    M  6.7 23 260   M    M   1 3      30 280
22  84  64  74   2   0   9    T    M    M  9.6 21  80   M    M   5 3      25  70
23  81  64  73   1   0   8 2.10    M    M  6.5 15  90   M    M   7 1      18  90
24  81  53  67  -5   0   2 0.00    M    M 11.9 24 250   M    M   1        32 240
25  74  50  62  -9   3   0 0.00    M    M 10.2 24 320   M    M   1        29 310
26  78  51  65  -6   0   0    T    M    M 10.2 18  80   M    M   3        24  90
27  75  54  65  -6   0   0 0.22    M    M  5.0 12  60   M    M   7 123    14  60
28  77  59  68  -2   0   3 0.28    M    M  6.1 14 330   M    M   4 1      18 320
29  80  55  68  -2   0   3    T    M    M 10.4 29 350   M    M   2 1      36 350
30  89  51  70   0   0   5    T    M    M 12.6 37 190   M    M   2 12     50 200
================================================================================
SM 2573 1771         3 233  4.19    M    261.6          M       76
================================================================================
AV 85.8 59.0                               8.7 FASTST   M    M   3    MAX(MPH)
                                 MISC ---->  # 40 240               # 50  230
================================================================================
NOTES:
# LAST OF SEVERAL OCCURRENCES

COLUMN 17 PEAK WIND IN M.P.H.

PRELIMINARY LOCAL CLIMATOLOGICAL DATA (WS FORM: F-6) , PAGE 2

                                          STATION:  PHILIP SD
                                          MONTH:    AUGUST
                                          YEAR:     2014
                                          LATITUDE:   44  3 N
                                          LONGITUDE: 101 36 W

[TEMPERATURE DATA]      [PRECIPITATION DATA]       SYMBOLS USED IN COLUMN 16

AVERAGE MONTHLY: 72.4   TOTAL FOR MONTH:   4.19    1 = FOG OR MIST
DPTR FM NORMAL:  -1.3   DPTR FM NORMAL:    2.74    2 = FOG REDUCING VISIBILITY
HIGHEST:   100 ON 14    GRTST 24HR  2.10 ON 22-23      TO 1/4 MILE OR LESS
LOWEST:     49 ON 11                               3 = THUNDER
                        SNOW, ICE PELLETS, HAIL    4 = ICE PELLETS
                        TOTAL MONTH:    M          5 = HAIL
                        GRTST 24HR    M  ON   M    6 = FREEZING RAIN OR DRIZZLE
                        GRTST DEPTH:  M  ON   M    7 = DUSTSTORM OR SANDSTORM:
                                                       VSBY 1/2 MILE OR LESS
                                                   8 = SMOKE OR HAZE
[NO. OF DAYS WITH]      [WEATHER - DAYS WITH]      9 = BLOWING SNOW
                                                   X = TORNADO
MAX 32 OR BELOW:   0    0.01 INCH OR MORE:  10
MAX 90 OR ABOVE:  11    0.10 INCH OR MORE:   7
MIN 32 OR BELOW:   0    0.50 INCH OR MORE:   2
MIN  0 OR BELOW:   0    1.00 INCH OR MORE:   1

[HDD (BASE 65) ]
TOTAL THIS MO.     3    CLEAR  (SCALE 0-3)  21
DPTR FM NORMAL    -8    PTCLDY (SCALE 4-7)   8
TOTAL FM JUL 1    19    CLOUDY (SCALE 8-10)  1
DPTR FM NORMAL     0

[CDD (BASE 65) ]
TOTAL THIS MO.   233
DPTR FM NORMAL   -40    [PRESSURE DATA]
TOTAL FM JAN 1   579    HIGHEST SLP M ON M
DPTR FM NORMAL  -149    LOWEST  SLP 29.52 ON 30

[REMARKS]




U.S. Dept. of Commerce
NOAA National Weather Service
1325 East West Highway
Silver Spring, MD 20910
E-mail: w-nws.webmaster@noaa.gov
Page last modified: May 16, 2007
NATIONAL WEATHER SERVICE: for Safety, for Work, for Fun - FOR LIFE