355
CXUS53 KUNR 010945
CF6PHP
PRELIMINARY LOCAL CLIMATOLOGICAL DATA (WS FORM: F-6)

                                          STATION:   PHILIP SD
                                          MONTH:     NOVEMBER
                                          YEAR:      2014
                                          LATITUDE:   44  3 N
                                          LONGITUDE: 101 36 W

  TEMPERATURE IN F:       :PCPN:    SNOW:  WIND      :SUNSHINE: SKY     :PK WND
================================================================================
1   2   3   4   5  6A  6B    7    8   9   10  11  12  13   14  15   16   17  18
                                     12Z  AVG MX 2MIN
DY MAX MIN AVG DEP HDD CDD  WTR  SNW DPTH SPD SPD DIR MIN PSBL S-S WX    SPD DR
================================================================================

 1  61  35  48   7  17   0 0.00    M    M 10.1 18 180   M    M   0        22 170
 2  70  35  53  12  12   0 0.00    M    M  5.6 18 360   M    M   1        24 360
 3  51  30  41   1  24   0    T    M    M 10.4 22 300   M    M   5        27 340
 4  63  29  46   6  19   0 0.00    M    M  9.5 22 290   M    M   1        27 310
 5  61  28  45   6  20   0    T    M    M 16.3 38 300   M    M   4        46 310
 6  63  26  45   6  20   0 0.00    M    M  6.0 12 140   M    M   2        15 170
 7  67  35  51  13  14   0    T    M    M 16.6 41 330   M    M   3        53 330
 8  61  24  43   5  22   0 0.00    M    M  6.7 13 260   M    M   0        17 270
 9  47  30  39   2  26   0    T    M    M 11.1 24  40   M    M   7 16     30  70
10  30  11  21 -16  44   0 0.16    M    M 18.6 28 350   M    M  10 1268   33 350
11  14   1   8 -28  57   0    T    M    M 16.5 28 330   M    M   7        32 330
12  17  -4   7 -29  58   0 0.00    M    M 17.2 32 320   M    M   1 8      39 310
13  12  -8   2 -33  63   0 0.00    M    M  6.9 13 260   M    M   0        15 270
14  21 -10   6 -29  59   0 0.05    M    M  5.4 17 360   M    M   5 18     20 350
15  15  -7   4 -30  61   0 0.05    M    M 15.9 26 340   M    M   7 189    32 340
16  25  -5  10 -24  55   0    T    M    M 17.3 36 330   M    M   4 9      45 330
17  18  -2   8 -25  57   0    T    M    M 14.5 29 330   M    M   6        37 330
18  39  -5  17 -16  48   0 0.00    M    M 12.3 31 320   M    M   4        38 320
19  30   6  18 -14  47   0    T    M    M  8.3 25 330   M    M   7        33 320
20  29  10  20 -12  45   0 0.00    M    M  4.9 13 120   M    M   3        15 110
21  55  12  34   3  31   0 0.00    M    M  6.8 14 260   M    M   1        16 260
22  65  21  43  12  22   0    T    M    M  6.6 26 320   M    M   1        32 330
23  50  40  45  15  20   0    T    M    M 20.5 39 320   M    M   5        54 320
24   M   M   M   M   M   M    M    M    M   M   M   M   M    M   M         M  M
25   M   M   M   M   M   M 0.01    M    M 10.0 31 330   M    M   6        50 320
26  31  18  25  -4  40   0    T    M    M  8.7 37 330   M    M   9        44 330
27  35  17  26  -2  39   0    T    M    M  9.3 17 110   M    M   7        21 110
28  63  22  43  15  22   0 0.00    M    M  4.2 12 240   M    M   0        14 250
29  51   7  29   1  36   0    T    M    M 13.8 23 350   M    M   4        30 350
30  14  -3   6 -21  59   0 0.01    M    M 11.0 24 340   M    M   2        29 330
================================================================================
SM 1158  393      1037   0  0.28    M    321.0          M      112
================================================================================
AV 41.4 14.0                              11.1 FASTST   M    M   4    MAX(MPH)
                                 MISC ---->  # 41 330                 54    M
================================================================================
NOTES:
# LAST OF SEVERAL OCCURRENCES

COLUMN 17 PEAK WIND IN M.P.H.

PRELIMINARY LOCAL CLIMATOLOGICAL DATA (WS FORM: F-6) , PAGE 2

                                          STATION:  PHILIP SD
                                          MONTH:    NOVEMBER
                                          YEAR:     2014
                                          LATITUDE:   44  3 N
                                          LONGITUDE: 101 36 W

[TEMPERATURE DATA]      [PRECIPITATION DATA]       SYMBOLS USED IN COLUMN 16

AVERAGE MONTHLY: 27.7   TOTAL FOR MONTH:   0.28    1 = FOG OR MIST
DPTR FM NORMAL:  -6.2   DPTR FM NORMAL:   -0.34    2 = FOG REDUCING VISIBILITY
HIGHEST:    70 ON  2    GRTST 24HR  0.16 ON 10-10      TO 1/4 MILE OR LESS
LOWEST:    -10 ON 14                               3 = THUNDER
                        SNOW, ICE PELLETS, HAIL    4 = ICE PELLETS
                        TOTAL MONTH:    M          5 = HAIL
                        GRTST 24HR    M  ON   M    6 = FREEZING RAIN OR DRIZZLE
                        GRTST DEPTH:  M  ON   M    7 = DUSTSTORM OR SANDSTORM:
                                                       VSBY 1/2 MILE OR LESS
                                                   8 = SMOKE OR HAZE
[NO. OF DAYS WITH]      [WEATHER - DAYS WITH]      9 = BLOWING SNOW
                                                   X = TORNADO
MAX 32 OR BELOW:  12    0.01 INCH OR MORE:   5
MAX 90 OR ABOVE:   0    0.10 INCH OR MORE:   1
MIN 32 OR BELOW:  24    0.50 INCH OR MORE:   0
MIN  0 OR BELOW:   8    1.00 INCH OR MORE:   0

[HDD (BASE 65) ]
TOTAL THIS MO.  1037    CLEAR  (SCALE 0-3)  12
DPTR FM NORMAL   105    PTCLDY (SCALE 4-7)  15
TOTAL FM JUL 1  1655    CLOUDY (SCALE 8-10)  2
DPTR FM NORMAL    20

[CDD (BASE 65) ]
TOTAL THIS MO.     0
DPTR FM NORMAL     0    [PRESSURE DATA]
TOTAL FM JAN 1   649    HIGHEST SLP 30.80 ON 12
DPTR FM NORMAL  -169    LOWEST  SLP 29.38 ON 22

[REMARKS]
#FINAL-11-14#




U.S. Dept. of Commerce
NOAA National Weather Service
1325 East West Highway
Silver Spring, MD 20910
E-mail: w-nws.webmaster@noaa.gov
Page last modified: May 16, 2007
NATIONAL WEATHER SERVICE: for Safety, for Work, for Fun - FOR LIFE