860
CXUS53 KUNR 010945
CF6PHP
PRELIMINARY LOCAL CLIMATOLOGICAL DATA (WS FORM: F-6)

                                          STATION:   PHILIP SD
                                          MONTH:     JULY
                                          YEAR:      2014
                                          LATITUDE:   44  3 N
                                          LONGITUDE: 101 36 W

  TEMPERATURE IN F:       :PCPN:    SNOW:  WIND      :SUNSHINE: SKY     :PK WND
================================================================================
1   2   3   4   5  6A  6B    7    8   9   10  11  12  13   14  15   16   17  18
                                     12Z  AVG MX 2MIN
DY MAX MIN AVG DEP HDD CDD  WTR  SNW DPTH SPD SPD DIR MIN PSBL S-S WX    SPD DR
================================================================================

 1  73  49  61 -11   4   0 0.00    M    M 17.9 35 340   M    M   3        43 340
 2  77  48  63  -9   2   0 0.00    M    M  4.3 10 330   M    M   2        15 310
 3  83  52  68  -4   0   3 0.00    M    M  9.8 17 100   M    M   0        21  90
 4  88  66  77   5   0  12 0.00    M    M  7.5 17 170   M    M   0 1      22 170
 5  95  63  79   6   0  14 0.00    M    M  4.5 10 160   M    M   0 1      17 160
 6  89  67  78   5   0  13    T    M    M  7.5 17 330   M    M   0 8      23 310
 7  84  56  70  -3   0   5    T    M    M 12.6 29 350   M    M   1 3      39  10
 8  82  53  68  -5   0   3 0.00    M    M  9.4 22 320   M    M   0        27 320
 9  82  51  67  -7   0   2 0.00    M    M  6.8 18 140   M    M   3        24 140
10  88  55  72  -2   0   7    T    M    M  4.6 21 140   M    M   0 1      25 140
11  93  64  79   5   0  14 0.01    M    M  7.1 17 260   M    M   1 3      24  20
12  86  63  75   1   0  10 0.00    M    M  6.5 17  40   M    M   3 8      21  40
13  88  59  74   0   0   9 0.00    M    M 10.2 23 340   M    M   2        32 340
14  73  48  61 -14   4   0 0.00    M    M 11.2 22 360   M    M   2        35  20
15  76  42  59 -16   6   0 0.00    M    M  6.5 16  90   M    M   1        21 140
16  81  49  65 -10   0   0 0.00    M    M  9.2 20 150   M    M   3        29 130
17  87  56  72  -3   0   7 0.00    M    M  5.2 13 190   M    M   1        20 210
18  95  62  79   4   0  14 0.00    M    M 10.4 23 330   M    M   0 3      30 340
19  92  62  77   2   0  12 0.07    M    M  5.3 25 330   M    M   2 3      29 330
20 102  62  82   6   0  17 0.00    M    M  4.8 14 130   M    M   0        19 140
21 103  64  84   8   0  19 0.02    M    M 10.7 28 290   M    M   0 13     33 310
22  89  63  76   0   0  11 0.01    M    M  7.5 17  80   M    M   0 3      23  90
23  93  66  80   4   0  15    T    M    M 10.8 22 130   M    M   0 3      27 130
24 106  67  87  11   0  22 0.00    M    M  8.7 22 290   M    M   0        30 300
25  91  64  78   2   0  13    T    M    M 11.0 21 340   M    M   1        31 310
26  90  56  73  -3   0   8 0.00    M    M 12.1 24 360   M    M   2        30 360
27  84  52  68  -8   0   3 0.00    M    M 10.8 23 340   M    M   0        31 340
28  84  48  66 -10   0   1 0.00    M    M  5.6 16  80   M    M   0 1      20  70
29  84  50  67  -9   0   2 0.00    M    M  3.6 13  70   M    M   0        15  60
30  91  50  71  -5   0   6 0.00    M    M  5.6 17 330   M    M   1        22 340
31  92  54  73  -3   0   8 0.00    M    M  6.4 17 340   M    M   0        23 340
================================================================================
SM 2721 1761        16 250  0.11    M    254.1          M       28
================================================================================
AV 87.8 56.8                               8.2 FASTST   M    M   1    MAX(MPH)
                                 MISC ---->  # 35 340               # 43  340
================================================================================
NOTES:
# LAST OF SEVERAL OCCURRENCES

COLUMN 17 PEAK WIND IN M.P.H.

PRELIMINARY LOCAL CLIMATOLOGICAL DATA (WS FORM: F-6) , PAGE 2

                                          STATION:  PHILIP SD
                                          MONTH:    JULY
                                          YEAR:     2014
                                          LATITUDE:   44  3 N
                                          LONGITUDE: 101 36 W

[TEMPERATURE DATA]      [PRECIPITATION DATA]       SYMBOLS USED IN COLUMN 16

AVERAGE MONTHLY: 72.3   TOTAL FOR MONTH:   0.11    1 = FOG OR MIST
DPTR FM NORMAL:  -2.3   DPTR FM NORMAL:   -1.92    2 = FOG REDUCING VISIBILITY
HIGHEST:   106 ON 24    GRTST 24HR  0.07 ON 19-19      TO 1/4 MILE OR LESS
LOWEST:     42 ON 15                               3 = THUNDER
                        SNOW, ICE PELLETS, HAIL    4 = ICE PELLETS
                        TOTAL MONTH:    M          5 = HAIL
                        GRTST 24HR    M  ON   M    6 = FREEZING RAIN OR DRIZZLE
                        GRTST DEPTH:  M  ON   M    7 = DUSTSTORM OR SANDSTORM:
                                                       VSBY 1/2 MILE OR LESS
                                                   8 = SMOKE OR HAZE
[NO. OF DAYS WITH]      [WEATHER - DAYS WITH]      9 = BLOWING SNOW
                                                   X = TORNADO
MAX 32 OR BELOW:   0    0.01 INCH OR MORE:   4
MAX 90 OR ABOVE:  12    0.10 INCH OR MORE:   0
MIN 32 OR BELOW:   0    0.50 INCH OR MORE:   0
MIN  0 OR BELOW:   0    1.00 INCH OR MORE:   0

[HDD (BASE 65) ]
TOTAL THIS MO.    16    CLEAR  (SCALE 0-3)  30
DPTR FM NORMAL     8    PTCLDY (SCALE 4-7)   1
TOTAL FM JUL 1    16    CLOUDY (SCALE 8-10)  0
DPTR FM NORMAL     8

[CDD (BASE 65) ]
TOTAL THIS MO.   250
DPTR FM NORMAL   -55    [PRESSURE DATA]
TOTAL FM JAN 1   346    HIGHEST SLP 30.31 ON 28
DPTR FM NORMAL  -109    LOWEST  SLP 29.51 ON 24

[REMARKS]
#FINAL-07-14#




U.S. Dept. of Commerce
NOAA National Weather Service
1325 East West Highway
Silver Spring, MD 20910
E-mail: w-nws.webmaster@noaa.gov
Page last modified: May 16, 2007
NATIONAL WEATHER SERVICE: for Safety, for Work, for Fun - FOR LIFE