361
CXUS51 KPHI 230800
CF6PHL
PRELIMINARY LOCAL CLIMATOLOGICAL DATA (WS FORM: F-6)

                                          STATION:   PHILADELPHIA PA
                                          MONTH:     AUGUST
                                          YEAR:      2014
                                          LATITUDE:   39 52 N
                                          LONGITUDE:  75 15 W

  TEMPERATURE IN F:       :PCPN:    SNOW:  WIND      :SUNSHINE: SKY     :PK WND
================================================================================
1   2   3   4   5  6A  6B    7    8   9   10  11  12  13   14  15   16   17  18
                                     12Z  AVG MX 2MIN
DY MAX MIN AVG DEP HDD CDD  WTR  SNW DPTH SPD SPD DIR MIN PSBL S-S WX    SPD DR
================================================================================

 1  83  70  77  -1   0  12 0.19  0.0    0  5.5 17 170   M    M   9 1      24 160
 2  77  68  73  -5   0   8 0.36  0.0    0  8.2 18  40   M    M   9 1      23  60
 3  77  67  72  -6   0   7 0.23  0.0    0  5.6 12  80   M    M   9 1      19 340
 4  84  71  78   0   0  13 0.00  0.0    0  5.5 10 220   M    M   6 1      18 320
 5  90  69  80   2   0  15 0.00  0.0    0  4.8 13 180   M    M   4        15 230
 6  82  69  76  -2   0  11    T  0.0    0  8.3 13 340   M    M   7        17 330
 7  84  66  75  -3   0  10 0.00  0.0    0  8.3 16 310   M    M   4        22 330
 8  82  63  73  -5   0   8 0.00  0.0    0  8.0 14 290   M    M   3        20 270
 9  86  67  77  -1   0  12 0.00  0.0    0  5.4 10 100   M    M   3        16 340
10  88  67  78   1   0  13 0.00  0.0    0  4.8 12 180   M    M   4        15 210
11  85  66  76  -1   0  11 0.00  0.0    0  5.7 15 190   M    M   7        18 190
12  79  68  74  -3   0   9 1.08  0.0    0 11.2 25 120   M    M  10 18     32 120
13  85  69  77   0   0  12    T  0.0    0 11.1 24 280   M    M   5        31 260
14  80  62  71  -6   0   6 0.25  0.0    0  9.2 26 340   M    M   3 138    33 330
15  77  60  69  -8   0   4 0.00  0.0    0  9.0 20 300   M    M   4        25 310
16  81  61  71  -6   0   6 0.00  0.0    0  5.8 17 230   M    M   5        20 230
17  84  65  75  -2   0  10    T  0.0    0  8.2 17 310   M    M   5        22 290
18  83  63  73  -4   0   8 0.00  0.0    0  6.2 13 290   M    M   5        22 310
19  87  66  77   1   0  12 0.00  0.0    0  5.0 12  80   M    M   5        16  30
20  86  71  79   3   0  14    T  0.0    0  4.7 14 180   M    M   8        25 190
21  83  68  76   0   0  11 0.00  0.0    0  5.3 14 150   M    M   8        19 150
22  79  68  74  -2   0   9 0.08  0.0    0  8.3 16  80   M    M  10        22  70
================================================================================
SM 1822 1464         0 221  2.19     0.0 154.1          M      133
================================================================================
AV 82.8 66.5                               7.0 FASTST   M    M   6    MAX(MPH)
                                 MISC ---->  # 26 340               # 33  330
================================================================================
NOTES:
# LAST OF SEVERAL OCCURRENCES

COLUMN 17 PEAK WIND IN M.P.H.

PRELIMINARY LOCAL CLIMATOLOGICAL DATA (WS FORM: F-6) , PAGE 2

                                          STATION:  PHILADELPHIA PA
                                          MONTH:    AUGUST
                                          YEAR:     2014
                                          LATITUDE:   39 52 N
                                          LONGITUDE:  75 15 W

[TEMPERATURE DATA]      [PRECIPITATION DATA]       SYMBOLS USED IN COLUMN 16

AVERAGE MONTHLY: 74.7   TOTAL FOR MONTH:   2.19    1 = FOG OR MIST
DPTR FM NORMAL:  -2.5   DPTR FM NORMAL:   -0.38    2 = FOG REDUCING VISIBILITY
HIGHEST:    90 ON  5    GRTST 24HR  1.08 ON 12-12      TO 1/4 MILE OR LESS
LOWEST:     60 ON 15                               3 = THUNDER
                        SNOW, ICE PELLETS, HAIL    4 = ICE PELLETS
                        TOTAL MONTH:   0.0 INCH    5 = HAIL
                        GRTST 24HR     0.0         6 = FREEZING RAIN OR DRIZZLE
                        GRTST DEPTH:   0           7 = DUSTSTORM OR SANDSTORM:
                                                       VSBY 1/2 MILE OR LESS
                                                   8 = SMOKE OR HAZE
[NO. OF DAYS WITH]      [WEATHER - DAYS WITH]      9 = BLOWING SNOW
                                                   X = TORNADO
MAX 32 OR BELOW:   0    0.01 INCH OR MORE:   6
MAX 90 OR ABOVE:   1    0.10 INCH OR MORE:   5
MIN 32 OR BELOW:   0    0.50 INCH OR MORE:   1
MIN  0 OR BELOW:   0    1.00 INCH OR MORE:   1

[HDD (BASE 65) ]
TOTAL THIS MO.     0    CLEAR  (SCALE 0-3)   2
DPTR FM NORMAL     0    PTCLDY (SCALE 4-7)  14
TOTAL FM JUL 1     0    CLOUDY (SCALE 8-10)  6
DPTR FM NORMAL     0

[CDD (BASE 65) ]
TOTAL THIS MO.   221
DPTR FM NORMAL   -48    [PRESSURE DATA]
TOTAL FM JAN 1  1008    HIGHEST SLP M ON M
DPTR FM NORMAL   -18    LOWEST  SLP 29.69 ON 13

[REMARKS]




U.S. Dept. of Commerce
NOAA National Weather Service
1325 East West Highway
Silver Spring, MD 20910
E-mail: w-nws.webmaster@noaa.gov
Page last modified: May 16, 2007
NATIONAL WEATHER SERVICE: for Safety, for Work, for Fun - FOR LIFE