520
CXUS51 KPHI 300800
CF6PHL
PRELIMINARY LOCAL CLIMATOLOGICAL DATA (WS FORM: F-6)

                                          STATION:   PHILADELPHIA PA
                                          MONTH:     JULY
                                          YEAR:      2014
                                          LATITUDE:   39 52 N
                                          LONGITUDE:  75 15 W

  TEMPERATURE IN F:       :PCPN:    SNOW:  WIND      :SUNSHINE: SKY     :PK WND
================================================================================
1   2   3   4   5  6A  6B    7    8   9   10  11  12  13   14  15   16   17  18
                                     12Z  AVG MX 2MIN
DY MAX MIN AVG DEP HDD CDD  WTR  SNW DPTH SPD SPD DIR MIN PSBL S-S WX    SPD DR
================================================================================

 1  93  72  83   6   0  18 0.00  0.0    0 10.9 21 220   M    M   6        30 200
 2  96  75  86   9   0  21 0.21  0.0    0  9.6 29 330   M    M   5 3      35 330
 3  92  74  83   6   0  18 0.09  0.0    0  8.0 40 270   M    M   8 3      54 240
 4  78  68  73  -5   0   8 0.04  0.0    0 14.8 28 330   M    M   6        35 320
 5  83  64  74  -4   0   9 0.00  0.0    0 11.5 20 350   M    M   1        25 340
 6  86  64  75  -3   0  10 0.00  0.0    0 10.8 21 220   M    M   6        25 190
 7  93  74  84   6   0  19 0.00  0.0    0 14.6 25 210   M    M   6        36 230
 8  95  72  84   6   0  19 0.17  0.0    0 13.1 48 260   M    M   7 3      58 240
 9  89  71  80   2   0  15    T  0.0    0  9.9 18 220   M    M   8        25 240
10  87  74  81   3   0  16    T  0.0    0  8.1 14 130   M    M   8        22  20
11  90  70  80   2   0  15    T  0.0    0  6.6 15  40   M    M   6        24  20
12  89  70  80   2   0  15 0.00  0.0    0  7.8 16 190   M    M   5        21 190
13  91  72  82   4   0  17 0.05  0.0    0 11.3 30 250   M    M   8 3      36 240
14  90  74  82   4   0  17 1.18  0.0    0  6.6 30 250   M    M   8 13     39 210
15  91  73  82   4   0  17 0.81  0.0    0  7.6 18 180   M    M   9 138    24 210
16  83  72  78   0   0  13    T  0.0    0  8.7 20  10   M    M   8 18     24 360
17  84  65  75  -3   0  10 0.00  0.0    0  8.3 18 290   M    M   3        24 280
18  84  65  75  -3   0  10 0.00  0.0    0  5.3 14 330   M    M   6        17 340
19  81  68  75  -3   0  10    T  0.0    0  6.3 13  90   M    M   9        17 110
20  82  69  76  -2   0  11    T  0.0    0  8.7 16  80   M    M   7 8      21  40
21  86  66  76  -2   0  11 0.00  0.0    0  5.0 15 190   M    M   4        22 200
22  88  70  79   1   0  14 0.00  0.0    0  6.9 15 200   M    M   2        21 190
23  93  72  83   5   0  18 0.05  0.0    0  9.1 18 300   M    M   5 3      28 210
24  83  70  77  -1   0  12    T  0.0    0 11.2 16 340   M    M   9        23 350
25  84  63  74  -4   0   9 0.00  0.0    0  7.0 13 230   M    M   3        16 230
26  81  69  75  -3   0  10 0.22  0.0    0  5.6 13 240   M    M   7        17 220
27  91  70  81   3   0  16 1.25  0.0    0  9.8 22 270   M    M   8 13     26 260
28  84  69  77  -1   0  12 0.23  0.0    0 13.9 26 250   M    M   7 13     34 250
29  76  64  70  -8   0   5 0.00  0.0    0  7.3 15 320   M    M   6        19 320
================================================================================
SM 2523 2019         0 395  4.30     0.0 264.3          M      181
================================================================================
AV 87.0 69.6                               9.1 FASTST   M    M   6    MAX(MPH)
                                 MISC ---->  # 48 260               # 58  240
================================================================================
NOTES:
# LAST OF SEVERAL OCCURRENCES

COLUMN 17 PEAK WIND IN M.P.H.

PRELIMINARY LOCAL CLIMATOLOGICAL DATA (WS FORM: F-6) , PAGE 2

                                          STATION:  PHILADELPHIA PA
                                          MONTH:    JULY
                                          YEAR:     2014
                                          LATITUDE:   39 52 N
                                          LONGITUDE:  75 15 W

[TEMPERATURE DATA]      [PRECIPITATION DATA]       SYMBOLS USED IN COLUMN 16

AVERAGE MONTHLY: 78.3   TOTAL FOR MONTH:   4.30    1 = FOG OR MIST
DPTR FM NORMAL:   0.4   DPTR FM NORMAL:    0.23    2 = FOG REDUCING VISIBILITY
HIGHEST:    96 ON  2    GRTST 24HR  1.87 ON 14-15      TO 1/4 MILE OR LESS
LOWEST:     63 ON 25                               3 = THUNDER
                        SNOW, ICE PELLETS, HAIL    4 = ICE PELLETS
                        TOTAL MONTH:   0.0 INCH    5 = HAIL
                        GRTST 24HR     0.0         6 = FREEZING RAIN OR DRIZZLE
                        GRTST DEPTH:   0           7 = DUSTSTORM OR SANDSTORM:
                                                       VSBY 1/2 MILE OR LESS
                                                   8 = SMOKE OR HAZE
[NO. OF DAYS WITH]      [WEATHER - DAYS WITH]      9 = BLOWING SNOW
                                                   X = TORNADO
MAX 32 OR BELOW:   0    0.01 INCH OR MORE:  11
MAX 90 OR ABOVE:  11    0.10 INCH OR MORE:   7
MIN 32 OR BELOW:   0    0.50 INCH OR MORE:   3
MIN  0 OR BELOW:   0    1.00 INCH OR MORE:   2

[HDD (BASE 65) ]
TOTAL THIS MO.     0    CLEAR  (SCALE 0-3)   4
DPTR FM NORMAL     0    PTCLDY (SCALE 4-7)  21
TOTAL FM JUL 1     0    CLOUDY (SCALE 8-10)  4
DPTR FM NORMAL     0

[CDD (BASE 65) ]
TOTAL THIS MO.   395
DPTR FM NORMAL    21    [PRESSURE DATA]
TOTAL FM JAN 1   770    HIGHEST SLP M ON M
DPTR FM NORMAL    47    LOWEST  SLP 29.56 ON 28

[REMARKS]




U.S. Dept. of Commerce
NOAA National Weather Service
1325 East West Highway
Silver Spring, MD 20910
E-mail: w-nws.webmaster@noaa.gov
Page last modified: May 16, 2007
NATIONAL WEATHER SERVICE: for Safety, for Work, for Fun - FOR LIFE