354
CXUS51 KPBZ 011001
CF6PHD
PRELIMINARY LOCAL CLIMATOLOGICAL DATA (WS FORM: F-6)

                                          STATION:   NEW PHILADELPHIA OH
                                          MONTH:     NOVEMBER
                                          YEAR:      2014
                                          LATITUDE:   40 28 N
                                          LONGITUDE:  81 25 W

  TEMPERATURE IN F:       :PCPN:    SNOW:  WIND      :SUNSHINE: SKY     :PK WND
================================================================================
1   2   3   4   5  6A  6B    7    8   9   10  11  12  13   14  15   16   17  18
                                     12Z  AVG MX 2MIN
DY MAX MIN AVG DEP HDD CDD  WTR  SNW DPTH SPD SPD DIR MIN PSBL S-S WX    SPD DR
================================================================================

 1  44  37  41  -7  24   0 0.06    M    M  9.8 20 340   M    M  10 1      29 310
 2  48  28  38 -10  27   0 0.00    M    M  7.0 18 340   M    M   4        24 320
 3  61  26  44  -3  21   0 0.00    M    M  5.1 15 220   M    M   1 1      23 200
 4  68  44  56   9   9   0 0.06    M    M  8.4 22 240   M    M   3 18     33 270
 5  56  44  50   3  15   0 0.01    M    M  3.4 13 260   M    M   2 1      19 260
 6  53  45  49   3  16   0 0.53    M    M  5.6 16 290   M    M  10 1      28 280
 7  46  28  37  -9  28   0 0.01    M    M  7.1 18 300   M    M   7 1      26 310
 8  51  28  40  -6  25   0 0.00    M    M  6.1 16 300   M    M   6        22 200
 9  52  40  46   1  19   0 0.00    M    M  4.6 15 190   M    M   8        20 220
10  65  38  52   7  13   0 0.00    M    M  5.9 14 150   M    M   1        21 130
11  71  42  57  12   8   0 0.04    M    M  8.8 20 170   M    M   4 1      26 180
12  50  36  43  -1  22   0 0.01    M    M  7.2 17 300   M    M  10        24 300
13  36  27  32 -12  33   0 0.01    M    M  5.7 14 300   M    M   9 18     20 290
14  36  22  29 -15  36   0 0.00    M    M  5.7 14 260   M    M   5        19 240
15  38  18  28 -15  37   0 0.00    M    M  2.9 12 230   M    M   1        16 200
16  38  29  34  -9  31   0 0.11    M    M  2.3 10 170   M    M  10 18     16 150
17  34  18  26 -17  39   0 0.45    M    M  6.5 18 250   M    M  10 128    30 240
18  20  14  17 -25  48   0    T    M    M 10.5 21 250   M    M   8 18     30 260
19  39  13  26 -16  39   0    T    M    M  8.9 21 260   M    M   7        31 240
20  33  23  28 -14  37   0    T    M    M 10.4 18 250   M    M   9 1      27 240
21  27  10  19 -22  46   0    T    M    M  3.2 10 310   M    M   1 18     17 300
22  51  12  32  -9  33   0 0.09    M    M  5.5 10 130   M    M   8 168    14 170
23  64  43  54  14  11   0 0.33    M    M  7.5 15 130   M    M   7 1      21 140
24  67  42  55  15  10   0 0.05    M    M 14.6 29 240   M    M   8 1      47 240
25  43  29  36  -4  29   0 0.00    M    M  6.8 17 230   M    M   3        26 210
26  40  29  35  -4  30   0 0.00    M    M  3.3  9  40   M    M   7        12  60
27  35  28  32  -7  33   0 0.01    M    M  5.2 14 300   M    M  10 18     20 320
28  30  22  26 -12  39   0    T    M    M  5.9 17 310   M    M   8        23 310
29  54  29  42   4  23   0 0.00    M    M  7.3 15 190   M    M   7        26 180
30  64  54  59  21   6   0    T    M    M  8.7 17 210   M    M  10        24 220
================================================================================
SM 1414  898       787   0  1.77    M    199.9          M      194
================================================================================
AV 47.1 29.9                               6.7 FASTST   M    M   6    MAX(MPH)
                                 MISC ---->  # 29 240               # 47  240
================================================================================
NOTES:
# LAST OF SEVERAL OCCURRENCES

COLUMN 17 PEAK WIND IN M.P.H.

PRELIMINARY LOCAL CLIMATOLOGICAL DATA (WS FORM: F-6) , PAGE 2

                                          STATION:  NEW PHILADELPHIA OH
                                          MONTH:    NOVEMBER
                                          YEAR:     2014
                                          LATITUDE:   40 28 N
                                          LONGITUDE:  81 25 W

[TEMPERATURE DATA]      [PRECIPITATION DATA]       SYMBOLS USED IN COLUMN 16

AVERAGE MONTHLY: 38.5   TOTAL FOR MONTH:   1.77    1 = FOG OR MIST
DPTR FM NORMAL:  -4.5   DPTR FM NORMAL:   -1.50    2 = FOG REDUCING VISIBILITY
HIGHEST:    71 ON 11    GRTST 24HR  0.56 ON 16-17      TO 1/4 MILE OR LESS
LOWEST:     10 ON 21                               3 = THUNDER
                        SNOW, ICE PELLETS, HAIL    4 = ICE PELLETS
                        TOTAL MONTH:    M          5 = HAIL
                        GRTST 24HR    M  ON   M    6 = FREEZING RAIN OR DRIZZLE
                        GRTST DEPTH:  M  ON   M    7 = DUSTSTORM OR SANDSTORM:
                                                       VSBY 1/2 MILE OR LESS
                                                   8 = SMOKE OR HAZE
[NO. OF DAYS WITH]      [WEATHER - DAYS WITH]      9 = BLOWING SNOW
                                                   X = TORNADO
MAX 32 OR BELOW:   3    0.01 INCH OR MORE:  14
MAX 90 OR ABOVE:   0    0.10 INCH OR MORE:   4
MIN 32 OR BELOW:  19    0.50 INCH OR MORE:   1
MIN  0 OR BELOW:   0    1.00 INCH OR MORE:   0

[HDD (BASE 65) ]
TOTAL THIS MO.   787    CLEAR  (SCALE 0-3)   6
DPTR FM NORMAL   128    PTCLDY (SCALE 4-7)  14
TOTAL FM JUL 1  1234    CLOUDY (SCALE 8-10) 10
DPTR FM NORMAL    76

[CDD (BASE 65) ]
TOTAL THIS MO.     0
DPTR FM NORMAL     0    [PRESSURE DATA]
TOTAL FM JAN 1   630    HIGHEST SLP M ON M
DPTR FM NORMAL   -67    LOWEST  SLP 29.31 ON 24

[REMARKS]
#FINAL-11-14#




U.S. Dept. of Commerce
NOAA National Weather Service
1325 East West Highway
Silver Spring, MD 20910
E-mail: w-nws.webmaster@noaa.gov
Page last modified: May 16, 2007
NATIONAL WEATHER SERVICE: for Safety, for Work, for Fun - FOR LIFE