544
CXUS51 KPBZ 281001
CF6PHD
PRELIMINARY LOCAL CLIMATOLOGICAL DATA (WS FORM: F-6)

                                          STATION:   NEW PHILADELPHIA OH
                                          MONTH:     JANUARY
                                          YEAR:      2015
                                          LATITUDE:   40 28 N
                                          LONGITUDE:  81 25 W

  TEMPERATURE IN F:       :PCPN:    SNOW:  WIND      :SUNSHINE: SKY     :PK WND
================================================================================
1   2   3   4   5  6A  6B    7    8   9   10  11  12  13   14  15   16   17  18
                                     12Z  AVG MX 2MIN
DY MAX MIN AVG DEP HDD CDD  WTR  SNW DPTH SPD SPD DIR MIN PSBL S-S WX    SPD DR
================================================================================

 1  36  20  28  -1  37   0 0.00    M    M  9.5 20 240   M    M   0        32 240
 2  38  25  32   3  33   0 0.00    M    M  3.4  9 220   M    M   0        13 260
 3  59  23  41  12  24   0 0.65    M    M  5.6 14 130   M    M   8 1      18 190
 4  60  31  46  17  19   0 0.10    M    M 13.4 26 270   M    M   8 1      38 280
 5  31  15  23  -6  42   0    T    M    M 10.1 21 280   M    M   5        33 290
 6  21  14  18 -11  47   0 0.12    M    M  5.2 16 250   M    M   7 18     23 240
 7  14   2   8 -21  57   0    T    M    M 10.3 21 300   M    M   6 8      29 300
 8  20  -3   9 -20  56   0    T    M    M  8.6 18 200   M    M   2        30 200
 9  22   4  13 -16  52   0 0.01    M    M 10.8 20 270   M    M   8 18     30 260
10  17  -1   8 -21  57   0 0.00    M    M  5.4 13 200   M    M   0        18 230
11  37  11  24  -5  41   0 0.09    M    M  4.9 12 180   M    M  10 16     16 240
12  36  26  31   2  34   0 0.15    M    M  6.0 17 340   M    M  10 168    24 340
13  26  12  19 -10  46   0 0.00    M    M  5.8 16 360   M    M   1        24 350
14  26   9  18 -11  47   0 0.00    M    M  1.4  7 310   M    M   7         9 270
15  33  11  22  -7  43   0 0.00    M    M  4.4 12 240   M    M   3 18     16 250
16  35  25  30   1  35   0 0.00    M    M  7.1 14 290   M    M   8        21 310
17  49  18  34   5  31   0 0.00    M    M  6.7 14 170   M    M   0        20 200
18  48  35  42  13  23   0 0.02    M    M  8.1 17 290   M    M   9        25 180
19  42  31  37   8  28   0    T    M    M  3.9 12 250   M    M   8        16 250
20  38  31  35   6  30   0 0.05    M    M  2.0  8  70   M    M  10 128    10  70
21  38  33  36   7  29   0 0.12    M    M  3.2  9 330   M    M  10 18     21 200
22  35  30  33   4  32   0 0.00    M    M  4.6 13 290   M    M  10 18     18 300
23  34  28  31   2  34   0 0.00    M    M  1.7  8 190   M    M   8        11 190
24  34  24  29   0  36   0 0.00    M    M  5.6 12 280   M    M  10 18     17 280
25  37  25  31   2  34   0 0.18    M    M  4.8 10  20   M    M  10 18     15  60
26  27  21  24  -5  41   0 0.13    M    M  7.4 15 330   M    M  10 18     21 320
27  23  15  19 -10  46   0    T    M    M  7.2 15 330   M    M   9 8      18 300
================================================================================
SM  916  515      1034   0  1.62    M    167.1          M      177
================================================================================
AV 33.9 19.1                               6.2 FASTST   M    M   7    MAX(MPH)
                                 MISC ---->  # 26 270               # 38  280
================================================================================
NOTES:
# LAST OF SEVERAL OCCURRENCES

COLUMN 17 PEAK WIND IN M.P.H.

PRELIMINARY LOCAL CLIMATOLOGICAL DATA (WS FORM: F-6) , PAGE 2

                                          STATION:  NEW PHILADELPHIA OH
                                          MONTH:    JANUARY
                                          YEAR:     2015
                                          LATITUDE:   40 28 N
                                          LONGITUDE:  81 25 W

[TEMPERATURE DATA]      [PRECIPITATION DATA]       SYMBOLS USED IN COLUMN 16

AVERAGE MONTHLY: 26.5   TOTAL FOR MONTH:   1.62    1 = FOG OR MIST
DPTR FM NORMAL:  -2.5   DPTR FM NORMAL:   -0.63    2 = FOG REDUCING VISIBILITY
HIGHEST:    60 ON  4    GRTST 24HR  0.67 ON  3- 4      TO 1/4 MILE OR LESS
LOWEST:     -3 ON  8                               3 = THUNDER
                        SNOW, ICE PELLETS, HAIL    4 = ICE PELLETS
                        TOTAL MONTH:    M          5 = HAIL
                        GRTST 24HR    M  ON   M    6 = FREEZING RAIN OR DRIZZLE
                        GRTST DEPTH:  M  ON   M    7 = DUSTSTORM OR SANDSTORM:
                                                       VSBY 1/2 MILE OR LESS
                                                   8 = SMOKE OR HAZE
[NO. OF DAYS WITH]      [WEATHER - DAYS WITH]      9 = BLOWING SNOW
                                                   X = TORNADO
MAX 32 OR BELOW:  10    0.01 INCH OR MORE:  11
MAX 90 OR ABOVE:   0    0.10 INCH OR MORE:   7
MIN 32 OR BELOW:  25    0.50 INCH OR MORE:   1
MIN  0 OR BELOW:   2    1.00 INCH OR MORE:   0

[HDD (BASE 65) ]
TOTAL THIS MO.  1034    CLEAR  (SCALE 0-3)   6
DPTR FM NORMAL    62    PTCLDY (SCALE 4-7)   9
TOTAL FM JUL 1  3153    CLOUDY (SCALE 8-10) 12
DPTR FM NORMAL    20

[CDD (BASE 65) ]
TOTAL THIS MO.     0
DPTR FM NORMAL     0    [PRESSURE DATA]
TOTAL FM JAN 1     0    HIGHEST SLP M ON M
DPTR FM NORMAL     0    LOWEST  SLP 29.63 ON 24

[REMARKS]




U.S. Dept. of Commerce
NOAA National Weather Service
1325 East West Highway
Silver Spring, MD 20910
E-mail: w-nws.webmaster@noaa.gov
Page last modified: May 16, 2007
NATIONAL WEATHER SERVICE: for Safety, for Work, for Fun - FOR LIFE