520
CXUS51 KPBZ 270901
CF6PHD
PRELIMINARY LOCAL CLIMATOLOGICAL DATA (WS FORM: F-6)

                                          STATION:   NEW PHILADELPHIA OH
                                          MONTH:     JULY
                                          YEAR:      2014
                                          LATITUDE:   40 28 N
                                          LONGITUDE:  81 25 W

  TEMPERATURE IN F:       :PCPN:    SNOW:  WIND      :SUNSHINE: SKY     :PK WND
================================================================================
1   2   3   4   5  6A  6B    7    8   9   10  11  12  13   14  15   16   17  18
                                     12Z  AVG MX 2MIN
DY MAX MIN AVG DEP HDD CDD  WTR  SNW DPTH SPD SPD DIR MIN PSBL S-S WX    SPD DR
================================================================================

 1  88  71  80   8   0  15 0.12    M    M  5.8 17 240   M    M   3 13     24 240
 2  84  67  76   4   0  11 0.09    M    M  4.3 13 230   M    M   4 13     19 220
 3  77  60  69  -3   0   4 0.25    M    M  5.8 17 300   M    M   7 1      23 310
 4  75  53  64  -8   1   0 0.00    M    M  4.5 16 360   M    M   2 12     21 350
 5  77  48  63  -9   2   0 0.00    M    M  1.4  8 290   M    M   1 12     10 230
 6  77  52  65  -7   0   0 0.00    M    M  4.0 10 230   M    M   5 12     16 140
 7  82  68  75   3   0  10 0.74    M    M  6.0 16 180   M    M   5 138    24 250
 8  81  66  74   2   0   9 0.06    M    M  7.0 14 260   0    0   0        31 250
 9  80  63  72   0   0   7    T    M    M  4.4 13 250   M    M   4        19 260
10  83  58  71  -1   0   6 0.00    M    M  2.2  8 350   M    M   3 1      12 360
11  84  60  72   0   0   7 0.00    M    M  1.0  8  30   M    M   1 1      11  40
12  85  62  74   2   0   9 0.00    M    M  3.1 12 220   M    M   1 1      16 230
13  83  69  76   3   0  11 1.03    M    M  5.8 14 190   M    M   5 138    23 240
14  81  68  75   2   0  10 0.34    M    M  3.0 13 200   M    M   7 13     18 190
15  76  56  66  -7   0   1    T    M    M  6.0 15 300   M    M   5        23 280
16  72  51  62 -11   3   0 0.00    M    M  3.9 12 280   M    M   2        17 280
17  76  52  64  -9   1   0 0.00    M    M  2.1  9  20   M    M   5 1      13 280
18  77  51  64  -9   1   0 0.04    M    M  2.9 10  80   M    M   2 1      14  80
19  69  63  66  -7   0   1 0.51    M    M  4.9 12 180   M    M  10 1      15 170
20  77  64  71  -2   0   6    T    M    M  1.8  6 110   M    M   8 12      8 140
21  86  62  74   1   0   9 0.00    M    M  0.3  7  10   M    M   5 12     11  30
22  87  64  76   3   0  11 0.00    M    M  2.5  9 180   M    M   2 128    13 250
23  81  62  72  -1   0   7 0.00    M    M  5.8 15 340   M    M   6 1      21 330
24  76  53  65  -8   0   0 0.00    M    M  4.7 14  20   M    M   3        19  50
25  76  49  63 -10   2   0    T    M    M  1.9  9 230   M    M   1 12     12 210
26  83  63  73   0   0   8 1.04    M    M  5.3 22 200   M    M   8 13     31 210
================================================================================
SM 2073 1555        10 142  4.22    M    100.4            0    105
================================================================================
AV 79.7 59.8                               3.9 FASTST    0   0   4    MAX(MPH)
                                 MISC ---->  # 22 200                 31    M
================================================================================
NOTES:
# LAST OF SEVERAL OCCURRENCES

COLUMN 17 PEAK WIND IN M.P.H.

PRELIMINARY LOCAL CLIMATOLOGICAL DATA (WS FORM: F-6) , PAGE 2

                                          STATION:  NEW PHILADELPHIA OH
                                          MONTH:    JULY
                                          YEAR:     2014
                                          LATITUDE:   40 28 N
                                          LONGITUDE:  81 25 W

[TEMPERATURE DATA]      [PRECIPITATION DATA]       SYMBOLS USED IN COLUMN 16

AVERAGE MONTHLY: 69.8   TOTAL FOR MONTH:   4.22    1 = FOG OR MIST
DPTR FM NORMAL:  -2.8   DPTR FM NORMAL:    0.93    2 = FOG REDUCING VISIBILITY
HIGHEST:    88 ON  1    GRTST 24HR  1.34 ON 13-14      TO 1/4 MILE OR LESS
LOWEST:     48 ON  5                               3 = THUNDER
                        SNOW, ICE PELLETS, HAIL    4 = ICE PELLETS
                        TOTAL MONTH:    M          5 = HAIL
                        GRTST 24HR    M  ON   M    6 = FREEZING RAIN OR DRIZZLE
                        GRTST DEPTH:  M  ON   M    7 = DUSTSTORM OR SANDSTORM:
                                                       VSBY 1/2 MILE OR LESS
                                                   8 = SMOKE OR HAZE
[NO. OF DAYS WITH]      [WEATHER - DAYS WITH]      9 = BLOWING SNOW
                                                   X = TORNADO
MAX 32 OR BELOW:   0    0.01 INCH OR MORE:  10
MAX 90 OR ABOVE:   0    0.10 INCH OR MORE:   7
MIN 32 OR BELOW:   0    0.50 INCH OR MORE:   4
MIN  0 OR BELOW:   0    1.00 INCH OR MORE:   2

[HDD (BASE 65) ]
TOTAL THIS MO.    10    CLEAR  (SCALE 0-3)  11
DPTR FM NORMAL    10    PTCLDY (SCALE 4-7)  13
TOTAL FM JUL 1    10    CLOUDY (SCALE 8-10)  2
DPTR FM NORMAL    10

[CDD (BASE 65) ]
TOTAL THIS MO.   142
DPTR FM NORMAL   -57    [PRESSURE DATA]
TOTAL FM JAN 1   385    HIGHEST SLP  0.00 ON  8
DPTR FM NORMAL     0    LOWEST  SLP  0.00 ON  8

[REMARKS]




U.S. Dept. of Commerce
NOAA National Weather Service
1325 East West Highway
Silver Spring, MD 20910
E-mail: w-nws.webmaster@noaa.gov
Page last modified: May 16, 2007
NATIONAL WEATHER SERVICE: for Safety, for Work, for Fun - FOR LIFE