552
CXUS51 KPBZ 240901
CF6PHD
PRELIMINARY LOCAL CLIMATOLOGICAL DATA (WS FORM: F-6)

                                          STATION:   NEW PHILADELPHIA OH
                                          MONTH:     APRIL
                                          YEAR:      2014
                                          LATITUDE:   40 28 N
                                          LONGITUDE:  81 25 W

  TEMPERATURE IN F:       :PCPN:    SNOW:  WIND      :SUNSHINE: SKY     :PK WND
================================================================================
1   2   3   4   5  6A  6B    7    8   9   10  11  12  13   14  15   16   17  18
                                     12Z  AVG MX 2MIN
DY MAX MIN AVG DEP HDD CDD  WTR  SNW DPTH SPD SPD DIR MIN PSBL S-S WX    SPD DR
================================================================================

 1  75  35  55   9  10   0    T    M    M  9.1 28 250   M    M   2        40 230
 2  61  43  52   6  13   0 0.26    M    M  3.7 15 350   M    M   8 1      20 350
 3  52  41  47   0  18   0 0.54    M    M  3.9 12 110   M    M  10 13     15 120
 4  69  40  55   8  10   0 0.20    M    M  9.7 26 270   M    M  10 13     39 280
 5  48  29  39  -9  26   0 0.00    M    M  7.9 20 290   M    M   7        30 280
 6  58  24  41  -7  24   0 0.00    M    M  2.6 13 100   M    M   0        17  90
 7  56  40  48   0  17   0 0.87    M    M  4.6 20 220   M    M   7 13     28 210
 8  61  40  51   2  14   0 0.03    M    M  9.2 25 230   M    M   5 1      41 230
 9  57  36  47  -2  18   0 0.00    M    M  6.2 20 340   M    M   3        25 290
10  73  35  54   5  11   0    T    M    M 10.5 24 170   M    M   1        37 190
11  63  41  52   2  13   0 0.37    M    M  3.5 14 330   M    M   7 1      19 290
12  75  38  57   7   8   0 0.00    M    M  6.3 18 160   M    M   3 12     27 130
13  82  50  66  16   0   1    T    M    M  9.2 23 210   M    M   2        37 210
14  74  53  64  13   1   0 0.12    M    M 10.0 22 200   M    M   6 1      34 180
15  53  27  40 -11  25   0 0.29    M    M 10.2 20 340   M    M   9 1      26 350
16  46  22  34 -17  31   0 0.00    M    M  4.2 13 100   M    M   1 1      22 110
17  66  34  50  -2  15   0 0.00    M    M  7.4 16 180   M    M   0        27 170
18  69  37  53   1  12   0 0.00    M    M  4.1 15 310   M    M   1 8      21 280
19  62  43  53   1  12   0 0.00    M    M  5.4 15  10   M    M   0        21  20
20  74  35  55   3  10   0 0.00    M    M  3.6 15 110   M    M   0        20 150
21  79  39  59   6   6   0 0.00    M    M  4.2 14 260   M    M   0        22 260
22  70  45  58   5   7   0 0.05    M    M  9.2 25 340   M    M   7 138    32 330
23  49  32  41 -12  24   0 0.00    M    M  9.3 17 300   M    M   7        23 320
================================================================================
SM 1472  859       325   1  2.73    M    154.0          M       96
================================================================================
AV 64.0 37.3                               6.7 FASTST   M    M   4    MAX(MPH)
                                 MISC ---->  # 28 250               # 41  230
================================================================================
NOTES:
# LAST OF SEVERAL OCCURRENCES

COLUMN 17 PEAK WIND IN M.P.H.

PRELIMINARY LOCAL CLIMATOLOGICAL DATA (WS FORM: F-6) , PAGE 2

                                          STATION:  NEW PHILADELPHIA OH
                                          MONTH:    APRIL
                                          YEAR:     2014
                                          LATITUDE:   40 28 N
                                          LONGITUDE:  81 25 W

[TEMPERATURE DATA]      [PRECIPITATION DATA]       SYMBOLS USED IN COLUMN 16

AVERAGE MONTHLY: 50.7   TOTAL FOR MONTH:   2.73    1 = FOG OR MIST
DPTR FM NORMAL:   0.8   DPTR FM NORMAL:    0.18    2 = FOG REDUCING VISIBILITY
HIGHEST:    82 ON 13    GRTST 24HR  0.90 ON  7- 8      TO 1/4 MILE OR LESS
LOWEST:     22 ON 16                               3 = THUNDER
                        SNOW, ICE PELLETS, HAIL    4 = ICE PELLETS
                        TOTAL MONTH:    M          5 = HAIL
                        GRTST 24HR    M  ON   M    6 = FREEZING RAIN OR DRIZZLE
                        GRTST DEPTH:  M  ON   M    7 = DUSTSTORM OR SANDSTORM:
                                                       VSBY 1/2 MILE OR LESS
                                                   8 = SMOKE OR HAZE
[NO. OF DAYS WITH]      [WEATHER - DAYS WITH]      9 = BLOWING SNOW
                                                   X = TORNADO
MAX 32 OR BELOW:   0    0.01 INCH OR MORE:   9
MAX 90 OR ABOVE:   0    0.10 INCH OR MORE:   7
MIN 32 OR BELOW:   5    0.50 INCH OR MORE:   2
MIN  0 OR BELOW:   0    1.00 INCH OR MORE:   0

[HDD (BASE 65) ]
TOTAL THIS MO.   325    CLEAR  (SCALE 0-3)  11
DPTR FM NORMAL   -29    PTCLDY (SCALE 4-7)   9
TOTAL FM JUL 1  5921    CLOUDY (SCALE 8-10)  3
DPTR FM NORMAL   581

[CDD (BASE 65) ]
TOTAL THIS MO.     1
DPTR FM NORMAL     1    [PRESSURE DATA]
TOTAL FM JAN 1     1    HIGHEST SLP M ON M
DPTR FM NORMAL     0    LOWEST  SLP 29.37 ON  8

[REMARKS]




U.S. Dept. of Commerce
NOAA National Weather Service
1325 East West Highway
Silver Spring, MD 20910
E-mail: w-nws.webmaster@noaa.gov
Page last modified: May 16, 2007
NATIONAL WEATHER SERVICE: for Safety, for Work, for Fun - FOR LIFE