765
CXUS55 KTBW 011904
CF6PGD
PRELIMINARY LOCAL CLIMATOLOGICAL DATA (WS FORM: F-6)

                                          STATION:   Punta Gorda
                                          MONTH:     NOVEMBER
                                          YEAR:      2014
                                          LATITUDE:   26 55 N
                                          LONGITUDE:  82  0 W

  TEMPERATURE IN F:       :PCPN:    SNOW:  WIND      :SUNSHINE: SKY     :PK WND
================================================================================
1   2   3   4   5  6A  6B    7    8   9   10  11  12  13   14  15   16   17  18
                                     12Z  AVG MX 2MIN
DY MAX MIN AVG DEP HDD CDD  WTR  SNW DPTH SPD SPD DIR MIN PSBL S-S WX    SPD DR
================================================================================

 1  73  50  62 -11   3   0 0.00  0.0    0 11.4 26 320   M    M   1        32 320
 2  71  43  57 -15   8   0 0.00  0.0    0  7.6 15 360   M    M   0        21 350
 3  78  44  61 -11   4   0 0.00  0.0    0  9.0 21  30   M    M   0        32  40
 4  82  55  69  -3   0   4 0.00  0.0    0  8.0 18  90   M    M   2        23  90
 5  85  59  72   0   0   7 0.00  0.0    0  7.8 16  80   M    M   3        22  80
 6  87  63  75   3   0  10 0.00  0.0    0  4.9 12 110   M    M   3 1      14 110
 7  83  62  73   2   0   8 0.00  0.0    0  4.6 14  20   M    M   3        16  20
 8  82  57  70  -1   0   5 0.79  0.0    0  5.8 16 340   M    M  10 1      20 330
 9  66  59  63  -8   2   0 0.40  0.0    0  6.9 16 340   M    M   9 1      20  30
10  79  60  70  -1   0   5 0.00  0.0    0  7.9 14 320   M    M   2        17 340
11  82  57  70  -1   0   5 0.00  0.0    0  8.1 16 320   M    M   0 1      20 320
12  83  56  70   0   0   5 0.00  0.0    0  5.3 10 350   M    M   0        14  10
13  83  51  67  -3   0   2 0.00  0.0    0  4.5 10 360   M    M   0 1      12 360
14  72  56  64  -6   1   0 0.00  0.0    0  8.1 15 310   M    M   5 1      19  30
15  80  51  66  -4   0   1 0.00  0.0    0  5.8 12 280   M    M   1 1      13 280
16  85  60  73   3   0   8 0.00  0.0    0  6.1 15 160   M    M   1 1      20 160
17  86  68  77   7   0  12 1.01  0.0    0  9.5 24 210   M    M   4 13     30 220
18  72  46  59 -10   6   0 0.08  0.0    0 10.6 20 340   M    M   8 1      24 340
19  63  45  54 -15  11   0 0.00  0.0    0 12.4 20  20   M    M   6        24  10
20  74  48  61  -8   4   0 0.00  0.0    0 10.8 17  50   M    M   0        23  20
21  74  56  65  -4   0   0 0.05  0.0    0 10.7 18  80   M    M   9        23  50
22  81  65  73   4   0   8    T  0.0    0 13.0 24 110   M    M   9        34 110
23  89  72  81  13   0  16 0.00  0.0    0 11.3 24 180   M    M   7        32 200
24  87  72  80  12   0  15 0.00  0.0    0  8.1 17 220   M    M   5 138    22 240
25  88  73  81  13   0  16 0.76  0.0    0 10.1 24 200   M    M  10 13     30 200
26  74  51  63  -5   2   0 1.51  0.0    0 11.2 26 330   M    M   5 13     34 320
27  75  47  61  -7   4   0 0.00  0.0    0  9.8 20 330   M    M   0        25 320
28  66  45  56 -12   9   0 0.00  0.0    0 10.4 17  30   M    M   0 8      25  10
29  76  46  61  -7   4   0 0.00  0.0    0  7.7 16  60   M    M   0        20  40
30  81  52  67   0   0   2 0.00  0.0    0  7.5 15 110   M    M   1        23  70
================================================================================
SM 2357 1669        58 129  4.60     0.0 254.9          M      104
================================================================================
AV 78.6 55.6                               8.5 FASTST   M    M   3    MAX(MPH)
                                 MISC ---->  # 26 320               # 34  110
================================================================================
NOTES:
# LAST OF SEVERAL OCCURRENCES

COLUMN 17 PEAK WIND IN M.P.H.

PRELIMINARY LOCAL CLIMATOLOGICAL DATA (WS FORM: F-6) , PAGE 2

                                          STATION:  Punta Gorda
                                          MONTH:    NOVEMBER
                                          YEAR:     2014
                                          LATITUDE:   26 55 N
                                          LONGITUDE:  82  0 W

[TEMPERATURE DATA]      [PRECIPITATION DATA]       SYMBOLS USED IN COLUMN 16

AVERAGE MONTHLY: 67.1   TOTAL FOR MONTH:   4.60    1 = FOG OR MIST
DPTR FM NORMAL:  -2.8   DPTR FM NORMAL:    2.59    2 = FOG REDUCING VISIBILITY
HIGHEST:    89 ON 23    GRTST 24HR  2.25 ON 25-26      TO 1/4 MILE OR LESS
LOWEST:     43 ON  2                               3 = THUNDER
                        SNOW, ICE PELLETS, HAIL    4 = ICE PELLETS
                        TOTAL MONTH:   0.0 INCH    5 = HAIL
                        GRTST 24HR     0.0         6 = FREEZING RAIN OR DRIZZLE
                        GRTST DEPTH:   0           7 = DUSTSTORM OR SANDSTORM:
                                                       VSBY 1/2 MILE OR LESS
                                                   8 = SMOKE OR HAZE
[NO. OF DAYS WITH]      [WEATHER - DAYS WITH]      9 = BLOWING SNOW
                                                   X = TORNADO
MAX 32 OR BELOW:   0    0.01 INCH OR MORE:   7
MAX 90 OR ABOVE:   0    0.10 INCH OR MORE:   5
MIN 32 OR BELOW:   0    0.50 INCH OR MORE:   4
MIN  0 OR BELOW:   0    1.00 INCH OR MORE:   2

[HDD (BASE 65) ]
TOTAL THIS MO.    58    CLEAR  (SCALE 0-3)  17
DPTR FM NORMAL    35    PTCLDY (SCALE 4-7)   8
TOTAL FM JUL 1    58    CLOUDY (SCALE 8-10)  5
DPTR FM NORMAL    32

[CDD (BASE 65) ]
TOTAL THIS MO.   129
DPTR FM NORMAL   -41    [PRESSURE DATA]
TOTAL FM JAN 1  3787    HIGHEST SLP 30.36 ON  3
DPTR FM NORMAL   256    LOWEST  SLP 29.86 ON  9

[REMARKS]
#FINAL-11-14#




U.S. Dept. of Commerce
NOAA National Weather Service
1325 East West Highway
Silver Spring, MD 20910
E-mail: w-nws.webmaster@noaa.gov
Page last modified: May 16, 2007
NATIONAL WEATHER SERVICE: for Safety, for Work, for Fun - FOR LIFE