836
CXUS56 KFGZ 310900
CF6PGA
PRELIMINARY LOCAL CLIMATOLOGICAL DATA (WS FORM: F-6)

                                          STATION:   PAGE AZ AIRPORT
                                          MONTH:     JULY
                                          YEAR:      2014
                                          LATITUDE:   36 55 N
                                          LONGITUDE: 111 27 W

  TEMPERATURE IN F:       :PCPN:    SNOW:  WIND      :SUNSHINE: SKY     :PK WND
================================================================================
1   2   3   4   5  6A  6B    7    8   9   10  11  12  13   14  15   16   17  18
                                     12Z  AVG MX 2MIN
DY MAX MIN AVG DEP HDD CDD  WTR  SNW DPTH SPD SPD DIR MIN PSBL S-S WX    SPD DR
================================================================================

 1 105  73  89   7   0  24 0.00    M    M  5.0 21 310   M    M   0        30 320
 2 102  75  89   7   0  24 0.00    M    M  5.1 17 220   M    M   0        27 210
 3 100  75  88   5   0  23 0.01    M    M  4.8 21 350   M    M   0 3      27 320
 4  97  78  88   5   0  23    T    M    M  8.2 24 300   M    M   1 3      36 300
 5  97  74  86   3   0  21    T    M    M  6.5 30 130   M    M   2        36  70
 6 101  75  88   5   0  23 0.00    M    M  5.7 18 140   M    M   0        26 140
 7 103  76  90   7   0  25    T    M    M  5.4 25 160   M    M   0 3      33 160
 8 100  75  88   5   0  23 0.05    M    M  7.8 28 150   M    M   1 3      34 160
 9  96  70  83   0   0  18 0.00    M    M  3.8 15 310   M    M   1        22 310
10  94  75  85   1   0  20    T    M    M  4.9 16 220   M    M   2        27 270
11  97  69  83  -1   0  18 0.00    M    M  4.8 13 310   M    M   0        18 280
12 102  75  89   5   0  24 0.00    M    M  4.2 12  20   M    M   1        20  20
13 105  77  91   7   0  26 0.00    M    M  5.6 16  30   M    M   0        20 170
14  99  78  89   5   0  24 0.00    M    M  7.1 26 180   M    M   0        39 200
15  96  77  87   3   0  22 0.00    M    M  7.7 20 310   M    M   0        27 320
16 100  75  88   4   0  23 0.03    M    M  5.8 29  20   M    M   0 3      35  20
17 102  72  87   3   0  22 0.00    M    M  5.2 17 270   M    M   0        27 280
18 102  78  90   6   0  25 0.00    M    M  6.7 17 340   M    M   0        24 340
19 103  76  90   6   0  25 0.00    M    M  6.2 15 270   M    M   0        23 280
20  99  77  88   4   0  23 0.00    M    M  5.3 15 180   M    M   0        21 180
21 100  72  86   2   0  21 0.00    M    M  5.5 15 120   M    M   0        23  70
22 104  71  88   4   0  23 0.00    M    M  4.5 13  10   M    M   0        18  10
23 106  79  93   9   0  28 0.00    M    M  8.6 39 160   M    M   0 8      47 150
24 102  84  93   9   0  28 0.00    M    M  6.9 26 150   M    M   1        34 150
25  98  81  90   6   0  25    T    M    M  5.4 25 270   M    M   2 38     37 270
26  98  77  88   4   0  23 0.00  0.0    0  5.4 17 330   M    M   0        26 290
27 100  76  88   4   0  23 0.05  0.0    0  7.6 30 130   M    M   1 38     37 210
28  94  73  84   0   0  19    T    M    M  4.6 21 130   M    M   2 3      26 150
29  95  71  83   0   0  18    T    M    M  4.7 15 290   M    M   1 3      24 280
30  97  73  85   2   0  20 0.00    M    M  3.9 16 310   M    M   0        22 300
================================================================================
SM 2994 2257         0 684  0.14     0.0 172.9          M       15
================================================================================
AV 99.8 75.2                               5.8 FASTST   M    M   1    MAX(MPH)
                                 MISC ---->  # 39 160               # 47  150
================================================================================
NOTES:
# LAST OF SEVERAL OCCURRENCES

COLUMN 17 PEAK WIND IN M.P.H.

PRELIMINARY LOCAL CLIMATOLOGICAL DATA (WS FORM: F-6) , PAGE 2

                                          STATION:  PAGE AZ AIRPORT
                                          MONTH:    JULY
                                          YEAR:     2014
                                          LATITUDE:   36 55 N
                                          LONGITUDE: 111 27 W

[TEMPERATURE DATA]      [PRECIPITATION DATA]       SYMBOLS USED IN COLUMN 16

AVERAGE MONTHLY: 87.5   TOTAL FOR MONTH:   0.14    1 = FOG OR MIST
DPTR FM NORMAL:   3.9   DPTR FM NORMAL:   -0.47    2 = FOG REDUCING VISIBILITY
HIGHEST:   106 ON 23    GRTST 24HR  0.05 ON 27-27      TO 1/4 MILE OR LESS
LOWEST:     69 ON 11                               3 = THUNDER
                        SNOW, ICE PELLETS, HAIL    4 = ICE PELLETS
                        TOTAL MONTH:   0.0 INCH    5 = HAIL
                        GRTST 24HR     0.0         6 = FREEZING RAIN OR DRIZZLE
                        GRTST DEPTH:   0           7 = DUSTSTORM OR SANDSTORM:
                                                       VSBY 1/2 MILE OR LESS
                                                   8 = SMOKE OR HAZE
[NO. OF DAYS WITH]      [WEATHER - DAYS WITH]      9 = BLOWING SNOW
                                                   X = TORNADO
MAX 32 OR BELOW:   0    0.01 INCH OR MORE:   4
MAX 90 OR ABOVE:  30    0.10 INCH OR MORE:   0
MIN 32 OR BELOW:   0    0.50 INCH OR MORE:   0
MIN  0 OR BELOW:   0    1.00 INCH OR MORE:   0

[HDD (BASE 65) ]
TOTAL THIS MO.     0    CLEAR  (SCALE 0-3)  30
DPTR FM NORMAL     0    PTCLDY (SCALE 4-7)   0
TOTAL FM JUL 1     0    CLOUDY (SCALE 8-10)  0
DPTR FM NORMAL     0

[CDD (BASE 65) ]
TOTAL THIS MO.   684
DPTR FM NORMAL   128    [PRESSURE DATA]
TOTAL FM JAN 1  1392    HIGHEST SLP M ON M
DPTR FM NORMAL   282    LOWEST  SLP 29.81 ON  1

[REMARKS]




U.S. Dept. of Commerce
NOAA National Weather Service
1325 East West Highway
Silver Spring, MD 20910
E-mail: w-nws.webmaster@noaa.gov
Page last modified: May 16, 2007
NATIONAL WEATHER SERVICE: for Safety, for Work, for Fun - FOR LIFE