070
CXUS56 KFGZ 230900
CF6PGA
PRELIMINARY LOCAL CLIMATOLOGICAL DATA (WS FORM: F-6)

                                          STATION:   PAGE AZ AIRPORT
                                          MONTH:     APRIL
                                          YEAR:      2014
                                          LATITUDE:   36 55 N
                                          LONGITUDE: 111 27 W

  TEMPERATURE IN F:       :PCPN:    SNOW:  WIND      :SUNSHINE: SKY     :PK WND
================================================================================
1   2   3   4   5  6A  6B    7    8   9   10  11  12  13   14  15   16   17  18
                                     12Z  AVG MX 2MIN
DY MAX MIN AVG DEP HDD CDD  WTR  SNW DPTH SPD SPD DIR MIN PSBL S-S WX    SPD DR
================================================================================

 1  66  50  58   4   7   0 0.00    M    M 11.2 24 200   M    M   2        36 200
 2  52  39  46  -8  19   0 0.01    M    M  8.1 20 320   M    M   9        25 320
 3  59  39  49  -6  16   0 0.00    M    M  5.6 14 310   M    M   1        20 340
 4  64  41  53  -2  12   0 0.00    M    M  5.2 12 330   M    M   2 8      17 340
 5  62  45  54  -1  11   0 0.00    M    M  6.2 18  50   M    M   2 8      23 300
 6  69  45  57   2   8   0 0.00    M    M  6.7 20 300   M    M   0        29 310
 7  74  45  60   5   5   0 0.00    M    M  3.9  9  30   M    M   0        13 310
 8  78  49  64   8   1   0 0.00    M    M  4.0 10  50   M    M   0 8      16  10
 9  82  49  66  10   0   1 0.00    M    M  3.9 12 270   M    M   0        18 280
10  84  51  68  12   0   3 0.00    M    M  3.2 13 280   M    M   0        20 280
11  81  53  67  11   0   2 0.00    M    M  3.9 13  30   M    M   0        15  40
12  76  59  68  11   0   3 0.00    M    M  5.8 18 280   M    M   0        27 300
13  69  49  59   2   6   0    T    M    M 11.9 28 310   M    M   2 8      42 320
14  62  44  53  -4  12   0 0.00    M    M  6.3 17  30   M    M   0        24  30
15  73  40  57   0   8   0 0.00    M    M  4.6 12 250   M    M   0        20 230
16  71  53  62   4   3   0 0.00    M    M  5.3 20 360   M    M   2        28 360
17  80  47  64   6   1   0 0.00    M    M  6.2 15 200   M    M   0        20 210
18  76  55  66   8   0   1 0.00    M    M  7.7 24 180   M    M   3        32 170
19  75  56  66   7   0   1 0.00    M    M  4.7 20 180   M    M   4        27 180
20  81  53  67   8   0   2 0.00    M    M  3.9 17 330   M    M   1        23 350
21  85  56  71  12   0   6 0.00    M    M  5.5 13  40   M    M   1        17  60
22  81  61  71  11   0   6 0.00    M    0  8.8 21 230   M    M   0 8      37 250
================================================================================
SM 1600 1079       109  25  0.01    M    132.6          M       29
================================================================================
AV 72.7 49.0                               6.0 FASTST   M    M   1    MAX(MPH)
                                 MISC ---->  # 28 310               # 42  320
================================================================================
NOTES:
# LAST OF SEVERAL OCCURRENCES

COLUMN 17 PEAK WIND IN M.P.H.

PRELIMINARY LOCAL CLIMATOLOGICAL DATA (WS FORM: F-6) , PAGE 2

                                          STATION:  PAGE AZ AIRPORT
                                          MONTH:    APRIL
                                          YEAR:     2014
                                          LATITUDE:   36 55 N
                                          LONGITUDE: 111 27 W

[TEMPERATURE DATA]      [PRECIPITATION DATA]       SYMBOLS USED IN COLUMN 16

AVERAGE MONTHLY: 60.9   TOTAL FOR MONTH:   0.01    1 = FOG OR MIST
DPTR FM NORMAL:   4.2   DPTR FM NORMAL:   -0.38    2 = FOG REDUCING VISIBILITY
HIGHEST:    85 ON 21    GRTST 24HR  0.01 ON  2- 2      TO 1/4 MILE OR LESS
LOWEST:     39 ON  3, 2                            3 = THUNDER
                        SNOW, ICE PELLETS, HAIL    4 = ICE PELLETS
                        TOTAL MONTH:    M          5 = HAIL
                        GRTST 24HR    M  ON   M    6 = FREEZING RAIN OR DRIZZLE
                        GRTST DEPTH:   0           7 = DUSTSTORM OR SANDSTORM:
                                                       VSBY 1/2 MILE OR LESS
                                                   8 = SMOKE OR HAZE
[NO. OF DAYS WITH]      [WEATHER - DAYS WITH]      9 = BLOWING SNOW
                                                   X = TORNADO
MAX 32 OR BELOW:   0    0.01 INCH OR MORE:   1
MAX 90 OR ABOVE:   0    0.10 INCH OR MORE:   0
MIN 32 OR BELOW:   0    0.50 INCH OR MORE:   0
MIN  0 OR BELOW:   0    1.00 INCH OR MORE:   0

[HDD (BASE 65) ]
TOTAL THIS MO.   109    CLEAR  (SCALE 0-3)  20
DPTR FM NORMAL   -82    PTCLDY (SCALE 4-7)   1
TOTAL FM JUL 1  3435    CLOUDY (SCALE 8-10)  1
DPTR FM NORMAL  -409

[CDD (BASE 65) ]
TOTAL THIS MO.    25
DPTR FM NORMAL    22    [PRESSURE DATA]
TOTAL FM JAN 1    25    HIGHEST SLP M ON M
DPTR FM NORMAL    22    LOWEST  SLP 29.63 ON  2

[REMARKS]




U.S. Dept. of Commerce
NOAA National Weather Service
1325 East West Highway
Silver Spring, MD 20910
E-mail: w-nws.webmaster@noaa.gov
Page last modified: May 16, 2007
NATIONAL WEATHER SERVICE: for Safety, for Work, for Fun - FOR LIFE