780
CXUS56 KFGZ 190900
CF6PGA
PRELIMINARY LOCAL CLIMATOLOGICAL DATA (WS FORM: F-6)

                                          STATION:   PAGE AZ AIRPORT
                                          MONTH:     SEPTEMBER
                                          YEAR:      2014
                                          LATITUDE:   36 55 N
                                          LONGITUDE: 111 27 W

  TEMPERATURE IN F:       :PCPN:    SNOW:  WIND      :SUNSHINE: SKY     :PK WND
================================================================================
1   2   3   4   5  6A  6B    7    8   9   10  11  12  13   14  15   16   17  18
                                     12Z  AVG MX 2MIN
DY MAX MIN AVG DEP HDD CDD  WTR  SNW DPTH SPD SPD DIR MIN PSBL S-S WX    SPD DR
================================================================================

 1  98  69  84   7   0  19 0.00    M    M  4.8 13 330   M    M   0        19 320
 2  98  70  84   7   0  19 0.00    M    M  4.4 14 140   M    M   0        20 240
 3  97  68  83   7   0  18 0.00    M    M  3.8 16  40   M    M   0        20  20
 4  83  68  76   0   0  11    T    M    M  7.2 29 160   M    M   1        41 200
 5  91  63  77   1   0  12 0.00    M    M  5.0 10 330   M    M   1 3      15 310
 6  93  66  80   5   0  15 0.00    M    M  3.7 10 200   M    M   0        16 360
 7  92  69  81   6   0  16    T    M    M  6.1 22 170   M    M   1 3      30 170
 8  82  69  76   1   0  11 0.18    M    M  5.7 16  10   M    M   6        19 360
 9  80  67  74   0   0   9 0.10    M    M  4.9 15 210   M    M   7 1      23 200
10  86  62  74   0   0   9 0.00    M    M  4.5 10 130   M    M   0        13  70
11  90  62  76   2   0  11 0.00    M    M  3.4 10 150   M    M   0        14 150
12  90  64  77   4   0  12 0.00    M    M  4.0 12  20   M    M   0        15  30
13  91  62  77   4   0  12 0.00    M    M  4.5 12  50   M    M   0        15  30
14  93  68  81   8   0  16 0.00    M    M  4.4 12 340   M    M   0        18 340
15  94  69  82  10   0  17 0.00    M    M  4.9 14 150   M    M   0        16 140
16  93  72  83  11   0  18 0.00    M    M  8.1 25 150   M    M   0        32 140
17  88  71  80   8   0  15    T    M    M  5.7 23 120   M    M   1 3      28 120
18  90  66  78   7   0  13 0.00    M    M  5.0 14  20   M    M   1        18  20
================================================================================
SM 1629 1205         0 253  0.28    M     90.1          M       18
================================================================================
AV 90.5 66.9                               5.0 FASTST   M    M   1    MAX(MPH)
                                 MISC ---->  # 29 160               # 41  200
================================================================================
NOTES:
# LAST OF SEVERAL OCCURRENCES

COLUMN 17 PEAK WIND IN M.P.H.

PRELIMINARY LOCAL CLIMATOLOGICAL DATA (WS FORM: F-6) , PAGE 2

                                          STATION:  PAGE AZ AIRPORT
                                          MONTH:    SEPTEMBER
                                          YEAR:     2014
                                          LATITUDE:   36 55 N
                                          LONGITUDE: 111 27 W

[TEMPERATURE DATA]      [PRECIPITATION DATA]       SYMBOLS USED IN COLUMN 16

AVERAGE MONTHLY: 78.7   TOTAL FOR MONTH:   0.28    1 = FOG OR MIST
DPTR FM NORMAL:   4.6   DPTR FM NORMAL:   -0.16    2 = FOG REDUCING VISIBILITY
HIGHEST:    98 ON  2, 1 GRTST 24HR  0.24 ON  8- 9      TO 1/4 MILE OR LESS
LOWEST:     62 ON 13,11                            3 = THUNDER
                        SNOW, ICE PELLETS, HAIL    4 = ICE PELLETS
                        TOTAL MONTH:    M          5 = HAIL
                        GRTST 24HR    M  ON   M    6 = FREEZING RAIN OR DRIZZLE
                        GRTST DEPTH:  M  ON   M    7 = DUSTSTORM OR SANDSTORM:
                                                       VSBY 1/2 MILE OR LESS
                                                   8 = SMOKE OR HAZE
[NO. OF DAYS WITH]      [WEATHER - DAYS WITH]      9 = BLOWING SNOW
                                                   X = TORNADO
MAX 32 OR BELOW:   0    0.01 INCH OR MORE:   2
MAX 90 OR ABOVE:  13    0.10 INCH OR MORE:   2
MIN 32 OR BELOW:   0    0.50 INCH OR MORE:   0
MIN  0 OR BELOW:   0    1.00 INCH OR MORE:   0

[HDD (BASE 65) ]
TOTAL THIS MO.     0    CLEAR  (SCALE 0-3)  16
DPTR FM NORMAL    -1    PTCLDY (SCALE 4-7)   2
TOTAL FM JUL 1     0    CLOUDY (SCALE 8-10)  0
DPTR FM NORMAL    -1

[CDD (BASE 65) ]
TOTAL THIS MO.   253
DPTR FM NORMAL    87    [PRESSURE DATA]
TOTAL FM JAN 1  2132    HIGHEST SLP M ON M
DPTR FM NORMAL   364    LOWEST  SLP 29.81 ON M

[REMARKS]




U.S. Dept. of Commerce
NOAA National Weather Service
1325 East West Highway
Silver Spring, MD 20910
E-mail: w-nws.webmaster@noaa.gov
Page last modified: May 16, 2007
NATIONAL WEATHER SERVICE: for Safety, for Work, for Fun - FOR LIFE