007
CXUS56 KFGZ 290900
CF6PGA
PRELIMINARY LOCAL CLIMATOLOGICAL DATA (WS FORM: F-6)

                                          STATION:   PAGE AZ AIRPORT
                                          MONTH:     JANUARY
                                          YEAR:      2015
                                          LATITUDE:   36 55 N
                                          LONGITUDE: 111 27 W

  TEMPERATURE IN F:       :PCPN:    SNOW:  WIND      :SUNSHINE: SKY     :PK WND
================================================================================
1   2   3   4   5  6A  6B    7    8   9   10  11  12  13   14  15   16   17  18
                                     12Z  AVG MX 2MIN
DY MAX MIN AVG DEP HDD CDD  WTR  SNW DPTH SPD SPD DIR MIN PSBL S-S WX    SPD DR
================================================================================

 1  29  22  26 -10  39   0 0.09    M    M  1.8  7  50   M    M   9 18      9  50
 2  31  18  25 -11  40   0 0.00    M    M  2.0  6 150   M    M   7 18      8 290
 3  32  20  26 -10  39   0 0.00    M    M  2.2  8 200   M    M   5 8      11 340
 4  32  22  27  -9  38   0 0.00    M    M  1.9  6 360   M    M   4 128     8 210
 5  32  28  30  -6  35   0 0.00    M    M  1.1  6 310   M    M  10 128     7  70
 6  35  30  33  -3  32   0 0.00    M    M  1.2  7 170   M    M  10 128     8 170
 7  35  31  33  -3  32   0 0.00    M    M  1.9  7  20   M    M  10 128     8  10
 8  34  32  33  -3  32   0    T    M    M  1.3  6 350   M    M  10 128     8 310
 9  37  31  34  -3  31   0 0.00    M    M  1.7  6 330   M    M  10 128     8 300
10  36  33  35  -2  30   0 0.05    M    M  2.0  7 330   M    M  10 128     9 320
11  43  34  39   2  26   0 0.00    M    M  2.5  8 210   M    M   9 128    10 230
12  44  40  42   5  23   0 0.23    M    M  2.7  9 320   M    M  10 12     14 320
13  49  38  44   7  21   0 0.09    M    M  3.3 12 320   M    M   9 1      14 320
14  51  37  44   7  21   0 0.00    M    M  2.5  9 330   M    M   3 8      12 330
15  49  32  41   4  24   0 0.00    M    M  2.3  9 320   M    M   0 8      11 310
16  46  31  39   2  26   0 0.00    M    M  1.7  7 170   M    M   0 18     10 340
17  49  32  41   4  24   0 0.00    M    M  1.1  8  40   M    M   0 18     11  10
18  50  32  41   4  24   0 0.00    M    M  1.6  7 340   M    M   0 18      9 350
19  48  33  41   4  24   0 0.00    M    M  1.2  6 330   M    M   0 18      9 340
20  47  32  40   2  25   0 0.00    M    M  1.1  8  40   M    M   1 18     10  40
21  51  38  45   7  20   0 0.00    M    M  4.2 24  20   M    M   1 8      32  20
22  45  28  37  -1  28   0 0.00    M    M  4.7 20  10   M    M   0        26  20
23  45  27  36  -2  29   0 0.00    M    M  2.3  8  20   M    M   M        11  20
24  50  28  39   1  26   0 0.00    M    M  3.1  8  20   M    M   M        11 230
25  54  29  42   4  23   0 0.00    M    M  2.5  7  10   M    M   M         9  20
26  54  33  44   6  21   0 0.00  0.0    M  2.3  6  30   M    M   0         M  M
27  50  40  45   7  20   0 0.04    M    M   M   6 350   M    M   M         7 120
28  49  33  41   3  24   0 0.00    M    M   M   7  20   M    M   M         9  30
================================================================================
SM 1207  864       777   0  0.50     0.0  56.2          M      118
================================================================================
AV 43.1 30.9                               2.2 FASTST   M    M   5    MAX(MPH)
                                 MISC ---->  # 24  20               # 32   20
================================================================================
NOTES:
# LAST OF SEVERAL OCCURRENCES

COLUMN 17 PEAK WIND IN M.P.H.

PRELIMINARY LOCAL CLIMATOLOGICAL DATA (WS FORM: F-6) , PAGE 2

                                          STATION:  PAGE AZ AIRPORT
                                          MONTH:    JANUARY
                                          YEAR:     2015
                                          LATITUDE:   36 55 N
                                          LONGITUDE: 111 27 W

[TEMPERATURE DATA]      [PRECIPITATION DATA]       SYMBOLS USED IN COLUMN 16

AVERAGE MONTHLY: 37.0   TOTAL FOR MONTH:   0.50    1 = FOG OR MIST
DPTR FM NORMAL:  -0.1   DPTR FM NORMAL:   -0.48    2 = FOG REDUCING VISIBILITY
HIGHEST:    54 ON 26,25 GRTST 24HR  0.31 ON 12-13      TO 1/4 MILE OR LESS
LOWEST:     18 ON  2                               3 = THUNDER
                        SNOW, ICE PELLETS, HAIL    4 = ICE PELLETS
                        TOTAL MONTH:   0.0 INCH    5 = HAIL
                        GRTST 24HR     0.0         6 = FREEZING RAIN OR DRIZZLE
                        GRTST DEPTH:  M  ON   M    7 = DUSTSTORM OR SANDSTORM:
                                                       VSBY 1/2 MILE OR LESS
                                                   8 = SMOKE OR HAZE
[NO. OF DAYS WITH]      [WEATHER - DAYS WITH]      9 = BLOWING SNOW
                                                   X = TORNADO
MAX 32 OR BELOW:   5    0.01 INCH OR MORE:   5
MAX 90 OR ABOVE:   0    0.10 INCH OR MORE:   1
MIN 32 OR BELOW:  18    0.50 INCH OR MORE:   0
MIN  0 OR BELOW:   0    1.00 INCH OR MORE:   0

[HDD (BASE 65) ]
TOTAL THIS MO.   777    CLEAR  (SCALE 0-3)   9
DPTR FM NORMAL    -6    PTCLDY (SCALE 4-7)   4
TOTAL FM JUL 1  2061    CLOUDY (SCALE 8-10) 10
DPTR FM NORMAL  -409

[CDD (BASE 65) ]
TOTAL THIS MO.     0
DPTR FM NORMAL     0    [PRESSURE DATA]
TOTAL FM JAN 1     0    HIGHEST SLP M ON M
DPTR FM NORMAL     0    LOWEST  SLP 29.83 ON  1

[REMARKS]




U.S. Dept. of Commerce
NOAA National Weather Service
1325 East West Highway
Silver Spring, MD 20910
E-mail: w-nws.webmaster@noaa.gov
Page last modified: May 16, 2007
NATIONAL WEATHER SERVICE: for Safety, for Work, for Fun - FOR LIFE