747
CXUS54 KEWX 300910
CF6PEZ
PRELIMINARY LOCAL CLIMATOLOGICAL DATA (WS FORM: F-6)

                                          STATION:   PLEASANTON MUNICIPAL AIRPORT
                                          MONTH:     AUGUST
                                          YEAR:      2014
                                          LATITUDE:   28 57 N
                                          LONGITUDE:  98 31 W

  TEMPERATURE IN F:       :PCPN:    SNOW:  WIND      :SUNSHINE: SKY     :PK WND
================================================================================
1   2   3   4   5  6A  6B    7    8   9   10  11  12  13   14  15   16   17  18
                                     12Z  AVG MX 2MIN
DY MAX MIN AVG DEP HDD CDD  WTR  SNW DPTH SPD SPD DIR MIN PSBL S-S WX    SPD DR
================================================================================

 1  96  77  87   M   0  22    M    M    M  6.4  9  50   M    M   4         M  M
 2  94  74  84   M   0  19    M    M    M  7.4 10  20   M    M   3        17  20
 3  96  67  82   M   0  17    M    M    M  3.5 10  50   M    M   1        16  50
 4  99  69  84   M   0  19    M    M    M  3.1  9  40   M    M   1         M  M
 5  99  71  85   M   0  20    M    M    M  3.2 13 120   M    M   1 1      18 120
 6 102  74  88   M   0  23    M    M    M  5.5 14 140   M    M   1        24 140
 7 105  76  91   M   0  26    M    M    M  8.0 15 130   M    M   1        24 130
 8 103  75  89   M   0  24    M    M    M  7.7 18 140   M    M   2        25 140
 9 101  72  87   M   0  22    M    M    M  6.7 18 130   M    M   3        28 130
10 103  73  88   M   0  23    M    M    M  5.5 16 130   M    M   2        22 130
11 103  76  90   M   0  25    M    M    M  4.4 14  30   M    M   1        21  30
12 103  77  90   M   0  25    M    M    M  2.5  9 150   M    M   2 3       M  M
13 101  75  88   M   0  23    M    M    M  4.7 13  50   M    M   1        23  60
14 101  67  84   M   0  19    M    M    M  2.8 12 120   M    M   0        17 120
15 102  74  88   M   0  23    M    M    M  4.6 12 140   M    M   2        22 140
16 105  76  91   M   0  26    M    M    M  8.2 15 130   M    M   2        25 130
17 103  78  91   M   0  26    M    M    M 10.2 17 140   M    M   0        23 130
18 102  78  90   M   0  25    M    M    M 10.5 16 120   M    M   3        29 120
19 102  73  88   M   0  23    M    M    M  9.0 18 120   M    M   1        24 130
20 102  77  90   M   0  25    M    M    M 11.2 17 120   M    M   3        27 120
21 103  79  91   M   0  26    M    M    M 12.7 18 140   M    M   2        30 140
22 103  76  90   M   0  25    M    M    M  9.3 16 120   M    M   1        24 120
23 101  74  88   M   0  23    M    M    M  7.5 14 130   M    M   1        22 130
24 103  76  90   M   0  25    M    M    M  6.8 12 130   M    M   2        16 120
25 102  75  89   M   0  24    M    M    M  4.0 12 140   M    M   2        18 140
26 102  73  88   M   0  23    M    M    M  4.2 14  90   M    M   1        22  90
27 100  73  87   M   0  22    M    M    M  4.9 10  60   M    M   1        18  60
28  99  73  86   M   0  21    M    M    M  6.5 15  80   M    M   2        21 120
29  99  76  88   M   0  23    M    M    M  7.0 13  70   M    M   4        27  70
================================================================================
SM 2934 2154         0 667    M     M    188.0          M       50
================================================================================
AV101.2 74.3                               6.5 FASTST   M    M   2    MAX(MPH)
                                 MISC ---->    18   M                 30    M
================================================================================
NOTES:
# LAST OF SEVERAL OCCURRENCES

COLUMN 17 PEAK WIND IN M.P.H.

PRELIMINARY LOCAL CLIMATOLOGICAL DATA (WS FORM: F-6) , PAGE 2

                                          STATION:  PLEASANTON MUNICIPAL AIRPORT
                                          MONTH:    AUGUST
                                          YEAR:     2014
                                          LATITUDE:   28 57 N
                                          LONGITUDE:  98 31 W

[TEMPERATURE DATA]      [PRECIPITATION DATA]       SYMBOLS USED IN COLUMN 16

AVERAGE MONTHLY: 87.7   TOTAL FOR MONTH:      M    1 = FOG OR MIST
DPTR FM NORMAL:     M   DPTR FM NORMAL:       M    2 = FOG REDUCING VISIBILITY
HIGHEST:   105 ON 16, 7 GRTST 24HR    M  ON   M        TO 1/4 MILE OR LESS
LOWEST:     67 ON 14, 3                            3 = THUNDER
                        SNOW, ICE PELLETS, HAIL    4 = ICE PELLETS
                        TOTAL MONTH:    M          5 = HAIL
                        GRTST 24HR    M  ON   M    6 = FREEZING RAIN OR DRIZZLE
                        GRTST DEPTH:  M  ON   M    7 = DUSTSTORM OR SANDSTORM:
                                                       VSBY 1/2 MILE OR LESS
                                                   8 = SMOKE OR HAZE
[NO. OF DAYS WITH]      [WEATHER - DAYS WITH]      9 = BLOWING SNOW
                                                   X = TORNADO
MAX 32 OR BELOW:   0    0.01 INCH OR MORE:   0
MAX 90 OR ABOVE:  29    0.10 INCH OR MORE:   0
MIN 32 OR BELOW:   0    0.50 INCH OR MORE:   0
MIN  0 OR BELOW:   0    1.00 INCH OR MORE:   0

[HDD (BASE 65) ]
TOTAL THIS MO.     0    CLEAR  (SCALE 0-3)  26
DPTR FM NORMAL     M    PTCLDY (SCALE 4-7)   3
TOTAL FM JUL 1     0    CLOUDY (SCALE 8-10)  0
DPTR FM NORMAL     M

[CDD (BASE 65) ]
TOTAL THIS MO.   667
DPTR FM NORMAL     M    [PRESSURE DATA]
TOTAL FM JAN 1  2535    HIGHEST SLP M ON M
DPTR FM NORMAL     M    LOWEST  SLP M ON M

[REMARKS]




U.S. Dept. of Commerce
NOAA National Weather Service
1325 East West Highway
Silver Spring, MD 20910
E-mail: w-nws.webmaster@noaa.gov
Page last modified: May 16, 2007
NATIONAL WEATHER SERVICE: for Safety, for Work, for Fun - FOR LIFE