167
CXUS54 KEWX 270910
CF6PEZ
PRELIMINARY LOCAL CLIMATOLOGICAL DATA (WS FORM: F-6)

                                          STATION:   PLEASANTON MUNICIPAL AIRPORT
                                          MONTH:     JULY
                                          YEAR:      2014
                                          LATITUDE:   28 57 N
                                          LONGITUDE:  98 31 W

  TEMPERATURE IN F:       :PCPN:    SNOW:  WIND      :SUNSHINE: SKY     :PK WND
================================================================================
1   2   3   4   5  6A  6B    7    8   9   10  11  12  13   14  15   16   17  18
                                     12Z  AVG MX 2MIN
DY MAX MIN AVG DEP HDD CDD  WTR  SNW DPTH SPD SPD DIR MIN PSBL S-S WX    SPD DR
================================================================================

 1  96  73  85   M   0  20    M    M    M 10.2 18 100   M    M   0 1      27 100
 2  96  73  85   M   0  20    M    M    M  6.1 13 100   M    M   2 1      18 100
 3  95  69  82   M   0  17    M    M    M  4.0  9 110   M    M   0 1      16 130
 4  94  68  81   M   0  16    M    M    M  5.2 18  90   M    M   3        28  90
 5  93  69  81   M   0  16    M    M    M  4.1 13 100   M    M   3 1      20 120
 6  96  70  83   M   0  18    M    M    M  6.7 13 130   M    M   1 1      20 120
 7  96  71  84   M   0  19    M    M    M  6.0 13 120   M    M   0        21 120
 8  97  73  85   M   0  20    M    M    M  8.4 17 130   M    M   1        22 130
 9  96  71  84   M   0  19    M    M    M  7.4 14 140   M    M   3 18     24 130
10  92  70  81   M   0  16    M    M    M  6.3 14 150   M    M   3        22 140
11  94  73  84   M   0  19    M    M    M  8.4 16 130   M    M   5        25 130
12  97  71  84   M   0  19    M    M    M  6.3 13 140   M    M   3 12     17 110
13  99  70  85   M   0  20    M    M    M  4.0 12 120   M    M   2 1      17 120
14 100  73  87   M   0  22    M    M    M  4.7 10 120   M    M   0        16 130
15  99  71  85   M   0  20    M    M    M  4.5 13  40   M    M   1        20  40
16 100  76  88   M   0  23    M    M    M  6.9 18 130   M    M   1        24 130
17 100  77  89   M   0  24    M    M    M  9.0 15 120   M    M   4 3      24 120
18  89  72  81   M   0  16    M    M    M  5.3 13  20   M    M   5 38     16  20
19  94  73  84   M   0  19    M    M    M  4.7  7  50   M    M   4         M  M
20  98  78  88   M   0  23    M    M    M  5.8 16 130   M    M   3 1      22 130
21 100  76  88   M   0  23    M    M    M  6.2 13 100   M    M   5 1      20 130
22  98  75  87   M   0  22    M    M    M  4.3  9 120   M    M   2         M  M
23  98  75  87   M   0  22    M    M    M  1.7  7 130   M    M   2 1       M  M
24  95  74  85   M   0  20    M    M    M  3.6  9 160   M    M   2        18 160
25  99  73  86   M   0  21    M    M    M  4.7 13 140   M    M   2        22 140
26 101  73  87   M   0  22    M    M    M  8.5 16 140   M    M   1 1      23 140
================================================================================
SM 2512 1887         0 516    M     M    153.0          M       58
================================================================================
AV 96.6 72.6                               5.9 FASTST   M    M   2    MAX(MPH)
                                 MISC ---->    18   M                 28    M
================================================================================
NOTES:
# LAST OF SEVERAL OCCURRENCES

COLUMN 17 PEAK WIND IN M.P.H.

PRELIMINARY LOCAL CLIMATOLOGICAL DATA (WS FORM: F-6) , PAGE 2

                                          STATION:  PLEASANTON MUNICIPAL AIRPORT
                                          MONTH:    JULY
                                          YEAR:     2014
                                          LATITUDE:   28 57 N
                                          LONGITUDE:  98 31 W

[TEMPERATURE DATA]      [PRECIPITATION DATA]       SYMBOLS USED IN COLUMN 16

AVERAGE MONTHLY: 84.6   TOTAL FOR MONTH:      M    1 = FOG OR MIST
DPTR FM NORMAL:     M   DPTR FM NORMAL:       M    2 = FOG REDUCING VISIBILITY
HIGHEST:   101 ON 26    GRTST 24HR    M  ON   M        TO 1/4 MILE OR LESS
LOWEST:     68 ON  4                               3 = THUNDER
                        SNOW, ICE PELLETS, HAIL    4 = ICE PELLETS
                        TOTAL MONTH:    M          5 = HAIL
                        GRTST 24HR    M  ON   M    6 = FREEZING RAIN OR DRIZZLE
                        GRTST DEPTH:  M  ON   M    7 = DUSTSTORM OR SANDSTORM:
                                                       VSBY 1/2 MILE OR LESS
                                                   8 = SMOKE OR HAZE
[NO. OF DAYS WITH]      [WEATHER - DAYS WITH]      9 = BLOWING SNOW
                                                   X = TORNADO
MAX 32 OR BELOW:   0    0.01 INCH OR MORE:   0
MAX 90 OR ABOVE:  25    0.10 INCH OR MORE:   0
MIN 32 OR BELOW:   0    0.50 INCH OR MORE:   0
MIN  0 OR BELOW:   0    1.00 INCH OR MORE:   0

[HDD (BASE 65) ]
TOTAL THIS MO.     0    CLEAR  (SCALE 0-3)  19
DPTR FM NORMAL     M    PTCLDY (SCALE 4-7)   7
TOTAL FM JUL 1     0    CLOUDY (SCALE 8-10)  0
DPTR FM NORMAL     M

[CDD (BASE 65) ]
TOTAL THIS MO.   516
DPTR FM NORMAL     M    [PRESSURE DATA]
TOTAL FM JAN 1  1755    HIGHEST SLP M ON M
DPTR FM NORMAL     M    LOWEST  SLP M ON M

[REMARKS]




U.S. Dept. of Commerce
NOAA National Weather Service
1325 East West Highway
Silver Spring, MD 20910
E-mail: w-nws.webmaster@noaa.gov
Page last modified: May 16, 2007
NATIONAL WEATHER SERVICE: for Safety, for Work, for Fun - FOR LIFE