809
CXUS54 KMAF 251100
CF6PEQ
PRELIMINARY LOCAL CLIMATOLOGICAL DATA (WS FORM: F-6)

                                          STATION:   Pecos Municipal Airport
                                          MONTH:     NOVEMBER
                                          YEAR:      2014
                                          LATITUDE:   31 22 N
                                          LONGITUDE: 103 31 W

  TEMPERATURE IN F:       :PCPN:    SNOW:  WIND      :SUNSHINE: SKY     :PK WND
================================================================================
1   2   3   4   5  6A  6B    7    8   9   10  11  12  13   14  15   16   17  18
                                     12Z  AVG MX 2MIN
DY MAX MIN AVG DEP HDD CDD  WTR  SNW DPTH SPD SPD DIR MIN PSBL S-S WX    SPD DR
================================================================================

 1  78  47  63   M   2   0 0.00  0.0    0 11.6 18 120   M    M   0        25 120
 2  77  55  66   M   0   1 0.00  0.0    0  9.3 17 110   M    M   1        21 110
 3  78  50  64   M   1   0 0.00  0.0    0  6.4 17 280   M    M   2        43 280
 4  62  48  55   M  10   0 0.64    M    0  9.7 20 350   M    M   8 1      27 350
 5  54  46  50   M  15   0 0.16    M    0  4.3  9 360   M    M  10 1       M  M
 6  62  46  54   M  11   0 0.11    M    0  5.8 10 210   M    M   9         M  M
 7  69  39  54   M  11   0 0.00  0.0    0  3.3  8 210   M    M   0         M  M
 8  68  46  57   M   8   0 0.00  0.0    0  7.1 16 340   M    M   0        23 340
 9  75  36  56   M   9   0 0.00  0.0    0  7.3 18 250   M    M   0        25 250
10  82  44  63   M   2   0 0.00  0.0    0 12.6 30 250   M    M   0        40 250
11  64  37  51   M  14   0 0.00  0.0    0  7.1 23  10   M    M   0        32  10
12  38  30  34   M  31   0 0.00  0.0    0  9.0 14  50   M    M   5        20  80
13  39  27  33   M  32   0 0.00  0.0    0  7.0 15  50   M    M   4         M  M
14  54  25  40   M  25   0 0.00  0.0    0  4.0  8  80   M    M   0         M  M
15  75  32  54   M  11   0 0.00  0.0    0  6.4 18 250   M    M   0        24 250
16  50  25  38   M  27   0 0.00  0.0    0  9.6 17  10   M    M   4        27 350
17  45  19  32   M  33   0 0.00  0.0    0  6.2  9 100   M    M   0         M  M
18  56  20  38   M  27   0 0.00  0.0    0  2.7  9 210   M    M   0         M  M
19  71  24  48   M  17   0 0.00  0.0    0  4.5 14 280   M    M   0        18 280
20  75  31  53   M  12   0 0.00  0.0    0  5.2 15 240   M    M   0        22 250
21  73  32  53   M  12   0 0.00  0.0    0  5.8 16  80   M    M   0 8      21  70
22  72  44  58   M   7   0 0.00  0.0    0  8.4 15 290   M    M   2 13     23 290
23  72  39  56   M   9   0 0.00  0.0    0 21.0 39 260   M    M   0 8      54 270
24  58  31  45   M  20   0 0.00  0.0    0  6.0 13 300   M    M   0        21 300
================================================================================
SM 1547  873       346   1  0.91     0.0 180.3          M       45
================================================================================
AV 64.5 36.4                               7.5 FASTST   M    M   2    MAX(MPH)
                                 MISC ---->    39   M                 54    M
================================================================================
NOTES:
# LAST OF SEVERAL OCCURRENCES

COLUMN 17 PEAK WIND IN M.P.H.

PRELIMINARY LOCAL CLIMATOLOGICAL DATA (WS FORM: F-6) , PAGE 2

                                          STATION:  Pecos Municipal Airport
                                          MONTH:    NOVEMBER
                                          YEAR:     2014
                                          LATITUDE:   31 22 N
                                          LONGITUDE: 103 31 W

[TEMPERATURE DATA]      [PRECIPITATION DATA]       SYMBOLS USED IN COLUMN 16

AVERAGE MONTHLY: 50.4   TOTAL FOR MONTH:   0.91    1 = FOG OR MIST
DPTR FM NORMAL:     M   DPTR FM NORMAL:       M    2 = FOG REDUCING VISIBILITY
HIGHEST:    82 ON 10    GRTST 24HR  0.64 ON  4- 4      TO 1/4 MILE OR LESS
LOWEST:     19 ON 17                               3 = THUNDER
                        SNOW, ICE PELLETS, HAIL    4 = ICE PELLETS
                        TOTAL MONTH:   0.0 INCH    5 = HAIL
                        GRTST 24HR     0.0         6 = FREEZING RAIN OR DRIZZLE
                        GRTST DEPTH:   0           7 = DUSTSTORM OR SANDSTORM:
                                                       VSBY 1/2 MILE OR LESS
                                                   8 = SMOKE OR HAZE
[NO. OF DAYS WITH]      [WEATHER - DAYS WITH]      9 = BLOWING SNOW
                                                   X = TORNADO
MAX 32 OR BELOW:   0    0.01 INCH OR MORE:   3
MAX 90 OR ABOVE:   0    0.10 INCH OR MORE:   3
MIN 32 OR BELOW:  11    0.50 INCH OR MORE:   1
MIN  0 OR BELOW:   0    1.00 INCH OR MORE:   0

[HDD (BASE 65) ]
TOTAL THIS MO.   346    CLEAR  (SCALE 0-3)  18
DPTR FM NORMAL     M    PTCLDY (SCALE 4-7)   3
TOTAL FM JUL 1   389    CLOUDY (SCALE 8-10)  3
DPTR FM NORMAL     M

[CDD (BASE 65) ]
TOTAL THIS MO.     1
DPTR FM NORMAL     M    [PRESSURE DATA]
TOTAL FM JAN 1  2609    HIGHEST SLP M ON M
DPTR FM NORMAL     M    LOWEST  SLP M ON M

[REMARKS]




U.S. Dept. of Commerce
NOAA National Weather Service
1325 East West Highway
Silver Spring, MD 20910
E-mail: w-nws.webmaster@noaa.gov
Page last modified: May 16, 2007
NATIONAL WEATHER SERVICE: for Safety, for Work, for Fun - FOR LIFE