590
CXUS54 KMAF 011351
CF6PEQ
PRELIMINARY LOCAL CLIMATOLOGICAL DATA (WS FORM: F-6)

                                          STATION:   Pecos Municipal Airport
                                          MONTH:     SEPTEMBER
                                          YEAR:      2014
                                          LATITUDE:   31 22 N
                                          LONGITUDE: 103 31 W

  TEMPERATURE IN F:       :PCPN:    SNOW:  WIND      :SUNSHINE: SKY     :PK WND
================================================================================
1   2   3   4   5  6A  6B    7    8   9   10  11  12  13   14  15   16   17  18
                                     12Z  AVG MX 2MIN
DY MAX MIN AVG DEP HDD CDD  WTR  SNW DPTH SPD SPD DIR MIN PSBL S-S WX    SPD DR
================================================================================

 1 105  67  86   M   0  21 0.00  0.0    0  6.6 16 140   M    M   0        20  40
 2 106  68  87   M   0  22 0.00  0.0    0  8.0 23 120   M    M   0        28 120
 3  98  74  86   M   0  21 0.00  0.0    0 15.2 27 110   M    M   0        32 120
 4  93  71  82   M   0  17 0.00  0.0    0 18.4 29 110   M    M   0        35 110
 5  91  73  82   M   0  17 0.00  0.0    0 14.2 25 100   M    M   4 3      30 100
 6  75  65  70   M   0   5 0.05  0.0    0 10.4 22  40   M    M   9 3      25  40
 7  74  64  69   M   0   4 0.02  0.0    0  4.9  8  50   M    M   8 13      M  M
 8  91  62  77   M   0  12 0.00  0.0    0  4.2 10 120   M    M   2 12     17 180
 9  98  65  82   M   0  17 0.00  0.0    0  5.3 16 240   M    M   0        23 240
10  98  67  83   M   0  18 0.00  0.0    0  7.0 17 270   M    M   0        16 290
11  89  68  79   M   0  14 0.06  0.0    0  8.2 23  90   M    M   3 3      28  90
12  73  54  64   M   1   0 1.22  0.0    0 11.1 27  60   M    M   9 3      37  60
13  57  51  54   M  11   0 0.04  0.0    0  5.9 14  40   M    M  10 1       M  M
14  69  55  62   M   3   0 0.02  0.0    0  6.1 12  90   M    M   9         M  M
15  79  62  71   M   0   6 0.00  0.0    0  3.6  8  70   M    M   2         M  M
16  86  67  77   M   0  12 0.00  0.0    0  6.9 13 100   M    M   2 1      18 130
17  90  67  79   M   0  14 0.00  0.0    0  5.4  9 130   M    M   1         M  M
18  86  68  77   M   0  12 0.08  0.0    0  7.8 16  60   M    M   6 3      23  60
19  83  68  76   M   0  11 0.39  0.0    0 10.5 18  90   M    M   8 3      27 110
20  85  69  77   M   0  12 0.00  0.0    0  5.7 14  20   M    M   7 3      20  20
21  86  69  78   M   0  13 0.30  0.0    0  9.4 18  80   M    M   8 3      25  80
22  82  65  74   M   0   9 0.23  0.0    0  9.2 17 100   M    M   6        23 130
23  85  63  74   M   0   9 0.00  0.0    0  3.8  7 140   M    M   0         M  M
24  87  63  75   M   0  10 0.00  0.0    0  6.1 18 110   M    M   1 13     23 110
25  74  64  69   M   0   4 0.00  0.0    0  5.7 13  10   M    M   3         M  M
26  74  61  68   M   0   3 0.12  0.0    0  3.8 12  90   M    M   6 3      18  90
27  80  58  69   M   0   4 0.00  0.0    0  5.0 13 100   M    M   4         M  M
28  82  58  70   M   0   5 0.00  0.0    0  8.3 13  90   M    M   0         M  M
29  88  58  73   M   0   8 0.00  0.0    0  8.4 16 120   M    M   0 1      21 120
30  91  61  76   M   0  11 0.00  0.0    0  3.5 10 110   M    M   2         M  M
================================================================================
SM 2555 1925        15 311  2.53     0.0 228.6          M      110
================================================================================
AV 85.2 64.2                               7.6 FASTST   M    M   4    MAX(MPH)
                                 MISC ---->    29   M                 37    M
================================================================================
NOTES:
# LAST OF SEVERAL OCCURRENCES

COLUMN 17 PEAK WIND IN M.P.H.

PRELIMINARY LOCAL CLIMATOLOGICAL DATA (WS FORM: F-6) , PAGE 2

                                          STATION:  Pecos Municipal Airport
                                          MONTH:    SEPTEMBER
                                          YEAR:     2014
                                          LATITUDE:   31 22 N
                                          LONGITUDE: 103 31 W

[TEMPERATURE DATA]      [PRECIPITATION DATA]       SYMBOLS USED IN COLUMN 16

AVERAGE MONTHLY: 74.7   TOTAL FOR MONTH:   2.53    1 = FOG OR MIST
DPTR FM NORMAL:     M   DPTR FM NORMAL:       M    2 = FOG REDUCING VISIBILITY
HIGHEST:   106 ON  2    GRTST 24HR  1.22 ON 12-12      TO 1/4 MILE OR LESS
LOWEST:     51 ON 13                               3 = THUNDER
                        SNOW, ICE PELLETS, HAIL    4 = ICE PELLETS
                        TOTAL MONTH:   0.0 INCH    5 = HAIL
                        GRTST 24HR     0.0         6 = FREEZING RAIN OR DRIZZLE
                        GRTST DEPTH:   0           7 = DUSTSTORM OR SANDSTORM:
                                                       VSBY 1/2 MILE OR LESS
                                                   8 = SMOKE OR HAZE
[NO. OF DAYS WITH]      [WEATHER - DAYS WITH]      9 = BLOWING SNOW
                                                   X = TORNADO
MAX 32 OR BELOW:   0    0.01 INCH OR MORE:  11
MAX 90 OR ABOVE:  10    0.10 INCH OR MORE:   5
MIN 32 OR BELOW:   0    0.50 INCH OR MORE:   1
MIN  0 OR BELOW:   0    1.00 INCH OR MORE:   1

[HDD (BASE 65) ]
TOTAL THIS MO.    15    CLEAR  (SCALE 0-3)  16
DPTR FM NORMAL     M    PTCLDY (SCALE 4-7)   9
TOTAL FM JUL 1    15    CLOUDY (SCALE 8-10)  5
DPTR FM NORMAL     M

[CDD (BASE 65) ]
TOTAL THIS MO.   311
DPTR FM NORMAL     M    [PRESSURE DATA]
TOTAL FM JAN 1  2481    HIGHEST SLP M ON M
DPTR FM NORMAL     M    LOWEST  SLP M ON M

[REMARKS]
#FINAL-09-14#




U.S. Dept. of Commerce
NOAA National Weather Service
1325 East West Highway
Silver Spring, MD 20910
E-mail: w-nws.webmaster@noaa.gov
Page last modified: May 16, 2007
NATIONAL WEATHER SERVICE: for Safety, for Work, for Fun - FOR LIFE