775
CXUS56 KPQR 291330
CF6PDX
PRELIMINARY LOCAL CLIMATOLOGICAL DATA (WS FORM: F-6)

                                          STATION:   PORTLAND OR
                                          MONTH:     JANUARY
                                          YEAR:      2015
                                          LATITUDE:   45 35 N
                                          LONGITUDE: 122 36 W

  TEMPERATURE IN F:       :PCPN:    SNOW:  WIND      :SUNSHINE: SKY     :PK WND
================================================================================
1   2   3   4   5  6A  6B    7    8   9   10  11  12  13   14  15   16   17  18
                                     12Z  AVG MX 2MIN
DY MAX MIN AVG DEP HDD CDD  WTR  SNW DPTH SPD SPD DIR MIN PSBL S-S WX    SPD DR
================================================================================

 1  39  24  32  -8  33   0 0.00  0.0    0  5.8 14 110   M    M   1        17 120
 2  41  26  34  -6  31   0 0.00  0.0    0  4.3 14 110   M    M   7        16 100
 3  41  35  38  -2  27   0    T    M    0  3.5  9 110   M    M  10 1      11 110
 4  53  38  46   6  19   0 0.23    M    0 11.7 21 190   M    M  10 1      30 190
 5  57  42  50  10  15   0 0.01    M    0  9.2 24 200   M    M   9 1      31 200
 6  47  38  43   3  22   0 0.00  0.0    0  2.0  8 280   M    M   9 12      M 330
 7  51  34  43   3  22   0 0.00  0.0    0  3.5  9 290   M    M   7 12     11 290
 8  45  35  40  -1  25   0 0.00  0.0    0  7.1 21 120   M    M   8 12     25 120
 9  50  37  44   3  21   0 0.00  0.0    0  7.0 18 110   M    M   6        23 120
10  42  36  39  -2  26   0 0.15    M    0  3.5  8 110   M    M  10 1      10 110
11  45  41  43   2  22   0 0.04    M    0  7.0 15 110   M    M  10 1      19 110
12  49  40  45   4  20   0 0.00  0.0    0  5.6 12 110   M    M   9        14 100
13  52  32  42   1  23   0 0.00  0.0    0  6.9 20 100   M    M   2 1      26 100
14  48  34  41   0  24   0 0.00  0.0    0 14.3 26 100   M    M   4        33 100
15  44  30  37  -4  28   0 0.54    M    0 11.2 21 120   M    M   8 1      26 120
16  54  40  47   5  18   0 0.20    M    0  5.4 12  80   M    M   7 1      12 100
17  59  39  49   7  16   0 1.80    M    0 12.2 24 190   M    M  10 1      30 180
18  60  47  54  12  11   0 0.17    M    0  9.9 24 240   M    M   8 1      31 220
19  53  39  46   4  19   0    T    M    0  2.4  9 180   M    M   6 12     10 190
20  50  36  43   1  22   0 0.00  0.0    0  4.0  8 310   M    M   7 12      M  M
21  49  31  40  -2  25   0 0.00  0.0    0  6.3 13 110   M    M   6 12     16 120
22  46  40  43   1  22   0 0.02    M    0  6.3 15 120   M    M   9        17 110
23  46  42  44   2  21   0 0.07    M    0  9.4 20 100   M    M  10 1      24 100
24  60  43  52  10  13   0 0.01    M    0  2.9  8 290   M    M   8 12     10 300
25  51  39  45   3  20   0 0.00  0.0    0  1.5 10 270   M    M   8 12     12 290
26  57  39  48   6  17   0 0.00  0.0    0  4.8 14 120   M    M   7 12     17 110
27  50  42  46   4  19   0 0.05    M    0  4.9 10 110   M    M  10 12     11 100
28  55  44  50   8  15   0 0.04    M    0  3.0  9 140   M    M   9 12     11 140
================================================================================
SM 1394 1043       596   0  3.33     0.0 175.6          M      215
================================================================================
AV 49.8 37.2                               6.3 FASTST   M    M   8    MAX(MPH)
                                 MISC ---->  # 26 100               # 33  100
================================================================================
NOTES:
# LAST OF SEVERAL OCCURRENCES

COLUMN 17 PEAK WIND IN M.P.H.

PRELIMINARY LOCAL CLIMATOLOGICAL DATA (WS FORM: F-6) , PAGE 2

                                          STATION:  PORTLAND OR
                                          MONTH:    JANUARY
                                          YEAR:     2015
                                          LATITUDE:   45 35 N
                                          LONGITUDE: 122 36 W

[TEMPERATURE DATA]      [PRECIPITATION DATA]       SYMBOLS USED IN COLUMN 16

AVERAGE MONTHLY: 43.5   TOTAL FOR MONTH:   3.33    1 = FOG OR MIST
DPTR FM NORMAL:   2.3   DPTR FM NORMAL:   -1.13    2 = FOG REDUCING VISIBILITY
HIGHEST:    60 ON 24,18 GRTST 24HR  1.80 ON 17-17      TO 1/4 MILE OR LESS
LOWEST:     24 ON  1                               3 = THUNDER
                        SNOW, ICE PELLETS, HAIL    4 = ICE PELLETS
                        TOTAL MONTH:   0.0 INCH    5 = HAIL
                        GRTST 24HR     0.0         6 = FREEZING RAIN OR DRIZZLE
                        GRTST DEPTH:   0           7 = DUSTSTORM OR SANDSTORM:
                                                       VSBY 1/2 MILE OR LESS
                                                   8 = SMOKE OR HAZE
[NO. OF DAYS WITH]      [WEATHER - DAYS WITH]      9 = BLOWING SNOW
                                                   X = TORNADO
MAX 32 OR BELOW:   0    0.01 INCH OR MORE:  13
MAX 90 OR ABOVE:   0    0.10 INCH OR MORE:   6
MIN 32 OR BELOW:   5    0.50 INCH OR MORE:   2
MIN  0 OR BELOW:   0    1.00 INCH OR MORE:   1

[HDD (BASE 65) ]
TOTAL THIS MO.   596    CLEAR  (SCALE 0-3)   2
DPTR FM NORMAL   -70    PTCLDY (SCALE 4-7)  13
TOTAL FM JUL 1  1969    CLOUDY (SCALE 8-10) 13
DPTR FM NORMAL  -429

[CDD (BASE 65) ]
TOTAL THIS MO.     0
DPTR FM NORMAL     0    [PRESSURE DATA]
TOTAL FM JAN 1     0    HIGHEST SLP M ON M
DPTR FM NORMAL     0    LOWEST  SLP 29.73 ON 17

[REMARKS]




U.S. Dept. of Commerce
NOAA National Weather Service
1325 East West Highway
Silver Spring, MD 20910
E-mail: w-nws.webmaster@noaa.gov
Page last modified: May 16, 2007
NATIONAL WEATHER SERVICE: for Safety, for Work, for Fun - FOR LIFE