850
CXUS56 KPQR 011230
CF6PDX
PRELIMINARY LOCAL CLIMATOLOGICAL DATA (WS FORM: F-6)

                                          STATION:   PORTLAND OR
                                          MONTH:     JULY
                                          YEAR:      2014
                                          LATITUDE:   45 35 N
                                          LONGITUDE: 122 36 W

  TEMPERATURE IN F:       :PCPN:    SNOW:  WIND      :SUNSHINE: SKY     :PK WND
================================================================================
1   2   3   4   5  6A  6B    7    8   9   10  11  12  13   14  15   16   17  18
                                     12Z  AVG MX 2MIN
DY MAX MIN AVG DEP HDD CDD  WTR  SNW DPTH SPD SPD DIR MIN PSBL S-S WX    SPD DR
================================================================================

 1  99  59  79  12   0  14 0.00  0.0    0  7.8 22  80   M    M   2        25  80
 2  82  61  72   5   0   7 0.00  0.0    0  5.8 13 310   M    M   4        20 320
 3  74  60  67   0   0   2 0.00  0.0    0  7.2 16 310   M    M   7        21 320
 4  80  56  68   1   0   3 0.00  0.0    0  5.8 14 260   M    M   6 8      17 270
 5  83  61  72   4   0   7 0.00  0.0    0  5.1 14 320   M    M   6        17 310
 6  88  63  76   8   0  11 0.00  0.0    0  6.9 15 320   M    M   2        19 320
 7  85  64  75   7   0  10 0.00  0.0    0  8.7 18 320   M    M   2        29 320
 8  88  62  75   7   0  10 0.00  0.0    0  8.0 21 310   M    M   5 8      25 310
 9  84  59  72   4   0   7 0.00  0.0    0  8.2 17 310   M    M   4 8      22 310
10  86  56  71   3   0   6 0.00  0.0    0  6.1 14 320   M    M   2        19 310
11  88  60  74   5   0   9 0.00  0.0    0  4.2  9  90   M    M   4 8      12 280
12  93  63  78   9   0  13 0.00  0.0    0  6.1 12 310   M    M   2        15 290
13  74  62  68  -1   0   3 0.01  0.0    0  5.8 16 260   M    M   6 3      19 250
14  85  61  73   4   0   8 0.00  0.0    0  5.8 15 310   M    M   5 8      18 280
15  91  60  76   7   0  11 0.00  0.0    0  7.8 15 310   M    M   2        20 310
16  91  61  76   6   0  11 0.00    M    M  6.4 13 290   M    M   0        16 330
17  83  58  71   1   0   6 0.00    M    M  6.5 14 290   M    M   2        19 280
18  80  57  69  -1   0   4 0.00  0.0    0  6.2 14 310   M    M   4 8      17 320
19  87  62  75   5   0  10 0.00  0.0    0  3.9 15 320   M    M   5 8      20 320
20  72  60  66  -4   0   1 0.00  0.0    0  7.5 15 310   M    M   9        19 320
21  79  56  68  -2   0   3 0.00  0.0    0  5.6 13 280   M    M   7        15 300
22  75  59  67  -3   0   2 0.41  0.0    0  6.0 14 100   M    M   9 1      18 100
23  68  59  64  -6   1   0 0.62  0.0    0  8.9 18 250   M    M   8 1      23 230
24  71  58  65  -5   0   0 0.01  0.0    0  9.6 22 190   M    M   8        28 190
25  78  54  66  -4   0   1 0.00  0.0    0  5.9 13 310   M    M   3        17 300
26  85  57  71   1   0   6 0.00  0.0    0  7.0 16 320   M    M   1        22 320
27  88  59  74   3   0   9 0.00  0.0    0  6.6 15 310   M    M   4        20 330
28  92  63  78   7   0  13 0.00  0.0    0  6.3 16 310   M    M   1        21 310
29  90  62  76   5   0  11 0.00  0.0    0  7.5 17 300   M    M   1        22 310
30  89  60  75   4   0  10 0.00  0.0    0  8.0 17 310   M    M   3        23 320
31  91  62  77   6   0  12 0.00  0.0    0  7.5 20 310   M    M   2        26 310
================================================================================
SM 2599 1854         1 220  1.05     0.0 208.7          M      126
================================================================================
AV 83.8 59.8                               6.7 FASTST   M    M   4    MAX(MPH)
                                 MISC ---->  # 22  80               # 29  320
================================================================================
NOTES:
# LAST OF SEVERAL OCCURRENCES

COLUMN 17 PEAK WIND IN M.P.H.

PRELIMINARY LOCAL CLIMATOLOGICAL DATA (WS FORM: F-6) , PAGE 2

                                          STATION:  PORTLAND OR
                                          MONTH:    JULY
                                          YEAR:     2014
                                          LATITUDE:   45 35 N
                                          LONGITUDE: 122 36 W

[TEMPERATURE DATA]      [PRECIPITATION DATA]       SYMBOLS USED IN COLUMN 16

AVERAGE MONTHLY: 71.8   TOTAL FOR MONTH:   1.05    1 = FOG OR MIST
DPTR FM NORMAL:   2.6   DPTR FM NORMAL:    0.40    2 = FOG REDUCING VISIBILITY
HIGHEST:    99 ON  1    GRTST 24HR  0.63 ON 23-24      TO 1/4 MILE OR LESS
LOWEST:     54 ON 25                               3 = THUNDER
                        SNOW, ICE PELLETS, HAIL    4 = ICE PELLETS
                        TOTAL MONTH:   0.0 INCH    5 = HAIL
                        GRTST 24HR     0.0         6 = FREEZING RAIN OR DRIZZLE
                        GRTST DEPTH:   0           7 = DUSTSTORM OR SANDSTORM:
                                                       VSBY 1/2 MILE OR LESS
                                                   8 = SMOKE OR HAZE
[NO. OF DAYS WITH]      [WEATHER - DAYS WITH]      9 = BLOWING SNOW
                                                   X = TORNADO
MAX 32 OR BELOW:   0    0.01 INCH OR MORE:   4
MAX 90 OR ABOVE:   7    0.10 INCH OR MORE:   2
MIN 32 OR BELOW:   0    0.50 INCH OR MORE:   1
MIN  0 OR BELOW:   0    1.00 INCH OR MORE:   0

[HDD (BASE 65) ]
TOTAL THIS MO.     1    CLEAR  (SCALE 0-3)  14
DPTR FM NORMAL   -16    PTCLDY (SCALE 4-7)  14
TOTAL FM JUL 1     1    CLOUDY (SCALE 8-10)  3
DPTR FM NORMAL   -16

[CDD (BASE 65) ]
TOTAL THIS MO.   220
DPTR FM NORMAL    73    [PRESSURE DATA]
TOTAL FM JAN 1   277    HIGHEST SLP 30.26 ON 24
DPTR FM NORMAL    66    LOWEST  SLP 29.68 ON  1

[REMARKS]
#FINAL-07-14#




U.S. Dept. of Commerce
NOAA National Weather Service
1325 East West Highway
Silver Spring, MD 20910
E-mail: w-nws.webmaster@noaa.gov
Page last modified: May 16, 2007
NATIONAL WEATHER SERVICE: for Safety, for Work, for Fun - FOR LIFE