586
CXUS56 KPQR 011330
CF6PDX
PRELIMINARY LOCAL CLIMATOLOGICAL DATA (WS FORM: F-6)

                                          STATION:   PORTLAND OR
                                          MONTH:     NOVEMBER
                                          YEAR:      2014
                                          LATITUDE:   45 35 N
                                          LONGITUDE: 122 36 W

  TEMPERATURE IN F:       :PCPN:    SNOW:  WIND      :SUNSHINE: SKY     :PK WND
================================================================================
1   2   3   4   5  6A  6B    7    8   9   10  11  12  13   14  15   16   17  18
                                     12Z  AVG MX 2MIN
DY MAX MIN AVG DEP HDD CDD  WTR  SNW DPTH SPD SPD DIR MIN PSBL S-S WX    SPD DR
================================================================================

 1  54  44  49  -1  16   0 0.00  0.0    0  2.3  9  60   M    M   9 1      10  50
 2  54  46  50   0  15   0 0.16    M    0  7.4 17 190   M    M  10 1      21 190
 3  57  52  55   5  10   0 0.24  0.0    0  7.3 20 200   M    M  10 1      25 190
 4  62  53  58   8   7   0 0.20  0.0    0  7.7 20 200   M    M  10 1      27 210
 5  62  54  58   9   7   0 0.01  0.0    0  3.8 10 110   M    M  10 1      13  90
 6  61  51  56   7   9   0 0.09  0.0    0  6.6 21 220   M    M   8 1      27 220
 7  57  44  51   2  14   0 0.00  0.0    0  4.3 13 270   M    M   5 1      15 280
 8  58  41  50   1  15   0 0.00  0.0    0  1.1  7 310   M    M   6 12     10 250
 9  56  44  50   2  15   0 0.06    M    0  6.9 15 260   M    M   8 1      18 260
10  58  42  50   2  15   0 0.01    M    0  5.0 18  60   M    M   5 1      24  60
11  47  35  41  -7  24   0 0.00  0.0    0 27.2 41  90   M    M   1        54 100
12  41  32  37 -11  28   0 0.00  0.0    0 28.7 39  90   M    M   3        53  80
13  38  32  35 -12  30   0 0.17    M    0 18.0 33  90   M    M  10 146    45  80
14  45  29  37 -10  28   0 0.00  0.0    0  4.9 16  90   M    M   4        22 100
15  44  28  36 -11  29   0 0.00  0.0    0 12.7 31  80   M    M   0        38  70
16  44  27  36 -11  29   0 0.00  0.0    0 13.0 21 110   M    M   0        27 120
17  45  29  37  -9  28   0 0.00  0.0    0 12.6 20 120   M    M   2        25 130
18  43  30  37  -9  28   0 0.00  0.0    0 10.3 16 130   M    M   6        20 120
19  46  37  42  -4  23   0 0.03    M    0 12.6 22 110   M    M   8        29 120
20  45  37  41  -5  24   0 0.02    M    0  9.2 18 120   M    M   8 1      22 120
21  56  41  49   4  16   0 0.73    M    0 12.3 26 200   M    M  10 1      33 200
22  53  41  47   2  18   0 0.15  0.0    0  6.2 20 180   M    M   7 1      23 180
23  53  46  50   5  15   0 0.47    M    0  8.5 26 190   M    M   9 1      32 180
24  56  47  52   8  13   0 0.01    M    0  7.1 18 200   M    M   9 1      23 210
25  63  54  59  15   6   0 0.00  0.0    0 10.9 18 210   M    M   9        24 220
26  62  54  58  14   7   0    T  0.0    0  6.2 15 100   M    M  10        19 100
27  59  54  57  13   8   0 0.02  0.0    0 11.5 22 180   M    M   9 1      32 190
28  56  43  50   7  15   0 0.52    M    0 12.2 25 310   M    M   9 1      34 180
29  44  29  37  -6  28   0 0.10    M    0  7.4 17 310   M    M   7 1      22 230
30  39  26  33 -10  32   0 0.00  0.0    0 15.4 33  90   M    M   1        43 100
================================================================================
SM 1558 1222       552   0  2.99     0.0 299.3          M      203
================================================================================
AV 51.9 40.7                              10.0 FASTST   M    M   7    MAX(MPH)
                                 MISC ---->  # 41  90               # 54  100
================================================================================
NOTES:
# LAST OF SEVERAL OCCURRENCES

COLUMN 17 PEAK WIND IN M.P.H.

PRELIMINARY LOCAL CLIMATOLOGICAL DATA (WS FORM: F-6) , PAGE 2

                                          STATION:  PORTLAND OR
                                          MONTH:    NOVEMBER
                                          YEAR:     2014
                                          LATITUDE:   45 35 N
                                          LONGITUDE: 122 36 W

[TEMPERATURE DATA]      [PRECIPITATION DATA]       SYMBOLS USED IN COLUMN 16

AVERAGE MONTHLY: 46.3   TOTAL FOR MONTH:   2.99    1 = FOG OR MIST
DPTR FM NORMAL:  -0.3   DPTR FM NORMAL:   -2.64    2 = FOG REDUCING VISIBILITY
HIGHEST:    63 ON 25    GRTST 24HR  0.78 ON 21-22      TO 1/4 MILE OR LESS
LOWEST:     26 ON 30                               3 = THUNDER
                        SNOW, ICE PELLETS, HAIL    4 = ICE PELLETS
                        TOTAL MONTH:   0.0 INCH    5 = HAIL
                        GRTST 24HR     0.0         6 = FREEZING RAIN OR DRIZZLE
                        GRTST DEPTH:   0           7 = DUSTSTORM OR SANDSTORM:
                                                       VSBY 1/2 MILE OR LESS
                                                   8 = SMOKE OR HAZE
[NO. OF DAYS WITH]      [WEATHER - DAYS WITH]      9 = BLOWING SNOW
                                                   X = TORNADO
MAX 32 OR BELOW:   0    0.01 INCH OR MORE:  17
MAX 90 OR ABOVE:   0    0.10 INCH OR MORE:   9
MIN 32 OR BELOW:   9    0.50 INCH OR MORE:   2
MIN  0 OR BELOW:   0    1.00 INCH OR MORE:   0

[HDD (BASE 65) ]
TOTAL THIS MO.   552    CLEAR  (SCALE 0-3)   6
DPTR FM NORMAL     1    PTCLDY (SCALE 4-7)   9
TOTAL FM JUL 1   733    CLOUDY (SCALE 8-10) 15
DPTR FM NORMAL  -236

[CDD (BASE 65) ]
TOTAL THIS MO.     0
DPTR FM NORMAL     0    [PRESSURE DATA]
TOTAL FM JAN 1   653    HIGHEST SLP 30.54 ON 15
DPTR FM NORMAL   229    LOWEST  SLP 29.42 ON 21

[REMARKS]
#FINAL-11-14#




U.S. Dept. of Commerce
NOAA National Weather Service
1325 East West Highway
Silver Spring, MD 20910
E-mail: w-nws.webmaster@noaa.gov
Page last modified: May 16, 2007
NATIONAL WEATHER SERVICE: for Safety, for Work, for Fun - FOR LIFE