098
CXUS56 KPQR 011230
CF6PDX
PRELIMINARY LOCAL CLIMATOLOGICAL DATA (WS FORM: F-6)

                                          STATION:   PORTLAND OR
                                          MONTH:     AUGUST
                                          YEAR:      2014
                                          LATITUDE:   45 35 N
                                          LONGITUDE: 122 36 W

  TEMPERATURE IN F:       :PCPN:    SNOW:  WIND      :SUNSHINE: SKY     :PK WND
================================================================================
1   2   3   4   5  6A  6B    7    8   9   10  11  12  13   14  15   16   17  18
                                     12Z  AVG MX 2MIN
DY MAX MIN AVG DEP HDD CDD  WTR  SNW DPTH SPD SPD DIR MIN PSBL S-S WX    SPD DR
================================================================================

 1  90  66  78   7   0  13    T  0.0    0  8.4 17 310   M    M   5 3      24 310
 2  87  64  76   5   0  11 0.00  0.0    0  6.0 15 300   M    M   3        18 300
 3  91  61  76   5   0  11 0.00  0.0    0  7.1 15 310   M    M   1        21 310
 4  93  64  79   9   0  14 0.00  0.0    0  6.9 18 310   M    M   2        24 310
 5  83  58  71   1   0   6 0.00  0.0    0  7.2 16 320   M    M   4        20 310
 6  84  63  74   4   0   9 0.00  0.0    0  7.0 15 310   M    M   5 8      20 310
 7  82  57  70   0   0   5 0.00  0.0    0  7.5 14 320   M    M   2        21 310
 8  80  58  69  -1   0   4 0.00  0.0    0  7.2 16 310   M    M   4        23 310
 9  86  57  72   2   0   7 0.00  0.0    0  7.7 18 310   M    M   2        24 310
10  95  62  79   9   0  14 0.00  0.0    0  6.3 17 310   M    M   3        23 320
11  99  69  84  14   0  19    T  0.0    0  4.8 13 300   M    M   7        15 290
12  80  67  74   4   0   9 0.01  0.0    0  5.8 18 110   M    M   9 3      22 110
13  78  63  71   1   0   6 0.00  0.0    0  6.1 18 310   M    M   7        22 310
14  80  62  71   1   0   6 0.00  0.0    0  5.0 13 310   M    M   8        16 310
15  80  64  72   2   0   7 0.00  0.0    0  5.8 13 310   M    M   7        17 310
16  85  63  74   4   0   9 0.00  0.0    0  6.7 13 300   M    M   4        17 320
17  88  64  76   6   0  11 0.00  0.0    0  7.0 20 310   M    M   2        25 300
18  91  61  76   6   0  11 0.00  0.0    0  6.9 20 310   M    M   2        23 310
19  85  63  74   5   0   9 0.00  0.0    0  7.3 21 310   M    M   4        26 310
20  78  60  69   0   0   4 0.00  0.0    0  5.8 12 340   M    M   4        18 350
21  80  54  67  -2   0   2 0.00  0.0    0  5.0 13 310   M    M   3        16 330
22  81  61  71   2   0   6 0.00  0.0    0  7.0 20 310   M    M   4        22 310
23  88  59  74   5   0   9 0.00  0.0    0  7.1 17 300   M    M   2        22 330
24  81  58  70   1   0   5 0.00  0.0    0  8.1 17 320   M    M   2        22 320
25  90  60  75   6   0  10 0.00  0.0    0  6.7 14 310   M    M   1        19 310
26  93  63  78   9   0  13 0.00  0.0    0  5.5 13 310   M    M   1        17 340
27  90  64  77   9   0  12 0.00  0.0    0  5.8 17 320   M    M   1        23 320
28  83  60  72   4   0   7 0.00  0.0    0  6.1 14 310   M    M   3        18 320
29  77  63  70   2   0   5 0.00  0.0    0  5.2  9 340   M    M   7        15 300
30  73  58  66  -2   0   1    T  0.0    0  7.7 18 310   M    M   8        24 200
31  77  58  68   0   0   3 0.00  0.0    0  4.5 12 350   M    M   6        17 340
================================================================================
SM 2628 1904         0 258  0.01     0.0 201.2          M      123
================================================================================
AV 84.8 61.4                               6.5 FASTST   M    M   4    MAX(MPH)
                                 MISC ---->  # 21 310               # 26  310
================================================================================
NOTES:
# LAST OF SEVERAL OCCURRENCES

COLUMN 17 PEAK WIND IN M.P.H.

PRELIMINARY LOCAL CLIMATOLOGICAL DATA (WS FORM: F-6) , PAGE 2

                                          STATION:  PORTLAND OR
                                          MONTH:    AUGUST
                                          YEAR:     2014
                                          LATITUDE:   45 35 N
                                          LONGITUDE: 122 36 W

[TEMPERATURE DATA]      [PRECIPITATION DATA]       SYMBOLS USED IN COLUMN 16

AVERAGE MONTHLY: 73.1   TOTAL FOR MONTH:   0.01    1 = FOG OR MIST
DPTR FM NORMAL:   3.6   DPTR FM NORMAL:   -0.66    2 = FOG REDUCING VISIBILITY
HIGHEST:    99 ON 11    GRTST 24HR  0.01 ON 12-12      TO 1/4 MILE OR LESS
LOWEST:     54 ON 21                               3 = THUNDER
                        SNOW, ICE PELLETS, HAIL    4 = ICE PELLETS
                        TOTAL MONTH:   0.0 INCH    5 = HAIL
                        GRTST 24HR     0.0         6 = FREEZING RAIN OR DRIZZLE
                        GRTST DEPTH:   0           7 = DUSTSTORM OR SANDSTORM:
                                                       VSBY 1/2 MILE OR LESS
                                                   8 = SMOKE OR HAZE
[NO. OF DAYS WITH]      [WEATHER - DAYS WITH]      9 = BLOWING SNOW
                                                   X = TORNADO
MAX 32 OR BELOW:   0    0.01 INCH OR MORE:   1
MAX 90 OR ABOVE:   9    0.10 INCH OR MORE:   0
MIN 32 OR BELOW:   0    0.50 INCH OR MORE:   0
MIN  0 OR BELOW:   0    1.00 INCH OR MORE:   0

[HDD (BASE 65) ]
TOTAL THIS MO.     0    CLEAR  (SCALE 0-3)  13
DPTR FM NORMAL   -10    PTCLDY (SCALE 4-7)  17
TOTAL FM JUL 1     1    CLOUDY (SCALE 8-10)  1
DPTR FM NORMAL   -26

[CDD (BASE 65) ]
TOTAL THIS MO.   258
DPTR FM NORMAL   106    [PRESSURE DATA]
TOTAL FM JAN 1   535    HIGHEST SLP 30.16 ON  6
DPTR FM NORMAL   172    LOWEST  SLP 29.77 ON 18

[REMARKS]
#FINAL-08-14#




U.S. Dept. of Commerce
NOAA National Weather Service
1325 East West Highway
Silver Spring, MD 20910
E-mail: w-nws.webmaster@noaa.gov
Page last modified: May 16, 2007
NATIONAL WEATHER SERVICE: for Safety, for Work, for Fun - FOR LIFE