325
CXUS56 KPDT 011832
CF6PDT
PRELIMINARY LOCAL CLIMATOLOGICAL DATA (WS FORM: F-6)

                                          STATION:   PENDLETON OR
                                          MONTH:     SEPTEMBER
                                          YEAR:      2014
                                          LATITUDE:   45 40 N
                                          LONGITUDE: 118 51 W

  TEMPERATURE IN F:       :PCPN:    SNOW:  WIND      :SUNSHINE: SKY     :PK WND
================================================================================
1   2   3   4   5  6A  6B    7    8   9   10  11  12  13   14  15   16   17  18
                                     12Z  AVG MX 2MIN
DY MAX MIN AVG DEP HDD CDD  WTR  SNW DPTH SPD SPD DIR MIN PSBL S-S WX    SPD DR
================================================================================

 1  80  50  65  -3   0   0 0.00  0.0    0  7.5 16 250   M    M   1        25 240
 2  84  51  68   0   0   3 0.00  0.0    0 17.8 39 250   M    M   0        50 260
 3  73  49  61  -7   4   0 0.00  0.0    0 13.4 29 260   M    M   2 8      36 260
 4  77  44  61  -6   4   0 0.00  0.0    0  6.5 16 360   M    M   0        22  10
 5  83  47  65  -2   0   0 0.00  0.0    0  7.1 14 360   M    M   0        22 360
 6  87  49  68   1   0   3 0.00  0.0    0  7.1 15  30   M    M   0        18  20
 7  89  50  70   4   0   5 0.00  0.0    0  7.9 15 330   M    M   0        19 330
 8  89  55  72   6   0   7 0.00  0.0    0 16.1 28 260   M    M   0        37 270
 9  75  55  65  -1   0   0 0.00  0.0    0 13.1 25 260   M    M   3        34 260
10  74  48  61  -4   4   0 0.00  0.0    0  8.7 20 350   M    M   3        25  20
11  69  37  53 -12  12   0 0.00  0.0    0  7.3 17  50   M    M   0        21  50
12  76  37  57  -8   8   0 0.00  0.0    0  7.1 15 360   M    M   0        20  20
13  77  43  60  -4   5   0 0.00  0.0    0  7.1 13 140   M    M   0        18 310
14  83  44  64   0   1   0 0.00  0.0    0  7.2 15 320   M    M   0        19 320
15  86  47  67   3   0   2 0.00  0.0    0  5.9 13 150   M    M   0        16 360
16  87  53  70   7   0   5 0.00  0.0    0  6.4 13 330   M    M   0 8      17 290
17  86  56  71   8   0   6 0.00  0.0    0  6.5 15 310   M    M   0 8      18 310
18  81  56  69   6   0   4    T  0.0    0 13.1 28 260   M    M   4 8      34 260
19  82  55  69   7   0   4 0.00  0.0    0  8.0 20 260   M    M   0        23 260
20  87  52  70   8   0   5 0.00  0.0    0  6.1 14  10   M    M   0 8      20  30
21  89  52  71   9   0   6 0.00  0.0    0  5.8 13 340   M    M   0        18 320
22  85  58  72  11   0   7 0.21  0.0    0  7.0 20 290   M    M   3 3      31 280
23  79  59  69   8   0   4 0.00  0.0    0  6.0 13 320   M    M   0        15 310
24  76  58  67   7   0   2 0.00  0.0    0  8.7 25 280   M    M   5        31 270
25  73  51  62   2   3   0    T  0.0    0  4.5 29 270   M    M   5 8      33 270
26  72  48  60   0   5   0    T  0.0    0  5.9 15 270   M    M   3        19 280
27  68  46  57  -2   8   0 0.00  0.0    0  4.7 13 280   M    M   2        17 290
28  73  47  60   1   5   0 0.00  0.0    0  3.9 14 330   M    M   3        16 320
29  77  58  68  10   0   3    T  0.0    0 16.1 35 270   M    M   7 8      41 270
30  69  52  61   3   4   0 0.01  0.0    0 18.7 30 260   M    M   4        35 260
================================================================================
SM 2386 1507        63  66  0.22     0.0 261.2          M       45
================================================================================
AV 79.5 50.2                               8.7 FASTST   M    M   2    MAX(MPH)
                                 MISC ---->  # 39 250               # 50  260
================================================================================
NOTES:
# LAST OF SEVERAL OCCURRENCES

COLUMN 17 PEAK WIND IN M.P.H.

PRELIMINARY LOCAL CLIMATOLOGICAL DATA (WS FORM: F-6) , PAGE 2

                                          STATION:  PENDLETON OR
                                          MONTH:    SEPTEMBER
                                          YEAR:     2014
                                          LATITUDE:   45 40 N
                                          LONGITUDE: 118 51 W

[TEMPERATURE DATA]      [PRECIPITATION DATA]       SYMBOLS USED IN COLUMN 16

AVERAGE MONTHLY: 64.9   TOTAL FOR MONTH:   0.22    1 = FOG OR MIST
DPTR FM NORMAL:   1.5   DPTR FM NORMAL:   -0.35    2 = FOG REDUCING VISIBILITY
HIGHEST:    89 ON 21, 8 GRTST 24HR  0.21 ON 21-22      TO 1/4 MILE OR LESS
LOWEST:     37 ON 12,11                            3 = THUNDER
                        SNOW, ICE PELLETS, HAIL    4 = ICE PELLETS
                        TOTAL MONTH:   0.0 INCH    5 = HAIL
                        GRTST 24HR     0.0         6 = FREEZING RAIN OR DRIZZLE
                        GRTST DEPTH:   0           7 = DUSTSTORM OR SANDSTORM:
                                                       VSBY 1/2 MILE OR LESS
                                                   8 = SMOKE OR HAZE
[NO. OF DAYS WITH]      [WEATHER - DAYS WITH]      9 = BLOWING SNOW
                                                   X = TORNADO
MAX 32 OR BELOW:   0    0.01 INCH OR MORE:   2
MAX 90 OR ABOVE:   0    0.10 INCH OR MORE:   1
MIN 32 OR BELOW:   0    0.50 INCH OR MORE:   0
MIN  0 OR BELOW:   0    1.00 INCH OR MORE:   0

[HDD (BASE 65) ]
TOTAL THIS MO.    63    CLEAR  (SCALE 0-3)  23
DPTR FM NORMAL   -49    PTCLDY (SCALE 4-7)   7
TOTAL FM JUL 1    66    CLOUDY (SCALE 8-10)  0
DPTR FM NORMAL   -68

[CDD (BASE 65) ]
TOTAL THIS MO.    66
DPTR FM NORMAL     2    [PRESSURE DATA]
TOTAL FM JAN 1   827    HIGHEST SLP 30.39 ON 11
DPTR FM NORMAL   193    LOWEST  SLP 29.58 ON 17

[REMARKS]
#FINAL-09-14#




U.S. Dept. of Commerce
NOAA National Weather Service
1325 East West Highway
Silver Spring, MD 20910
E-mail: w-nws.webmaster@noaa.gov
Page last modified: May 16, 2007
NATIONAL WEATHER SERVICE: for Safety, for Work, for Fun - FOR LIFE