177
CXUS56 KPDT 310532
CF6PDT
PRELIMINARY LOCAL CLIMATOLOGICAL DATA (WS FORM: F-6)

                                          STATION:   PENDLETON OR
                                          MONTH:     AUGUST
                                          YEAR:      2014
                                          LATITUDE:   45 40 N
                                          LONGITUDE: 118 51 W

  TEMPERATURE IN F:       :PCPN:    SNOW:  WIND      :SUNSHINE: SKY     :PK WND
================================================================================
1   2   3   4   5  6A  6B    7    8   9   10  11  12  13   14  15   16   17  18
                                     12Z  AVG MX 2MIN
DY MAX MIN AVG DEP HDD CDD  WTR  SNW DPTH SPD SPD DIR MIN PSBL S-S WX    SPD DR
================================================================================

 1 100  67  84  10   0  19 0.00  0.0    0  7.5 16 280   M    M   0        20 280
 2  96  68  82   8   0  17    T  0.0    0  8.1 15 320   M    M   0 3       M  M
 3  96  62  79   5   0  14 0.00  0.0    0  5.4 14 350   M    M   0        19  40
 4 100  64  82   8   0  17 0.00  0.0    0  6.6 16  30   M    M   0        20  10
 5  97  65  81   7   0  16 0.00  0.0    0 11.3 24 260   M    M   0        28 270
 6  93  59  76   2   0  11 0.00  0.0    0  8.9 20 290   M    M   0        25 290
 7  92  58  75   1   0  10 0.00  0.0    0  9.4 20 280   M    M   0        25 280
 8  88  57  73  -1   0   8 0.00  0.0    0  9.5 21 300   M    M   0        26 280
 9  92  53  73   0   0   8 0.00  0.0    0  5.8 18 300   M    M   0        24 290
10  98  58  78   5   0  13 0.00  0.0    0  6.5 15 350   M    M   0        21 360
11  97  64  81   8   0  16    T  0.0    0  8.3 28 310   M    M   1 3      36 300
12  96  63  80   7   0  15 0.02  0.0    0  7.1 38 180   M    M   3 38     46 170
13  85  56  71  -2   0   6 0.06  0.0    0  6.0 25 250   M    M   3        33 260
14  81  55  68  -4   0   3 0.17  0.0    0  7.1 22 220   M    M   2 13     26 220
15  82  57  70  -2   0   5 0.00  0.0    0  4.6 12 270   M    M   5        17 340
16  87  57  72   0   0   7 0.00  0.0    0  6.6 15 330   M    M   1        19 290
17  90  58  74   2   0   9 0.00  0.0    0  6.5 14 360   M    M   0        18 310
18  94  60  77   5   0  12 0.00  0.0    0  6.6 14 360   M    M   0        20 350
19  91  62  77   6   0  12 0.00  0.0    0 14.4 29 260   M    M   0        37 270
20  83  63  73   2   0   8 0.00  0.0    0 16.4 25 270   M    M   1        32 260
21  83  52  68  -3   0   3 0.00  0.0    0  8.4 20 240   M    M   0        23 290
22  79  54  67  -4   0   2 0.00  0.0    0  8.7 21 310   M    M   2        26 310
23  80  52  66  -4   0   1 0.00  0.0    0  6.8 17 320   M    M   0        24 330
24  85  54  70   0   0   5 0.34  0.0    0  7.5 33  20   M    M   3 3      38  30
25  82  51  67  -3   0   2 0.00  0.0    0  7.0 14 340   M    M   0        19 330
26  90  56  73   3   0   8 0.00  0.0    0  7.0 14 310   M    M   0 8      18 290
27  95  58  77   8   0  12 0.00  0.0    0  8.3 22 250   M    M   0 8      25 260
28  89  59  74   5   0   9 0.00  0.0    0 11.7 26 280   M    M   0        32 280
29  86  56  71   2   0   6 0.00  0.0    0 12.9 26 260   M    M   0        31 250
================================================================================
SM 2607 1698         0 274  0.59     0.0 240.9          M       21
================================================================================
AV 89.9 58.6                               8.3 FASTST   M    M   1    MAX(MPH)
                                 MISC ---->  # 38 180               # 46  170
================================================================================
NOTES:
# LAST OF SEVERAL OCCURRENCES

COLUMN 17 PEAK WIND IN M.P.H.

PRELIMINARY LOCAL CLIMATOLOGICAL DATA (WS FORM: F-6) , PAGE 2

                                          STATION:  PENDLETON OR
                                          MONTH:    AUGUST
                                          YEAR:     2014
                                          LATITUDE:   45 40 N
                                          LONGITUDE: 118 51 W

[TEMPERATURE DATA]      [PRECIPITATION DATA]       SYMBOLS USED IN COLUMN 16

AVERAGE MONTHLY: 74.2   TOTAL FOR MONTH:   0.59    1 = FOG OR MIST
DPTR FM NORMAL:   2.2   DPTR FM NORMAL:    0.24    2 = FOG REDUCING VISIBILITY
HIGHEST:   100 ON  4, 1 GRTST 24HR  0.34 ON 24-24      TO 1/4 MILE OR LESS
LOWEST:     51 ON 25                               3 = THUNDER
                        SNOW, ICE PELLETS, HAIL    4 = ICE PELLETS
                        TOTAL MONTH:   0.0 INCH    5 = HAIL
                        GRTST 24HR     0.0         6 = FREEZING RAIN OR DRIZZLE
                        GRTST DEPTH:   0           7 = DUSTSTORM OR SANDSTORM:
                                                       VSBY 1/2 MILE OR LESS
                                                   8 = SMOKE OR HAZE
[NO. OF DAYS WITH]      [WEATHER - DAYS WITH]      9 = BLOWING SNOW
                                                   X = TORNADO
MAX 32 OR BELOW:   0    0.01 INCH OR MORE:   4
MAX 90 OR ABOVE:  16    0.10 INCH OR MORE:   2
MIN 32 OR BELOW:   0    0.50 INCH OR MORE:   0
MIN  0 OR BELOW:   0    1.00 INCH OR MORE:   0

[HDD (BASE 65) ]
TOTAL THIS MO.     0    CLEAR  (SCALE 0-3)  28
DPTR FM NORMAL    -6    PTCLDY (SCALE 4-7)   1
TOTAL FM JUL 1     2    CLOUDY (SCALE 8-10)  0
DPTR FM NORMAL   -15

[CDD (BASE 65) ]
TOTAL THIS MO.   274
DPTR FM NORMAL    60    [PRESSURE DATA]
TOTAL FM JAN 1   757    HIGHEST SLP 30.07 ON  9
DPTR FM NORMAL   195    LOWEST  SLP 29.63 ON 19

[REMARKS]




U.S. Dept. of Commerce
NOAA National Weather Service
1325 East West Highway
Silver Spring, MD 20910
E-mail: w-nws.webmaster@noaa.gov
Page last modified: May 16, 2007
NATIONAL WEATHER SERVICE: for Safety, for Work, for Fun - FOR LIFE