976
CXUS56 KPDT 271832
CF6PDT
PRELIMINARY LOCAL CLIMATOLOGICAL DATA (WS FORM: F-6)

                                          STATION:   PENDLETON OR
                                          MONTH:     NOVEMBER
                                          YEAR:      2014
                                          LATITUDE:   45 40 N
                                          LONGITUDE: 118 51 W

  TEMPERATURE IN F:       :PCPN:    SNOW:  WIND      :SUNSHINE: SKY     :PK WND
================================================================================
1   2   3   4   5  6A  6B    7    8   9   10  11  12  13   14  15   16   17  18
                                     12Z  AVG MX 2MIN
DY MAX MIN AVG DEP HDD CDD  WTR  SNW DPTH SPD SPD DIR MIN PSBL S-S WX    SPD DR
================================================================================

 1  48  43  46   0  19   0 0.30  0.0    0 12.7 29 260   M    M   8 1      34 260
 2  56  43  50   4  15   0 0.00  0.0    0 14.3 26 280   M    M   2        32 270
 3  59  47  53   7  12   0    T  0.0    0  7.5 16 240   M    M  10 1      21 240
 4  62  50  56  11   9   0 0.15  0.0    0  8.7 20 210   M    M   8 1      25 210
 5  70  49  60  15   5   0 0.00  0.0    0  6.9 18 140   M    M   4 8      27 130
 6  67  49  58  13   7   0    T  0.0    0 12.1 28 260   M    M   3 18     38 260
 7  58  36  47   3  18   0 0.00  0.0    0  5.2 20 240   M    M   0 8      21 240
 8  57  32  45   1  20   0 0.00  0.0    0  4.2 10 160   M    M   0 8      17  10
 9  56  40  48   4  17   0 0.06  0.0    0 18.8 43 270   M    M   4 8      50 260
10  49  26  38  -5  27   0    T  0.0    0  7.8 25 270   M    M   2 8      30 270
11  37  16  27 -16  38   0 0.00  0.0    0  9.2 23  20   M    M   2        27  10
12  31  10  21 -22  44   0 0.00  0.0    0  3.9 13  20   M    M   0        15  30
13  21  12  17 -25  48   0 0.26  3.7    4  2.0  8 330   M    M   8 1       9 140
14  25   7  16 -26  49   0 0.00  0.0    3  3.3 10 150   M    M   7 18     12 150
15  22   2  12 -30  53   0 0.00  0.0    3  4.5 12 150   M    M   0 18     14 140
16  21   2  12 -29  53   0 0.00  0.0    2  3.0  9 130   M    M   1 128    11 340
17  21   4  13 -28  52   0 0.00  0.0    2  3.4  8 310   M    M   5 128     9 300
18  18   4  11 -29  54   0    T    T    2  4.0 10 160   M    M   8 128    11 160
19  23   7  15 -25  50   0 0.00  0.0    2  2.8  8 280   M    M   8 128    11  10
20  32  22  27 -13  38   0 0.12    M    M  2.2 10 130   M    M  10 126    11 130
21  56  27  42   3  23   0 0.20    M    0  9.7 36 290   M    M   9 128    45 290
22  49  41  45   6  20   0 0.11  0.0    0 21.2 38 260   M    M   5 1      48 260
23  52  38  45   6  20   0 0.02  0.0    0 13.1 25 280   M    M   5        32 280
24  53  34  44   6  21   0    T  0.0    0  8.2 18 140   M    M   3        23 150
25  61  49  55  17  10   0    T  0.0    0 14.5 32 240   M    M  10        38 250
26  62  50  56  18   9   0 0.00  0.0    0  8.0 18 230   M    M   1        23 230
================================================================================
SM 1166  740       731   0  1.22     3.7 211.2          M      123
================================================================================
AV 44.8 28.5                               8.1 FASTST   M    M   5    MAX(MPH)
                                 MISC ---->  # 43 270               # 50  260
================================================================================
NOTES:
# LAST OF SEVERAL OCCURRENCES

COLUMN 17 PEAK WIND IN M.P.H.

PRELIMINARY LOCAL CLIMATOLOGICAL DATA (WS FORM: F-6) , PAGE 2

                                          STATION:  PENDLETON OR
                                          MONTH:    NOVEMBER
                                          YEAR:     2014
                                          LATITUDE:   45 40 N
                                          LONGITUDE: 118 51 W

[TEMPERATURE DATA]      [PRECIPITATION DATA]       SYMBOLS USED IN COLUMN 16

AVERAGE MONTHLY: 36.7   TOTAL FOR MONTH:   1.22    1 = FOG OR MIST
DPTR FM NORMAL:  -5.4   DPTR FM NORMAL:   -0.09    2 = FOG REDUCING VISIBILITY
HIGHEST:    70 ON  5    GRTST 24HR  0.38 ON 31- 1      TO 1/4 MILE OR LESS
LOWEST:      2 ON 16,15                            3 = THUNDER
                        SNOW, ICE PELLETS, HAIL    4 = ICE PELLETS
                        TOTAL MONTH:   3.7 INCHES  5 = HAIL
                        GRTST 24HR   3.7 ON   M    6 = FREEZING RAIN OR DRIZZLE
                        GRTST DEPTH:   4 ON 13     7 = DUSTSTORM OR SANDSTORM:
                                                       VSBY 1/2 MILE OR LESS
                                                   8 = SMOKE OR HAZE
[NO. OF DAYS WITH]      [WEATHER - DAYS WITH]      9 = BLOWING SNOW
                                                   X = TORNADO
MAX 32 OR BELOW:   9    0.01 INCH OR MORE:   8
MAX 90 OR ABOVE:   0    0.10 INCH OR MORE:   6
MIN 32 OR BELOW:  13    0.50 INCH OR MORE:   0
MIN  0 OR BELOW:   0    1.00 INCH OR MORE:   0

[HDD (BASE 65) ]
TOTAL THIS MO.   731    CLEAR  (SCALE 0-3)  11
DPTR FM NORMAL   134    PTCLDY (SCALE 4-7)  10
TOTAL FM JUL 1  1025    CLOUDY (SCALE 8-10)  5
DPTR FM NORMAL  -114

[CDD (BASE 65) ]
TOTAL THIS MO.     0
DPTR FM NORMAL     0    [PRESSURE DATA]
TOTAL FM JAN 1   839    HIGHEST SLP 30.40 ON 24
DPTR FM NORMAL   203    LOWEST  SLP 29.47 ON 21

[REMARKS]




U.S. Dept. of Commerce
NOAA National Weather Service
1325 East West Highway
Silver Spring, MD 20910
E-mail: w-nws.webmaster@noaa.gov
Page last modified: May 16, 2007
NATIONAL WEATHER SERVICE: for Safety, for Work, for Fun - FOR LIFE