462
CXUS56 KPDT 011832
CF6PDT
PRELIMINARY LOCAL CLIMATOLOGICAL DATA (WS FORM: F-6)

                                          STATION:   PENDLETON OR
                                          MONTH:     JULY
                                          YEAR:      2014
                                          LATITUDE:   45 40 N
                                          LONGITUDE: 118 51 W

  TEMPERATURE IN F:       :PCPN:    SNOW:  WIND      :SUNSHINE: SKY     :PK WND
================================================================================
1   2   3   4   5  6A  6B    7    8   9   10  11  12  13   14  15   16   17  18
                                     12Z  AVG MX 2MIN
DY MAX MIN AVG DEP HDD CDD  WTR  SNW DPTH SPD SPD DIR MIN PSBL S-S WX    SPD DR
================================================================================

 1  96  55  76   7   0  11 0.00  0.0    0  7.8 17  40   M    M   0        20  40
 2  95  60  78   9   0  13 0.00  0.0    0  7.9 22 280   M    M   0        26 300
 3  90  65  78   8   0  13 0.00  0.0    0 11.2 25 260   M    M   0        32 260
 4  89  57  73   3   0   8 0.00  0.0    0  6.7 22 260   M    M   0        27 260
 5  92  60  76   6   0  11 0.00  0.0    0  7.1 16 270   M    M   0 8      23 210
 6  94  62  78   7   0  13 0.00  0.0    0  7.3 20 290   M    M   0        23 290
 7  96  60  78   7   0  13 0.00  0.0    0  6.5 15 340   M    M   0        23 360
 8  99  64  82  11   0  17 0.00  0.0    0  6.8 18 270   M    M   0        25 300
 9  98  65  82  11   0  17 0.00  0.0    0  8.5 20 270   M    M   0        24 270
10  94  59  77   5   0  12 0.00  0.0    0  8.9 22 280   M    M   0        26 280
11 100  58  79   7   0  14 0.00  0.0    0  7.3 20 360   M    M   0        24 350
12 101  62  82  10   0  17 0.00  0.0    0  8.1 20  20   M    M   0        24  10
13 104  65  85  13   0  20    T  0.0    0  9.3 24  20   M    M   0 3      32  20
14 100  66  83  10   0  18 0.03  0.0    0  6.5 17  30   M    M   1 38     23 330
15  98  66  82   9   0  17 0.00  0.0    0  6.8 17 320   M    M   0        22 290
16 105  67  86  13   0  21 0.00  0.0    0  9.4 25 260   M    M   0        32 260
17  97  66  82   9   0  17 0.00  0.0    0 16.8 35 260   M    M   0 8      43 260
18  94  57  76   2   0  11 0.00  0.0    0 10.9 23 270   M    M   0 8      28 260
19  97  63  80   6   0  15 0.00  0.0    0 15.2 30 260   M    M   0 8      38 260
20  84  61  73  -1   0   8 0.00  0.0    0 13.9 25 250   M    M   0        31 310
21  84  57  71  -3   0   6 0.00  0.0    0  7.3 30 250   M    M   1 8      35 250
22  87  63  75   1   0  10 0.13  0.0    0  7.6 23 280   M    M   4 3      27 290
23  80  53  67  -7   0   2 0.06  0.0    0 12.1 44 260   M    M   5 3      52 270
24  77  49  63 -11   2   0 0.00  0.0    0 11.6 26 280   M    M   2        36 270
25  84  48  66  -8   0   1 0.00  0.0    0  6.1 13 320   M    M   0        17 340
26  93  50  72  -2   0   7 0.00  0.0    0  6.1 16 310   M    M   0        20 310
27  97  55  76   2   0  11 0.00  0.0    0  8.3 16 340   M    M   0        20 350
28 101  67  84  10   0  19 0.00  0.0    0  6.4 14 290   M    M   0 8      19 310
29 104  66  85  11   0  20 0.00  0.0    0  7.0 14 320   M    M   0        20 270
30 104  73  89  15   0  24 0.00  0.0    0  7.7 20 180   M    M   0        24 320
31  94  66  80   6   0  15    T  0.0    0  6.9 22 100   M    M   0 8      26  90
================================================================================
SM 2928 1885         2 401  0.22     0.0 270.0          M       13
================================================================================
AV 94.5 60.8                               8.7 FASTST   M    M   0    MAX(MPH)
                                 MISC ---->  # 44 260               # 52  270
================================================================================
NOTES:
# LAST OF SEVERAL OCCURRENCES

COLUMN 17 PEAK WIND IN M.P.H.

PRELIMINARY LOCAL CLIMATOLOGICAL DATA (WS FORM: F-6) , PAGE 2

                                          STATION:  PENDLETON OR
                                          MONTH:    JULY
                                          YEAR:     2014
                                          LATITUDE:   45 40 N
                                          LONGITUDE: 118 51 W

[TEMPERATURE DATA]      [PRECIPITATION DATA]       SYMBOLS USED IN COLUMN 16

AVERAGE MONTHLY: 77.6   TOTAL FOR MONTH:   0.22    1 = FOG OR MIST
DPTR FM NORMAL:   5.0   DPTR FM NORMAL:   -0.10    2 = FOG REDUCING VISIBILITY
HIGHEST:   105 ON 16    GRTST 24HR  0.19 ON 22-23      TO 1/4 MILE OR LESS
LOWEST:     48 ON 25                               3 = THUNDER
                        SNOW, ICE PELLETS, HAIL    4 = ICE PELLETS
                        TOTAL MONTH:   0.0 INCH    5 = HAIL
                        GRTST 24HR     0.0         6 = FREEZING RAIN OR DRIZZLE
                        GRTST DEPTH:   0           7 = DUSTSTORM OR SANDSTORM:
                                                       VSBY 1/2 MILE OR LESS
                                                   8 = SMOKE OR HAZE
[NO. OF DAYS WITH]      [WEATHER - DAYS WITH]      9 = BLOWING SNOW
                                                   X = TORNADO
MAX 32 OR BELOW:   0    0.01 INCH OR MORE:   3
MAX 90 OR ABOVE:  24    0.10 INCH OR MORE:   1
MIN 32 OR BELOW:   0    0.50 INCH OR MORE:   0
MIN  0 OR BELOW:   0    1.00 INCH OR MORE:   0

[HDD (BASE 65) ]
TOTAL THIS MO.     2    CLEAR  (SCALE 0-3)  29
DPTR FM NORMAL    -9    PTCLDY (SCALE 4-7)   2
TOTAL FM JUL 1     2    CLOUDY (SCALE 8-10)  0
DPTR FM NORMAL    -9

[CDD (BASE 65) ]
TOTAL THIS MO.   401
DPTR FM NORMAL   155    [PRESSURE DATA]
TOTAL FM JAN 1   483    HIGHEST SLP 30.18 ON 24
DPTR FM NORMAL   135    LOWEST  SLP 29.70 ON  9

[REMARKS]
#FINAL-07-14#




U.S. Dept. of Commerce
NOAA National Weather Service
1325 East West Highway
Silver Spring, MD 20910
E-mail: w-nws.webmaster@noaa.gov
Page last modified: May 16, 2007
NATIONAL WEATHER SERVICE: for Safety, for Work, for Fun - FOR LIFE