985
CXUS52 KFFC 301110
CF6PDK
PRELIMINARY LOCAL CLIMATOLOGICAL DATA (WS FORM: F-6)

                                          STATION:   DEKALB PEACHTREE AIRPORT
                                          MONTH:     SEPTEMBER
                                          YEAR:      2014
                                          LATITUDE:   33 52 N
                                          LONGITUDE:  84 18 W

  TEMPERATURE IN F:       :PCPN:    SNOW:  WIND      :SUNSHINE: SKY     :PK WND
================================================================================
1   2   3   4   5  6A  6B    7    8   9   10  11  12  13   14  15   16   17  18
                                     12Z  AVG MX 2MIN
DY MAX MIN AVG DEP HDD CDD  WTR  SNW DPTH SPD SPD DIR MIN PSBL S-S WX    SPD DR
================================================================================

 1  93  70  82   5   0  17 0.05    M    M  1.6 24  20   M    M   2 13     31  20
 2  91  70  81   4   0  16 0.06    M    M  2.6 21 270   M    M   2 13     41 210
 3  93  70  82   5   0  17 1.82    M    M  2.2 23 360   M    M   4 13     30 340
 4  83  71  77   0   0  12 0.18  0.0    M  1.5 12 230   M    M   8 18     14 150
 5  89  70  80   4   0  15 0.00  0.0    M  1.4  9 140   M    M   3 18     13 140
 6  92  70  81   5   0  16 0.13  0.0    M  1.8 12 340   M    M   2 1      31  30
 7  90  70  80   4   0  15 0.52  0.0    M  3.0 14 360   M    M   5 13     18 120
 8  84  69  77   2   0  12 1.59  0.0    M  3.2 12  30   M    M   7 13     15  20
 9  83  67  75   0   0  10 0.00    M    M  2.8 10  70   M    M   5 1      21  60
10  84  70  77   2   0  12 0.00    M    M  3.4 12 120   M    M   6        22 140
11  90  69  80   5   0  15    T    M    M  3.7 14 310   M    M   3 18     20 230
12  91  73  82   8   0  17 0.68    M    M  2.5 28 320   M    M   4 13     31 330
13  86  69  78   4   0  13 0.00  0.0    M  4.8 12 310   M    M   3 18     15 310
14  72  64  68  -6   0   3 0.00  0.0    M  4.0 12  30   M    M   9 1      29 270
15  78  64  71  -2   0   6    T  0.0    M  0.8  6  70   M    M   9 18     10 110
16  86  69  78   5   0  13 0.00  0.0    M  3.1 13 320   M    M   4 18     20 260
17  84  60  72  -1   0   7 0.00  0.0    M  5.3 13 280   M    M   1 18     17 290
18  85  60  73   1   0   8 0.00  0.0    0  1.9  8  20   M    M   5 18     15  90
19  82  67  75   3   0  10 0.00    M    M  4.4 12 100   M    M   2 18     16 120
20  83  63  73   1   0   8 0.00    M    M  4.1 13  90   M    M   3 8      18  80
21  86  59  73   2   0   8    T    M    M  5.1 16 260   M    M   1 18     21 250
22  81  59  70  -1   0   5 0.00  0.0    0  6.1 16 310   M    M   3        28 330
23  76  57  67  -4   0   2 0.00  0.0    0  5.4 13  40   M    M   2        22  40
24  77  55  66  -4   0   1 0.00  0.0    0  5.5 13  70   M    M   2        23  70
25  77  62  70   0   0   5 0.00  0.0    M  3.3 12  50   M    M   8        25 340
26  74  64  69   0   0   4 0.00  0.0    M  5.1 12  70   M    M  10 1      18  90
27  78  63  71   2   0   6 0.01  0.0    M  2.8 10  80   M    M   9 18     17  70
28  74  64  69   0   0   4 0.01  0.0    M  2.4  9  70   M    M   9 18     14  60
29  70  66  68   0   0   3 0.15  0.0    M  3.7  9  20   M    M  10 18     13  10
================================================================================
SM 2412 1904         0 280  5.20     0.0  97.5          M      141
================================================================================
AV 83.2 65.7                               3.4 FASTST   M    M   5    MAX(MPH)
                                 MISC ---->  # 28 320               # 41  210
================================================================================
NOTES:
# LAST OF SEVERAL OCCURRENCES

COLUMN 17 PEAK WIND IN M.P.H.

PRELIMINARY LOCAL CLIMATOLOGICAL DATA (WS FORM: F-6) , PAGE 2

                                          STATION:  DEKALB PEACHTREE AIRPORT
                                          MONTH:    SEPTEMBER
                                          YEAR:     2014
                                          LATITUDE:   33 52 N
                                          LONGITUDE:  84 18 W

[TEMPERATURE DATA]      [PRECIPITATION DATA]       SYMBOLS USED IN COLUMN 16

AVERAGE MONTHLY: 74.4   TOTAL FOR MONTH:   5.20    1 = FOG OR MIST
DPTR FM NORMAL:   1.3   DPTR FM NORMAL:    0.80    2 = FOG REDUCING VISIBILITY
HIGHEST:    93 ON  3, 1 GRTST 24HR  2.10 ON  7- 8      TO 1/4 MILE OR LESS
LOWEST:     55 ON 24                               3 = THUNDER
                        SNOW, ICE PELLETS, HAIL    4 = ICE PELLETS
                        TOTAL MONTH:   0.0 INCH    5 = HAIL
                        GRTST 24HR     0.0         6 = FREEZING RAIN OR DRIZZLE
                        GRTST DEPTH:   0           7 = DUSTSTORM OR SANDSTORM:
                                                       VSBY 1/2 MILE OR LESS
                                                   8 = SMOKE OR HAZE
[NO. OF DAYS WITH]      [WEATHER - DAYS WITH]      9 = BLOWING SNOW
                                                   X = TORNADO
MAX 32 OR BELOW:   0    0.01 INCH OR MORE:  11
MAX 90 OR ABOVE:   7    0.10 INCH OR MORE:   7
MIN 32 OR BELOW:   0    0.50 INCH OR MORE:   4
MIN  0 OR BELOW:   0    1.00 INCH OR MORE:   2

[HDD (BASE 65) ]
TOTAL THIS MO.     0    CLEAR  (SCALE 0-3)  11
DPTR FM NORMAL    -7    PTCLDY (SCALE 4-7)  12
TOTAL FM JUL 1     0    CLOUDY (SCALE 8-10)  6
DPTR FM NORMAL    -7

[CDD (BASE 65) ]
TOTAL THIS MO.   280
DPTR FM NORMAL    38    [PRESSURE DATA]
TOTAL FM JAN 1  1684    HIGHEST SLP M ON M
DPTR FM NORMAL   -15    LOWEST  SLP 29.85 ON 17

[REMARKS]




U.S. Dept. of Commerce
NOAA National Weather Service
1325 East West Highway
Silver Spring, MD 20910
E-mail: w-nws.webmaster@noaa.gov
Page last modified: May 16, 2007
NATIONAL WEATHER SERVICE: for Safety, for Work, for Fun - FOR LIFE