954
CXUS52 KFFC 301110
CF6PDK
PRELIMINARY LOCAL CLIMATOLOGICAL DATA (WS FORM: F-6)

                                          STATION:   DEKALB PEACHTREE AIRPORT
                                          MONTH:     JULY
                                          YEAR:      2014
                                          LATITUDE:   33 52 N
                                          LONGITUDE:  84 18 W

  TEMPERATURE IN F:       :PCPN:    SNOW:  WIND      :SUNSHINE: SKY     :PK WND
================================================================================
1   2   3   4   5  6A  6B    7    8   9   10  11  12  13   14  15   16   17  18
                                     12Z  AVG MX 2MIN
DY MAX MIN AVG DEP HDD CDD  WTR  SNW DPTH SPD SPD DIR MIN PSBL S-S WX    SPD DR
================================================================================

 1  92  70  81   2   0  16 0.00  0.0    M  3.9 13 260   M    M   1 18     25 330
 2  96  71  84   5   0  19 0.00    M    M  4.3 13 280   M    M   1 18     28 270
 3  89  70  80   1   0  15 0.00  0.0    0  9.9 20  60   M    M   0        28 300
 4  87  63  75  -4   0  10 0.00  0.0    0  6.9 18 350   M    M   2 8      28 330
 5  87  66  77  -3   0  12 0.00  0.0    0  5.3 13  90   M    M   1        22 170
 6  88  67  78  -2   0  13 0.00  0.0    M  2.3  9 130   M    M   4 8      17 310
 7  92  69  81   1   0  16 0.00  0.0    M  4.3 16 270   M    M   2 18     29 270
 8  92  65  79  -1   0  14 0.00  0.0    M  7.0 17 290   M    M   2 8      24 280
 9  90  75  83   3   0  18 0.00    M    M  7.2 15 300   M    M   2 38     26 110
10  89  70  80   0   0  15    T    M    M  3.1 13 270   M    M   3 3      22 280
11  91  69  80   0   0  15 0.45    M    M  4.0 17 190   M    M   2 13     22 230
12  91  69  80   0   0  15 0.01    M    M  2.1  M   M   M    M   3 18      M  M
13  93  69  81   1   0  16 0.00    M    M  2.3 25 170   M    M   4 1       0   0
14  90  71  81   1   0  16 0.21    M    M   M   M 260   M    M   2 18      M  M
15  86  70  78  -2   0  13    T  0.0    M  7.1 18 320   M    M   3        24 310
16  84  64  74  -6   0   9 0.00  0.0    M  8.0 15 300   M    M   0        26  20
17  86  59  73  -7   0   8 0.00  0.0    M  2.6 10  20   M    M   0         M 260
18  80  65  73  -7   0   8 0.89    M    M  2.2 13  20   M    M   5 18     16 150
19  78  66  72  -8   0   7 2.42  0.0    M  4.3 12  40   M    M  10 18     17 130
20  74  65  70 -10   0   5 0.25  0.0    M  3.3  8 130   M    M  10 18     13 320
21  82  71  77  -3   0  12 0.35    M    M  3.6 21  40   M    M   6 1      25 210
22  84  71  78  -2   0  13    T    M    M  1.6  8 120   M    M   8        17  60
23  88  72  80   0   0  15 0.00    M    M  1.9 14 180   M    M   6 3      38  90
24  87  71  79  -1   0  14 0.38  0.0    M  6.3 28 320   M    M   2 138    29 310
25  88  67  78  -2   0  13 0.00  0.0    M  3.2 13 310   M    M   1 18     17 310
26  90  66  78  -2   0  13 0.00  0.0    M  3.6 13 140   M    M   0 18     32 210
27  92  70  81   1   0  16 0.00  0.0    M  8.3 17 150   M    M   1 8      39 260
28  90  72  81   1   0  16 0.00  0.0    M  9.4 12 320   M    M   3 8      21 330
29  83  64  74  -6   0   9 0.00  0.0    M  8.0 17 350   M    M   2        25 320
================================================================================
SM 2539 1977         0 381  4.96     0.0 136.0          M       86
================================================================================
AV 87.6 68.2                               4.9 FASTST   M    M   3    MAX(MPH)
                                 MISC ---->  # 28 320               # 39  260
================================================================================
NOTES:
# LAST OF SEVERAL OCCURRENCES

COLUMN 17 PEAK WIND IN M.P.H.

PRELIMINARY LOCAL CLIMATOLOGICAL DATA (WS FORM: F-6) , PAGE 2

                                          STATION:  DEKALB PEACHTREE AIRPORT
                                          MONTH:    JULY
                                          YEAR:     2014
                                          LATITUDE:   33 52 N
                                          LONGITUDE:  84 18 W

[TEMPERATURE DATA]      [PRECIPITATION DATA]       SYMBOLS USED IN COLUMN 16

AVERAGE MONTHLY: 77.9   TOTAL FOR MONTH:   4.96    1 = FOG OR MIST
DPTR FM NORMAL:  -2.0   DPTR FM NORMAL:    0.20    2 = FOG REDUCING VISIBILITY
HIGHEST:    96 ON  2    GRTST 24HR  3.31 ON 18-19      TO 1/4 MILE OR LESS
LOWEST:     59 ON 17                               3 = THUNDER
                        SNOW, ICE PELLETS, HAIL    4 = ICE PELLETS
                        TOTAL MONTH:   0.0 INCH    5 = HAIL
                        GRTST 24HR     0.0         6 = FREEZING RAIN OR DRIZZLE
                        GRTST DEPTH:   0           7 = DUSTSTORM OR SANDSTORM:
                                                       VSBY 1/2 MILE OR LESS
                                                   8 = SMOKE OR HAZE
[NO. OF DAYS WITH]      [WEATHER - DAYS WITH]      9 = BLOWING SNOW
                                                   X = TORNADO
MAX 32 OR BELOW:   0    0.01 INCH OR MORE:   8
MAX 90 OR ABOVE:  12    0.10 INCH OR MORE:   7
MIN 32 OR BELOW:   0    0.50 INCH OR MORE:   2
MIN  0 OR BELOW:   0    1.00 INCH OR MORE:   1

[HDD (BASE 65) ]
TOTAL THIS MO.     0    CLEAR  (SCALE 0-3)  19
DPTR FM NORMAL     0    PTCLDY (SCALE 4-7)   7
TOTAL FM JUL 1     0    CLOUDY (SCALE 8-10)  3
DPTR FM NORMAL     0

[CDD (BASE 65) ]
TOTAL THIS MO.   381
DPTR FM NORMAL   -49    [PRESSURE DATA]
TOTAL FM JAN 1   986    HIGHEST SLP  0.00 ON M
DPTR FM NORMAL    -8    LOWEST  SLP 29.79 ON 15

[REMARKS]




U.S. Dept. of Commerce
NOAA National Weather Service
1325 East West Highway
Silver Spring, MD 20910
E-mail: w-nws.webmaster@noaa.gov
Page last modified: May 16, 2007
NATIONAL WEATHER SERVICE: for Safety, for Work, for Fun - FOR LIFE