133
CXUS52 KFFC 261110
CF6PDK
PRELIMINARY LOCAL CLIMATOLOGICAL DATA (WS FORM: F-6)

                                          STATION:   DEKALB PEACHTREE AIRPORT
                                          MONTH:     JANUARY
                                          YEAR:      2015
                                          LATITUDE:   33 52 N
                                          LONGITUDE:  84 18 W

  TEMPERATURE IN F:       :PCPN:    SNOW:  WIND      :SUNSHINE: SKY     :PK WND
================================================================================
1   2   3   4   5  6A  6B    7    8   9   10  11  12  13   14  15   16   17  18
                                     12Z  AVG MX 2MIN
DY MAX MIN AVG DEP HDD CDD  WTR  SNW DPTH SPD SPD DIR MIN PSBL S-S WX    SPD DR
================================================================================

 1  55  28  42   0  23   0 0.08  0.0    M  2.7  8 330   M    M   4 18     10 330
 2  49  41  45   3  20   0 0.70  0.0    M  2.2 16 340   M    M   9 1      37  30
 3  58  47  53  11  12   0 0.35    M    M  4.1  9 150   M    M  10 123    14 140
 4  64  43  54  12  11   0 1.04    M    M  8.5 23 320   M    M   6 13     35 310
 5  47  31  39  -3  26   0 0.00    M    M 10.1 22 320   M    M   2        31 310
 6  52  25  39  -3  26   0 0.00  0.0    M  6.8 22 310   M    M   0        31 320
 7  40  15  28 -14  37   0 0.00    M    M 15.3 29 320   M    M   2        39 290
 8  32   9  21 -21  44   0 0.00    M    M  5.9 16 330   M    M   0        22 340
 9  39  18  29 -13  36   0 0.00    M    M  7.0 16 310   M    M   0        23 260
10  47  19  33  -9  32   0 0.00    M    M  4.6 15 330   M    M   0        23 340
11  43  30  37  -5  28   0 0.06    M    M  4.3 10  70   M    M   7 1      16 100
12  47  37  42   0  23   0 0.01    M    M  2.3 10 320   M    M  10 12     14 320
13  47  39  43   1  22   0 0.06    M    M  5.9 13  70   M    M  10 1      20  70
14  44  32  38  -4  27   0 0.00    M    M  3.3 10 280   M    M   8 18     14  80
15  39  28  34  -8  31   0 0.08    M    M  3.2 12 310   M    M   8 12     15 320
16  52  30  41  -1  24   0 0.00  0.0    M  7.0 15 290   M    M   2 18     21 320
17  57  25  41  -1  24   0 0.00  0.0    M  2.6 23 330   M    M   0 1      29 330
18  58  32  45   3  20   0 0.00  0.0    M  7.8 22 290   M    M   2        31 290
19  65  28  47   5  18   0 0.00  0.0    M  5.0 16 260   M    M   0        21 230
20  66  39  53  11  12   0 0.00  0.0    M  4.4 13 240   M    M   0        16 250
21  62  34  48   6  17   0 0.00  0.0    M  5.3 17 290   M    M   0        22 290
22  55  32  44   1  21   0 0.03    M    M  2.4  8 340   M    M   5        10 330
23  44  39  42  -1  23   0 0.80    M    M  6.3 16  70   M    M  10 1      25  70
24  48  35  42  -1  23   0    T  0.0    M  9.3 22 320   M    M   5 1      30 320
25  58  26  42  -1  23   0 0.05  0.0    M  5.8 22 300   M    M   2 1      26 300
================================================================================
SM 1268  762       603   0  3.26     0.0 142.1          M      102
================================================================================
AV 50.7 30.5                               5.7 FASTST   M    M   4    MAX(MPH)
                                 MISC ---->  # 29 320               # 39  290
================================================================================
NOTES:
# LAST OF SEVERAL OCCURRENCES

COLUMN 17 PEAK WIND IN M.P.H.

PRELIMINARY LOCAL CLIMATOLOGICAL DATA (WS FORM: F-6) , PAGE 2

                                          STATION:  DEKALB PEACHTREE AIRPORT
                                          MONTH:    JANUARY
                                          YEAR:     2015
                                          LATITUDE:   33 52 N
                                          LONGITUDE:  84 18 W

[TEMPERATURE DATA]      [PRECIPITATION DATA]       SYMBOLS USED IN COLUMN 16

AVERAGE MONTHLY: 40.6   TOTAL FOR MONTH:   3.26    1 = FOG OR MIST
DPTR FM NORMAL:  -1.6   DPTR FM NORMAL:   -0.36    2 = FOG REDUCING VISIBILITY
HIGHEST:    66 ON 20    GRTST 24HR  1.35 ON  3- 4      TO 1/4 MILE OR LESS
LOWEST:      9 ON  8                               3 = THUNDER
                        SNOW, ICE PELLETS, HAIL    4 = ICE PELLETS
                        TOTAL MONTH:   0.0 INCH    5 = HAIL
                        GRTST 24HR     0.0         6 = FREEZING RAIN OR DRIZZLE
                        GRTST DEPTH:  M  ON   M    7 = DUSTSTORM OR SANDSTORM:
                                                       VSBY 1/2 MILE OR LESS
                                                   8 = SMOKE OR HAZE
[NO. OF DAYS WITH]      [WEATHER - DAYS WITH]      9 = BLOWING SNOW
                                                   X = TORNADO
MAX 32 OR BELOW:   1    0.01 INCH OR MORE:  11
MAX 90 OR ABOVE:   0    0.10 INCH OR MORE:   4
MIN 32 OR BELOW:  16    0.50 INCH OR MORE:   3
MIN  0 OR BELOW:   0    1.00 INCH OR MORE:   1

[HDD (BASE 65) ]
TOTAL THIS MO.   603    CLEAR  (SCALE 0-3)  13
DPTR FM NORMAL    32    PTCLDY (SCALE 4-7)   7
TOTAL FM JUL 1  1799    CLOUDY (SCALE 8-10)  5
DPTR FM NORMAL    60

[CDD (BASE 65) ]
TOTAL THIS MO.     0
DPTR FM NORMAL     0    [PRESSURE DATA]
TOTAL FM JAN 1     0    HIGHEST SLP M ON M
DPTR FM NORMAL     0    LOWEST  SLP 29.67 ON 24

[REMARKS]




U.S. Dept. of Commerce
NOAA National Weather Service
1325 East West Highway
Silver Spring, MD 20910
E-mail: w-nws.webmaster@noaa.gov
Page last modified: May 16, 2007
NATIONAL WEATHER SERVICE: for Safety, for Work, for Fun - FOR LIFE