047
CXUS52 KFFC 011110
CF6PDK
PRELIMINARY LOCAL CLIMATOLOGICAL DATA (WS FORM: F-6)

                                          STATION:   DEKALB PEACHTREE AIRPORT
                                          MONTH:     NOVEMBER
                                          YEAR:      2014
                                          LATITUDE:   33 52 N
                                          LONGITUDE:  84 18 W

  TEMPERATURE IN F:       :PCPN:    SNOW:  WIND      :SUNSHINE: SKY     :PK WND
================================================================================
1   2   3   4   5  6A  6B    7    8   9   10  11  12  13   14  15   16   17  18
                                     12Z  AVG MX 2MIN
DY MAX MIN AVG DEP HDD CDD  WTR  SNW DPTH SPD SPD DIR MIN PSBL S-S WX    SPD DR
================================================================================

 1  46  37  42 -15  23   0    T    M    M 17.9 30 320   M    M   9        45 320
 2  57  32  45 -12  20   0 0.00    M    M  8.1 18 330   M    M   0        23 330
 3  66  29  48  -8  17   0 0.00    M    M  1.1  8 140   M    M   0        12 180
 4  69  38  54  -2  11   0 0.00    M    M  2.1  9 170   M    M   0 1      16 180
 5  68  45  57   1   8   0 0.00  0.0    M  1.3  8 200   M    M   1 18     21 150
 6  71  48  60   5   5   0 0.08  0.0    0 10.8 26 330   M    M   4 1      37 320
 7  59  37  48  -7  17   0 0.00  0.0    0  7.4 17 320   M    M   0        25 300
 8  61  32  47  -8  18   0 0.00  0.0    0  1.3  9 220   M    M   0 1      35 210
 9  68  36  52  -3  13   0 0.00  0.0    0  1.6 13 310   M    M   0 1      15 310
10  70  35  53  -1  12   0 0.00  0.0    0  1.4 10 170   M    M   0 18     14 170
11  71  37  54   0  11   0 0.00  0.0    0  1.2 10 280   M    M   0 18     14 270
12  65  43  54   0  11   0 0.00  0.0    0  5.7 15 300   M    M   5 18     25 230
13  47  32  40 -13  25   0 0.00    M    M 13.9 22 310   M    M   7 8      59 150
14  44  25  35 -18  30   0 0.00  0.0    M  9.6 20 310   M    M   0 8      26 320
15  48  25  37 -16  28   0 0.00  0.0    M  4.1 12 130   M    M   2        20 150
16  50  37  44  -9  21   0 1.18  0.0    M  3.7 14 150   M    M   9 138    20 110
17  53  30  42 -10  23   0 1.37  0.0    M 10.4 24 290   M    M   7 13     32 320
18  36  23  30 -22  35   0 0.00  0.0    M 11.2 22 310   M    M   2        32 320
19  49  19  34 -18  31   0 0.00  0.0    M  4.8 15 230   M    M   0        17 210
20  60  28  44  -7  21   0 0.00  0.0    M  5.3 17 280   M    M   0        25 280
21  63  30  47  -4  18   0 0.00    M    M  0.9  9 320   M    M   0 1      13 350
22  60  35  48  -3  17   0    T    M    M  4.7 12 120   M    M   2        17 140
23  59  43  51   0  14   0 1.50    M    M  6.9 16  90   M    M  10 1      26  70
24  74  54  64  14   1   0 0.00    M    M  8.8 17 240   M    M   3        22 240
25  62  47  55   5  10   0 0.00    M    M  7.2 14 320   M    M   1        18 350
26  55  40  48  -2  17   0    T    M    M  7.2 20 290   M    M   4        29 330
27  47  33  40  -9  25   0 0.00  0.0    M 12.3 21 320   M    M   7        29 340
28  49  26  38 -11  27   0 0.00  0.0    M  4.1 13 330   M    M   0        20 320
29  60  27  44  -5  21   0 0.00    M    M  4.2 13 190   M    M   4 18     17 240
30  68  40  54   6  11   0 0.00    M    M  4.0 16 230   M    M   4        20 200
================================================================================
SM 1755 1043       541   0  4.13     0.0 183.2          M       81
================================================================================
AV 58.5 34.8                               6.1 FASTST   M    M   3    MAX(MPH)
                                 MISC ---->  # 30 320               # 59  150
================================================================================
NOTES:
# LAST OF SEVERAL OCCURRENCES

COLUMN 17 PEAK WIND IN M.P.H.

PRELIMINARY LOCAL CLIMATOLOGICAL DATA (WS FORM: F-6) , PAGE 2

                                          STATION:  DEKALB PEACHTREE AIRPORT
                                          MONTH:    NOVEMBER
                                          YEAR:     2014
                                          LATITUDE:   33 52 N
                                          LONGITUDE:  84 18 W

[TEMPERATURE DATA]      [PRECIPITATION DATA]       SYMBOLS USED IN COLUMN 16

AVERAGE MONTHLY: 46.6   TOTAL FOR MONTH:   4.13    1 = FOG OR MIST
DPTR FM NORMAL:  -6.1   DPTR FM NORMAL:   -0.09    2 = FOG REDUCING VISIBILITY
HIGHEST:    74 ON 24    GRTST 24HR  2.55 ON 16-17      TO 1/4 MILE OR LESS
LOWEST:     19 ON 19                               3 = THUNDER
                        SNOW, ICE PELLETS, HAIL    4 = ICE PELLETS
                        TOTAL MONTH:   0.0 INCH    5 = HAIL
                        GRTST 24HR     0.0         6 = FREEZING RAIN OR DRIZZLE
                        GRTST DEPTH:   0           7 = DUSTSTORM OR SANDSTORM:
                                                       VSBY 1/2 MILE OR LESS
                                                   8 = SMOKE OR HAZE
[NO. OF DAYS WITH]      [WEATHER - DAYS WITH]      9 = BLOWING SNOW
                                                   X = TORNADO
MAX 32 OR BELOW:   0    0.01 INCH OR MORE:   4
MAX 90 OR ABOVE:   0    0.10 INCH OR MORE:   3
MIN 32 OR BELOW:  13    0.50 INCH OR MORE:   3
MIN  0 OR BELOW:   0    1.00 INCH OR MORE:   3

[HDD (BASE 65) ]
TOTAL THIS MO.   541    CLEAR  (SCALE 0-3)  18
DPTR FM NORMAL   166    PTCLDY (SCALE 4-7)   9
TOTAL FM JUL 1   664    CLOUDY (SCALE 8-10)  3
DPTR FM NORMAL   137

[CDD (BASE 65) ]
TOTAL THIS MO.     0
DPTR FM NORMAL    -4    [PRESSURE DATA]
TOTAL FM JAN 1  1768    HIGHEST SLP 30.51 ON 22
DPTR FM NORMAL    12    LOWEST  SLP 29.66 ON 23

[REMARKS]
#FINAL-11-14#




U.S. Dept. of Commerce
NOAA National Weather Service
1325 East West Highway
Silver Spring, MD 20910
E-mail: w-nws.webmaster@noaa.gov
Page last modified: May 16, 2007
NATIONAL WEATHER SERVICE: for Safety, for Work, for Fun - FOR LIFE