251
CXUS53 KARX 280930
CF6PDC
PRELIMINARY LOCAL CLIMATOLOGICAL DATA (WS FORM: F-6)

                                          STATION:   PRAIRIE_DU_CHIEN_MUN
                                          MONTH:     AUGUST
                                          YEAR:      2014
                                          LATITUDE:   43  1 N
                                          LONGITUDE:  91  7 W

  TEMPERATURE IN F:       :PCPN:    SNOW:  WIND      :SUNSHINE: SKY     :PK WND
================================================================================
1   2   3   4   5  6A  6B    7    8   9   10  11  12  13   14  15   16   17  18
                                     12Z  AVG MX 2MIN
DY MAX MIN AVG DEP HDD CDD  WTR  SNW DPTH SPD SPD DIR MIN PSBL S-S WX    SPD DR
================================================================================

 1  84  57  71   M   0   6 0.00  0.0    0  2.1  9  90   M    M   2 12      M  M
 2  84  56  70   M   0   5 0.00  0.0    0  1.9  7 210   M    M   0         M  M
 3  86  60  73   M   0   8 0.00  0.0    0  3.0  8 240   M    M   2         M  M
 4  86  64  75   M   0  10 0.04  0.0    0  3.0  8 110   M    M   2 18      M  M
 5  74  62  68   M   0   3 0.00  0.0    0  1.2  5 360   M    M   7 1       M  M
 6  79  61  70   M   0   5 0.00  0.0    0  2.0  6  60   M    M   3 12      M  M
 7  83  56  70   M   0   5 0.00  0.0    0  4.6 12  80   M    M   2 1      21 110
 8  83  61  72   M   0   7 0.00  0.0    0  4.0  9 110   M    M   6        13 100
 9  83  58  71   M   0   6 0.00  0.0    0  3.5  8  50   M    M   1 1       M  M
10  81  57  69   M   0   4 0.00  0.0    0  1.7  7 100   M    M   0 1       M  M
11  76  59  68   M   0   3 0.00  0.0    0  5.4 17 310   M    M   6 1      23 310
12  78  55  67   M   0   2 0.00  0.0    0  9.0 16 350   M    M   1        22 350
13  83  53  68   M   0   3 0.00  0.0    0  3.3 10 330   M    M   2        17 330
14  78  53  66   M   0   1 0.00  0.0    0  2.7  9  50   M    M   0         M  M
15  78  54  66   M   0   1 0.00  0.0    0  3.5  8 170   M    M   3         M  M
16  83  63  73   M   0   8 0.00  0.0    0  1.0  5 220   M    M   5 1       M  M
17  75  64  70   M   0   5 0.00  0.0    0  2.7  7  80   M    M   7 1       M  M
18  86  65  76   M   0  11 0.43  0.0    0  5.8 17 260   M    M   4 1      36 260
19  83  65  74   M   0   9 0.01  0.0    0  4.7 13 270   M    M   3        18 270
20  85  62  74   M   0   9 0.00  0.0    0  2.6  8 210   M    M   3 12      M  M
21  81  69  75   M   0  10 0.58  0.0    0  4.1 13 110   M    M   7        10 100
22  89  69  79   M   0  14 0.00  0.0    0  1.4  6 210   M    M   6 18      M  M
23  82  71  77   M   0  12 0.66  0.0    0  1.7  9 240   M    M   5 1       M  M
24  90  69  80   M   0  15 0.00  0.0    0  5.5 10 120   M    M   4 1       M  M
25  85  69  77   M   0  12 0.68  0.0    0  3.4  9  70   M    M   3         M  M
26  77  65  71   M   0   6 0.14  0.0    0  4.2  9 320   M    M   3         M  M
27  75  58  67   M   0   2 0.00  0.0    0  1.4  5  20   M    M   1         M  M
================================================================================
SM 2207 1655         0 182  2.54     0.0  89.4          M       88
================================================================================
AV 81.7 61.3                               3.3 FASTST   M    M   3    MAX(MPH)
                                 MISC ---->    17   M                 36    M
================================================================================
NOTES:
# LAST OF SEVERAL OCCURRENCES

COLUMN 17 PEAK WIND IN M.P.H.

PRELIMINARY LOCAL CLIMATOLOGICAL DATA (WS FORM: F-6) , PAGE 2

                                          STATION:  PRAIRIE_DU_CHIEN_MUN
                                          MONTH:    AUGUST
                                          YEAR:     2014
                                          LATITUDE:   43  1 N
                                          LONGITUDE:  91  7 W

[TEMPERATURE DATA]      [PRECIPITATION DATA]       SYMBOLS USED IN COLUMN 16

AVERAGE MONTHLY: 71.5   TOTAL FOR MONTH:   2.54    1 = FOG OR MIST
DPTR FM NORMAL:     M   DPTR FM NORMAL:       M    2 = FOG REDUCING VISIBILITY
HIGHEST:    90 ON 24    GRTST 24HR  0.68 ON 25-25      TO 1/4 MILE OR LESS
LOWEST:     53 ON 14,13                            3 = THUNDER
                        SNOW, ICE PELLETS, HAIL    4 = ICE PELLETS
                        TOTAL MONTH:   0.0 INCH    5 = HAIL
                        GRTST 24HR     0.0         6 = FREEZING RAIN OR DRIZZLE
                        GRTST DEPTH:   0           7 = DUSTSTORM OR SANDSTORM:
                                                       VSBY 1/2 MILE OR LESS
                                                   8 = SMOKE OR HAZE
[NO. OF DAYS WITH]      [WEATHER - DAYS WITH]      9 = BLOWING SNOW
                                                   X = TORNADO
MAX 32 OR BELOW:   0    0.01 INCH OR MORE:   7
MAX 90 OR ABOVE:   1    0.10 INCH OR MORE:   5
MIN 32 OR BELOW:   0    0.50 INCH OR MORE:   3
MIN  0 OR BELOW:   0    1.00 INCH OR MORE:   0

[HDD (BASE 65) ]
TOTAL THIS MO.     0    CLEAR  (SCALE 0-3)  15
DPTR FM NORMAL     M    PTCLDY (SCALE 4-7)  12
TOTAL FM JUL 1    16    CLOUDY (SCALE 8-10)  0
DPTR FM NORMAL     M

[CDD (BASE 65) ]
TOTAL THIS MO.   182
DPTR FM NORMAL     M    [PRESSURE DATA]
TOTAL FM JAN 1   573    HIGHEST SLP M ON M
DPTR FM NORMAL     M    LOWEST  SLP M ON M

[REMARKS]




U.S. Dept. of Commerce
NOAA National Weather Service
1325 East West Highway
Silver Spring, MD 20910
E-mail: w-nws.webmaster@noaa.gov
Page last modified: May 16, 2007
NATIONAL WEATHER SERVICE: for Safety, for Work, for Fun - FOR LIFE