907
CXUS53 KARX 010930
CF6PDC
PRELIMINARY LOCAL CLIMATOLOGICAL DATA (WS FORM: F-6)

                                          STATION:   PRAIRIE_DU_CHIEN_MUN
                                          MONTH:     SEPTEMBER
                                          YEAR:      2014
                                          LATITUDE:   43  1 N
                                          LONGITUDE:  91  7 W

  TEMPERATURE IN F:       :PCPN:    SNOW:  WIND      :SUNSHINE: SKY     :PK WND
================================================================================
1   2   3   4   5  6A  6B    7    8   9   10  11  12  13   14  15   16   17  18
                                     12Z  AVG MX 2MIN
DY MAX MIN AVG DEP HDD CDD  WTR  SNW DPTH SPD SPD DIR MIN PSBL S-S WX    SPD DR
================================================================================

 1  80  60  70   M   0   5 0.44  0.0    0  5.8 16  80   M    M   5 1      21 290
 2  79  56  68   M   0   3 0.10  0.0    0  3.7 10 260   M    M   2 1       M  M
 3  83  56  70   M   0   5 0.00  0.0    0  6.2 15 150   M    M   1        20 150
 4  87  72  80   M   0  15 0.00  0.0    0  7.5 15 130   M    M   7        25 130
 5  80  54  67   M   0   2    T  0.0    0  8.9 17 290   M    M   4        25 290
 6  77  50  64   M   1   0 0.00  0.0    0  3.0  9 280   M    M   0         M  M
 7  77  51  64   M   1   0 0.00  0.0    0  1.8  8 190   M    M   1         M  M
 8  74  53  64   M   1   0 0.23  0.0    0  5.2 12 150   M    M   2        22 150
 9  76  63  70   M   0   5 1.37  0.0    0  6.0 10 150   M    M   6        21 130
10  72  50  61   M   4   0    M  0.0    0  9.9 18 330   M    M  10        30 310
11  57  46  52   M  13   0 0.00  0.0    0  8.2 13 360   M    M   8        17 360
12  49  43  46   M  19   0 0.24  0.0    0  3.8  9 340   M    M   8         M  M
13  58  37  48   M  17   0 0.00  0.0    0  1.5  6 140   M    M   1         M  M
14  68  41  55   M  10   0 0.00  0.0    0  4.1 14 210   M    M   5        18 190
15  60  43  52   M  13   0 0.14  0.0    0  2.8 15 330   M    M   6        18 330
16  66  41  54   M  11   0 0.00  0.0    0  1.9  7 220   M    M   4 12      M  M
17  70  43  57   M   8   0 0.00  0.0    0  0.8  5 100   M    M   4 12      M  M
18  72  47  60   M   5   0 0.00  0.0    0  2.8  7 100   M    M   4 12      M  M
19  75  51  63   M   2   0 0.00  0.0    0  6.9 15 170   M    M   1 1      25 160
20  81  57  69   M   0   4 0.63  0.0    0  6.9 14 260   M    M   4        22 260
21  68  47  58   M   7   0 0.00  0.0    0  7.1 14 330   M    M   4        24 300
22  72  44  58   M   7   0 0.00  0.0    0  2.2 10 230   M    M   2 12      M  M
23  73  45  59   M   6   0 0.00  0.0    0  4.4  8 170   M    M   1 1       M  M
24  68  52  60   M   5   0 0.02  0.0    0  3.2  7  70   M    M   4         M  M
25  77  56  67   M   0   2 0.00  0.0    0  2.5  7 180   M    M   6         M  M
26  79  52  66   M   0   1 0.00  0.0    0  3.3  8 120   M    M   1         M  M
27  82  57  70   M   0   5 0.00  0.0    0  2.3  7 130   M    M   0         M  M
28  81  54  68   M   0   3 0.00  0.0    0  1.2  6 160   M    M   0 1       M  M
29  83  53  68   M   0   3 0.00  0.0    0  4.0 13 320   M    M   6 1      18 330
30  58  46  52   M  13   0 0.00  0.0    0  6.7  9  80   M    M   5         M  M
================================================================================
SM 2182 1520       143  53  3.17     0.0 134.6          M      112
================================================================================
AV 72.7 50.7                               4.5 FASTST   M    M   4    MAX(MPH)
                                 MISC ---->    18   M                 30    M
================================================================================
NOTES:
# LAST OF SEVERAL OCCURRENCES

COLUMN 17 PEAK WIND IN M.P.H.

PRELIMINARY LOCAL CLIMATOLOGICAL DATA (WS FORM: F-6) , PAGE 2

                                          STATION:  PRAIRIE_DU_CHIEN_MUN
                                          MONTH:    SEPTEMBER
                                          YEAR:     2014
                                          LATITUDE:   43  1 N
                                          LONGITUDE:  91  7 W

[TEMPERATURE DATA]      [PRECIPITATION DATA]       SYMBOLS USED IN COLUMN 16

AVERAGE MONTHLY: 61.7   TOTAL FOR MONTH:   3.17    1 = FOG OR MIST
DPTR FM NORMAL:     M   DPTR FM NORMAL:       M    2 = FOG REDUCING VISIBILITY
HIGHEST:    87 ON  4    GRTST 24HR  1.37 ON  9- 9      TO 1/4 MILE OR LESS
LOWEST:     37 ON 13                               3 = THUNDER
                        SNOW, ICE PELLETS, HAIL    4 = ICE PELLETS
                        TOTAL MONTH:   0.0 INCH    5 = HAIL
                        GRTST 24HR     0.0         6 = FREEZING RAIN OR DRIZZLE
                        GRTST DEPTH:   0           7 = DUSTSTORM OR SANDSTORM:
                                                       VSBY 1/2 MILE OR LESS
                                                   8 = SMOKE OR HAZE
[NO. OF DAYS WITH]      [WEATHER - DAYS WITH]      9 = BLOWING SNOW
                                                   X = TORNADO
MAX 32 OR BELOW:   0    0.01 INCH OR MORE:   8
MAX 90 OR ABOVE:   0    0.10 INCH OR MORE:   7
MIN 32 OR BELOW:   0    0.50 INCH OR MORE:   2
MIN  0 OR BELOW:   0    1.00 INCH OR MORE:   1

[HDD (BASE 65) ]
TOTAL THIS MO.   143    CLEAR  (SCALE 0-3)  12
DPTR FM NORMAL     M    PTCLDY (SCALE 4-7)  17
TOTAL FM JUL 1   159    CLOUDY (SCALE 8-10)  1
DPTR FM NORMAL     M

[CDD (BASE 65) ]
TOTAL THIS MO.    53
DPTR FM NORMAL     M    [PRESSURE DATA]
TOTAL FM JAN 1   657    HIGHEST SLP M ON M
DPTR FM NORMAL     M    LOWEST  SLP M ON M

[REMARKS]
#FINAL-09-14#




U.S. Dept. of Commerce
NOAA National Weather Service
1325 East West Highway
Silver Spring, MD 20910
E-mail: w-nws.webmaster@noaa.gov
Page last modified: May 16, 2007
NATIONAL WEATHER SERVICE: for Safety, for Work, for Fun - FOR LIFE