597
CXUS53 KARX 290930
CF6PDC
PRELIMINARY LOCAL CLIMATOLOGICAL DATA (WS FORM: F-6)

                                          STATION:   PRAIRIE_DU_CHIEN_MUN
                                          MONTH:     JULY
                                          YEAR:      2014
                                          LATITUDE:   43  1 N
                                          LONGITUDE:  91  7 W

  TEMPERATURE IN F:       :PCPN:    SNOW:  WIND      :SUNSHINE: SKY     :PK WND
================================================================================
1   2   3   4   5  6A  6B    7    8   9   10  11  12  13   14  15   16   17  18
                                     12Z  AVG MX 2MIN
DY MAX MIN AVG DEP HDD CDD  WTR  SNW DPTH SPD SPD DIR MIN PSBL S-S WX    SPD DR
================================================================================

 1  77  60  69   M   0   4 0.00  0.0    0  9.7 15 270   M    M   4        24 240
 2  65  54  60   M   5   0 0.00  0.0    0  7.5 13 330   M    M   7        24 330
 3  74  50  62   M   3   0 0.00  0.0    0  1.2  8 350   M    M   2         M  M
 4  79  53  66   M   0   1 0.00  0.0    0  2.1  7 170   M    M   2 1       M  M
 5  72  60  66   M   0   1 0.00  0.0    0  5.5 14 180   M    M   6        17 150
 6  85  66  76   M   0  11 0.11  0.0    0  3.7  9 230   M    M   8 1      16 220
 7  83  63  73   M   0   8 0.70  0.0    0  2.8 12 320   M    M   2        29 320
 8  78  62  70   M   0   5 0.00  0.0    0  9.3 18 280   M    M   2        27 280
 9  76  57  67   M   0   2 0.00  0.0    0  4.3  9 280   M    M   2        18 300
10  82  58  70   M   0   5 0.00  0.0    0  3.9  8 190   M    M   3         M  M
11  78  64  71   M   0   6 0.00  0.0    0  5.4 12 170   M    M   4        16 110
12  79  64  72   M   0   7 0.21  0.0    0  3.2 15 300   M    M   7        16 320
13  82  60  71   M   0   6 0.00  0.0    0  6.0 16 300   M    M   4        24 260
14  73  55  64   M   1   0    M  0.0    0  8.7 21 310   M    M   5 1      30 280
15  68  53  61   M   4   0 0.00  0.0    0  7.5 14 310   M    M   7        24 340
16  75  51  63   M   2   0 0.00  0.0    0  2.9  9 330   M    M   2         M  M
17  77  50  64   M   1   0 0.00  0.0    0  2.2  6 230   M    M   1         M  M
18  79  58  69   M   0   4 0.00  0.0    0  3.7  9 170   M    M   5         M  M
19  80  60  70   M   0   5 0.00  0.0    0  3.3 10 190   M    M   5        16 190
20  83  64  74   M   0   9 0.00  0.0    0  5.6 10 190   M    M   4         M  M
21  87  67  77   M   0  12 0.00  0.0    0  6.8 12 140   M    M   3        18 160
22  93  68  81   M   0  16 0.00  0.0    0  7.2 13 320   M    M   3        21 330
23  80  61  71   M   0   6 0.00  0.0    0  3.8 10  30   M    M   2         M  M
24  81  58  70   M   0   5 0.00  0.0    0  3.9  9 200   M    M   2         M  M
25  75  62  69   M   0   4 0.04  0.0    0  6.7 16 170   M    M   9 1      25 170
26  81  66  74   M   0   9 0.00  0.0    0  1.8  6 250   M    M   4         M  M
27  78  64  71   M   0   6    T  0.0    0 10.0 22 290   M    M   3        32 300
28  75  55  65   M   0   0 0.00  0.0    0  6.3 14 320   M    M   2        20 320
================================================================================
SM 2195 1663        16 132  1.06     0.0 145.0          M      110
================================================================================
AV 78.4 59.4                               5.2 FASTST   M    M   4    MAX(MPH)
                                 MISC ---->    22   M                 32    M
================================================================================
NOTES:
# LAST OF SEVERAL OCCURRENCES

COLUMN 17 PEAK WIND IN M.P.H.

PRELIMINARY LOCAL CLIMATOLOGICAL DATA (WS FORM: F-6) , PAGE 2

                                          STATION:  PRAIRIE_DU_CHIEN_MUN
                                          MONTH:    JULY
                                          YEAR:     2014
                                          LATITUDE:   43  1 N
                                          LONGITUDE:  91  7 W

[TEMPERATURE DATA]      [PRECIPITATION DATA]       SYMBOLS USED IN COLUMN 16

AVERAGE MONTHLY: 68.9   TOTAL FOR MONTH:   1.06    1 = FOG OR MIST
DPTR FM NORMAL:     M   DPTR FM NORMAL:       M    2 = FOG REDUCING VISIBILITY
HIGHEST:    93 ON 22    GRTST 24HR  0.70 ON  7- 7      TO 1/4 MILE OR LESS
LOWEST:     50 ON 17, 3                            3 = THUNDER
                        SNOW, ICE PELLETS, HAIL    4 = ICE PELLETS
                        TOTAL MONTH:   0.0 INCH    5 = HAIL
                        GRTST 24HR     0.0         6 = FREEZING RAIN OR DRIZZLE
                        GRTST DEPTH:   0           7 = DUSTSTORM OR SANDSTORM:
                                                       VSBY 1/2 MILE OR LESS
                                                   8 = SMOKE OR HAZE
[NO. OF DAYS WITH]      [WEATHER - DAYS WITH]      9 = BLOWING SNOW
                                                   X = TORNADO
MAX 32 OR BELOW:   0    0.01 INCH OR MORE:   4
MAX 90 OR ABOVE:   1    0.10 INCH OR MORE:   3
MIN 32 OR BELOW:   0    0.50 INCH OR MORE:   1
MIN  0 OR BELOW:   0    1.00 INCH OR MORE:   0

[HDD (BASE 65) ]
TOTAL THIS MO.    16    CLEAR  (SCALE 0-3)  13
DPTR FM NORMAL     M    PTCLDY (SCALE 4-7)  14
TOTAL FM JUL 1    16    CLOUDY (SCALE 8-10)  1
DPTR FM NORMAL     M

[CDD (BASE 65) ]
TOTAL THIS MO.   132
DPTR FM NORMAL     M    [PRESSURE DATA]
TOTAL FM JAN 1   381    HIGHEST SLP M ON M
DPTR FM NORMAL     M    LOWEST  SLP M ON M

[REMARKS]




U.S. Dept. of Commerce
NOAA National Weather Service
1325 East West Highway
Silver Spring, MD 20910
E-mail: w-nws.webmaster@noaa.gov
Page last modified: May 16, 2007
NATIONAL WEATHER SERVICE: for Safety, for Work, for Fun - FOR LIFE