826
CXUS52 KMFL 311000
CF6PBI
PRELIMINARY LOCAL CLIMATOLOGICAL DATA (WS FORM: F-6)

                                          STATION:   WEST PALM BEACH
                                          MONTH:     JULY
                                          YEAR:      2014
                                          LATITUDE:   26 40 N
                                          LONGITUDE:  80  7 W

  TEMPERATURE IN F:       :PCPN:    SNOW:  WIND      :SUNSHINE: SKY     :PK WND
================================================================================
1   2   3   4   5  6A  6B    7    8   9   10  11  12  13   14  15   16   17  18
                                     12Z  AVG MX 2MIN
DY MAX MIN AVG DEP HDD CDD  WTR  SNW DPTH SPD SPD DIR MIN PSBL S-S WX    SPD DR
================================================================================

 1  83  76  80  -2   0  15 1.07  0.0    0 11.6 26 270   M    M   8 123    33 270
 2  92  75  84   2   0  19    T  0.0    0  9.9 26 210   M    M   7 3      31 210
 3  95  79  87   5   0  22 0.01  0.0    0 10.3 28 180   M    M   7 3      34 180
 4  91  76  84   2   0  19 0.49  0.0    0  5.9 29 180   M    M   7 38     43 180
 5  90  74  82   0   0  17 0.36  0.0    0  3.9 18 130   M    M   7 138    23 130
 6  89  76  83   1   0  18 0.07  0.0    0  6.9 20 190   M    M   8 3      24 190
 7  87  76  82   0   0  17 0.36  0.0    0  6.2 21 150   M    M   6 13     26 150
 8  89  73  81  -1   0  16 0.88  0.0    0  3.5 12  70   M    M   7 13     18  70
 9  90  72  81  -1   0  16 1.01  0.0    0  4.1 24  20   M    M   8 13     28  40
10  87  73  80  -2   0  15    T  0.0    0  3.5 16 210   M    M   7 3      20 190
11  89  74  82   0   0  17    T  0.0    0  8.7 15 120   M    M   5 3      22 100
12  89  77  83   1   0  18 0.13  0.0    0  9.2 20  80   M    M   7 3      24  90
13  90  80  85   2   0  20 0.01  0.0    0 11.3 18 120   M    M   7 3      24 110
14  89  77  83   0   0  18    T  0.0    0  6.1 14 150   M    M   7 3      17 350
15  86  75  81  -2   0  16 0.50  0.0    0  4.4 26 220   M    M   7 13     32 230
16  90  76  83   0   0  18 0.17  0.0    0  7.0 26 220   M    M   7 13     35 240
17  88  73  81  -2   0  16 0.04  0.0    0  6.2 35 230   M    M   7 13     46 240
18  90  75  83   0   0  18 0.61  0.0    0  5.9 24 290   M    M   6 13     31 300
19  90  76  83   0   0  18 0.01  0.0    0  6.4 17 290   M    M   5 3      21 290
20  90  77  84   1   0  19 0.00  0.0    0  6.2 15 100   M    M   6        18  70
21  89  78  84   1   0  19 0.21  0.0    0  5.1 22 130   M    M   7 1      25 150
22  89  76  83   0   0  18 0.18  0.0    0  4.1 17  50   M    M   7 13     26  80
23  90  76  83   0   0  18 0.58  0.0    0  6.0 22 220   M    M   7 13     26 220
24  90  77  84   1   0  19 0.01  0.0    0  5.8 15 130   M    M   5 3      19 210
25  91  76  84   1   0  19 0.00  0.0    0  6.0 17 130   M    M   5        20 130
26  91  78  85   2   0  20    T  0.0    0  4.4 15 230   M    M   5 38     21 160
27  93  77  85   2   0  20 0.38  0.0    0  6.1 16 220   M    M   5 138    21 220
28  94  78  86   3   0  21 0.00  0.0    0  7.2 16 230   M    M   6        23 230
29  94  79  87   4   0  22 0.01  0.0    0  6.5 20 270   M    M   7 3      24 270
30  91  76  84   1   0  19 0.27  0.0    0  5.3 25 320   M    M   6 3      30 300
================================================================================
SM 2696 2281         0 547  7.36     0.0 193.7          M      196
================================================================================
AV 89.9 76.0                               6.5 FASTST   M    M   7    MAX(MPH)
                                 MISC ---->  # 35 230               # 46  240
================================================================================
NOTES:
# LAST OF SEVERAL OCCURRENCES

COLUMN 17 PEAK WIND IN M.P.H.

PRELIMINARY LOCAL CLIMATOLOGICAL DATA (WS FORM: F-6) , PAGE 2

                                          STATION:  WEST PALM BEACH
                                          MONTH:    JULY
                                          YEAR:     2014
                                          LATITUDE:   26 40 N
                                          LONGITUDE:  80  7 W

[TEMPERATURE DATA]      [PRECIPITATION DATA]       SYMBOLS USED IN COLUMN 16

AVERAGE MONTHLY: 82.9   TOTAL FOR MONTH:   7.36    1 = FOG OR MIST
DPTR FM NORMAL:   0.3   DPTR FM NORMAL:    1.79    2 = FOG REDUCING VISIBILITY
HIGHEST:    95 ON  3    GRTST 24HR  1.07 ON  1- 1      TO 1/4 MILE OR LESS
LOWEST:     72 ON  9                               3 = THUNDER
                        SNOW, ICE PELLETS, HAIL    4 = ICE PELLETS
                        TOTAL MONTH:   0.0 INCH    5 = HAIL
                        GRTST 24HR     0.0         6 = FREEZING RAIN OR DRIZZLE
                        GRTST DEPTH:   0           7 = DUSTSTORM OR SANDSTORM:
                                                       VSBY 1/2 MILE OR LESS
                                                   8 = SMOKE OR HAZE
[NO. OF DAYS WITH]      [WEATHER - DAYS WITH]      9 = BLOWING SNOW
                                                   X = TORNADO
MAX 32 OR BELOW:   0    0.01 INCH OR MORE:  22
MAX 90 OR ABOVE:  18    0.10 INCH OR MORE:  15
MIN 32 OR BELOW:   0    0.50 INCH OR MORE:   6
MIN  0 OR BELOW:   0    1.00 INCH OR MORE:   2

[HDD (BASE 65) ]
TOTAL THIS MO.     0    CLEAR  (SCALE 0-3)   0
DPTR FM NORMAL     0    PTCLDY (SCALE 4-7)  29
TOTAL FM JUL 1     0    CLOUDY (SCALE 8-10)  1
DPTR FM NORMAL     0

[CDD (BASE 65) ]
TOTAL THIS MO.   547
DPTR FM NORMAL    18    [PRESSURE DATA]
TOTAL FM JAN 1  2387    HIGHEST SLP M ON M
DPTR FM NORMAL   259    LOWEST  SLP 29.85 ON  1

[REMARKS]




U.S. Dept. of Commerce
NOAA National Weather Service
1325 East West Highway
Silver Spring, MD 20910
E-mail: w-nws.webmaster@noaa.gov
Page last modified: May 16, 2007
NATIONAL WEATHER SERVICE: for Safety, for Work, for Fun - FOR LIFE