646
CXUS52 KMFL 011000
CF6PBI
PRELIMINARY LOCAL CLIMATOLOGICAL DATA (WS FORM: F-6)

                                          STATION:   WEST PALM BEACH
                                          MONTH:     NOVEMBER
                                          YEAR:      2014
                                          LATITUDE:   26 40 N
                                          LONGITUDE:  80  7 W

  TEMPERATURE IN F:       :PCPN:    SNOW:  WIND      :SUNSHINE: SKY     :PK WND
================================================================================
1   2   3   4   5  6A  6B    7    8   9   10  11  12  13   14  15   16   17  18
                                     12Z  AVG MX 2MIN
DY MAX MIN AVG DEP HDD CDD  WTR  SNW DPTH SPD SPD DIR MIN PSBL S-S WX    SPD DR
================================================================================

 1  74  52  63 -12   2   0 0.00  0.0    0 13.0 26 290   M    M   1        34 270
 2  69  49  59 -16   6   0 0.00  0.0    0 12.2 20 360   M    M   2        25 360
 3  77  55  66  -9   0   1 0.00  0.0    0 12.3 22  60   M    M   7        27  60
 4  79  72  76   1   0  11 0.00  0.0    0 15.7 24 100   M    M   7        31  90
 5  82  74  78   4   0  13 0.02  0.0    0 15.1 24  90   M    M   7        29  90
 6  82  69  76   2   0  11 0.00  0.0    0  7.3 16  80   M    M   5        20  80
 7  82  63  73  -1   0   8 0.00  0.0    0  5.7 15 330   M    M   4        17 330
 8  80  63  72  -2   0   7 0.13  0.0    0  7.0 18 130   M    M   7        21 130
 9  69  63  66  -8   0   1 0.41  0.0    0  5.0 14 330   M    M   8 1      15 340
10  78  62  70  -4   0   5 0.36  0.0    0  7.0 13 320   M    M   4 13     16 320
11  79  58  69  -5   0   4 0.00  0.0    0  9.2 18 290   M    M   3        24 280
12  84  60  72  -1   0   7 0.00  0.0    0  8.1 15  20   M    M   3        21 340
13  84  63  74   1   0   9 0.00  0.0    0  4.7 13  50   M    M   2        15  70
14  82  60  71  -2   0   6 0.00  0.0    0  6.4 15 340   M    M   3        18 350
15  82  62  72  -1   0   7 0.00  0.0    0  8.2 14  50   M    M   3        18  40
16  82  73  78   5   0  13 0.00  0.0    0 10.4 17 120   M    M   4        20 100
17  89  72  81   9   0  16 0.30  0.0    0 10.9 22 210   M    M   7        27 200
18  74  56  65  -7   0   0 0.07  0.0    0 11.5 21 320   M    M   8        27 340
19  71  54  63  -9   2   0 0.28  0.0    0  9.5 16 320   M    M  10 1      25 350
20  79  60  70  -2   0   5 0.00  0.0    0 11.5 18  50   M    M   8        25  30
21  75  69  72   0   0   7 0.11  0.0    0 15.2 26  70   M    M   9 18     35  60
22  81  73  77   5   0  12 0.09  0.0    0 22.7 31  90   M    M   8        38  90
23  83  75  79   7   0  14 0.02  0.0    0 14.5 24 140   M    M   7        31 150
24  87  77  82  11   0  17 0.01  0.0    0 10.0 18 140   M    M   5        23 150
25  85  79  82  11   0  17 0.00  0.0    0 14.0 25 160   M    M   6        33 140
26  80  56  68  -3   0   3 0.14  0.0    0 12.2 28 290   M    M   7 1      32 290
27  74  52  63  -8   2   0 0.00  0.0    0 10.4 23 340   M    M   2        28 320
28  70  50  60 -11   5   0 0.00  0.0    0 13.7 21 360   M    M   3        26 350
29  76  53  65  -6   0   0 0.00  0.0    0 10.8 18  90   M    M   5        23  90
30  79  70  75   5   0  10 0.00  0.0    0 14.7 23  90   M    M   4        29  90
================================================================================
SM 2368 1894        17 204  1.94     0.0 328.9          M      159
================================================================================
AV 78.9 63.1                              11.0 FASTST   M    M   5    MAX(MPH)
                                 MISC ---->  # 31  90               # 38   90
================================================================================
NOTES:
# LAST OF SEVERAL OCCURRENCES

COLUMN 17 PEAK WIND IN M.P.H.

PRELIMINARY LOCAL CLIMATOLOGICAL DATA (WS FORM: F-6) , PAGE 2

                                          STATION:  WEST PALM BEACH
                                          MONTH:    NOVEMBER
                                          YEAR:     2014
                                          LATITUDE:   26 40 N
                                          LONGITUDE:  80  7 W

[TEMPERATURE DATA]      [PRECIPITATION DATA]       SYMBOLS USED IN COLUMN 16

AVERAGE MONTHLY: 71.0   TOTAL FOR MONTH:   1.94    1 = FOG OR MIST
DPTR FM NORMAL:  -1.8   DPTR FM NORMAL:   -2.81    2 = FOG REDUCING VISIBILITY
HIGHEST:    89 ON 17    GRTST 24HR  0.77 ON  9-10      TO 1/4 MILE OR LESS
LOWEST:     49 ON  2                               3 = THUNDER
                        SNOW, ICE PELLETS, HAIL    4 = ICE PELLETS
                        TOTAL MONTH:   0.0 INCH    5 = HAIL
                        GRTST 24HR     0.0         6 = FREEZING RAIN OR DRIZZLE
                        GRTST DEPTH:   0           7 = DUSTSTORM OR SANDSTORM:
                                                       VSBY 1/2 MILE OR LESS
                                                   8 = SMOKE OR HAZE
[NO. OF DAYS WITH]      [WEATHER - DAYS WITH]      9 = BLOWING SNOW
                                                   X = TORNADO
MAX 32 OR BELOW:   0    0.01 INCH OR MORE:  12
MAX 90 OR ABOVE:   0    0.10 INCH OR MORE:   7
MIN 32 OR BELOW:   0    0.50 INCH OR MORE:   0
MIN  0 OR BELOW:   0    1.00 INCH OR MORE:   0

[HDD (BASE 65) ]
TOTAL THIS MO.    17    CLEAR  (SCALE 0-3)   6
DPTR FM NORMAL     6    PTCLDY (SCALE 4-7)  19
TOTAL FM JUL 1    17    CLOUDY (SCALE 8-10)  5
DPTR FM NORMAL     5

[CDD (BASE 65) ]
TOTAL THIS MO.   204
DPTR FM NORMAL   -41    [PRESSURE DATA]
TOTAL FM JAN 1  4140    HIGHEST SLP 30.29 ON 30
DPTR FM NORMAL   274    LOWEST  SLP 29.82 ON  9

[REMARKS]
#FINAL-11-14#




U.S. Dept. of Commerce
NOAA National Weather Service
1325 East West Highway
Silver Spring, MD 20910
E-mail: w-nws.webmaster@noaa.gov
Page last modified: May 16, 2007
NATIONAL WEATHER SERVICE: for Safety, for Work, for Fun - FOR LIFE