120
CXUS52 KMFL 291000
CF6PBI
PRELIMINARY LOCAL CLIMATOLOGICAL DATA (WS FORM: F-6)

                                          STATION:   WEST PALM BEACH
                                          MONTH:     JANUARY
                                          YEAR:      2015
                                          LATITUDE:   26 40 N
                                          LONGITUDE:  80  7 W

  TEMPERATURE IN F:       :PCPN:    SNOW:  WIND      :SUNSHINE: SKY     :PK WND
================================================================================
1   2   3   4   5  6A  6B    7    8   9   10  11  12  13   14  15   16   17  18
                                     12Z  AVG MX 2MIN
DY MAX MIN AVG DEP HDD CDD  WTR  SNW DPTH SPD SPD DIR MIN PSBL S-S WX    SPD DR
================================================================================

 1  77  72  75   9   0  10 0.23  0.0    0  5.1 16 150   M    M   9 1      18 150
 2  83  71  77  11   0  12    T  0.0    0  8.9 20 150   M    M   7        23 150
 3  83  76  80  14   0  15    T  0.0    0 14.8 23 140   M    M   7        29 130
 4  84  73  79  13   0  14 0.00  0.0    0 11.1 25 150   M    M   5        30 150
 5  82  68  75   9   0  10    T  0.0    0  6.9 20 360   M    M   6 1      24  10
 6  82  71  77  11   0  12 0.00  0.0    0  5.9 12 120   M    M   6        18 100
 7  78  60  69   3   0   4 0.00  0.0    0  7.8 15 340   M    M   6        19 350
 8  72  56  64  -2   1   0    T  0.0    0 14.8 23  50   M    M   6        28  50
 9  79  62  71   5   0   6 0.31  0.0    0  9.0 18 100   M    M   7 18     23 110
10  76  57  67   2   0   2 0.00  0.0    0 11.5 17  10   M    M   5        23 360
11  79  73  76  11   0  11 0.07  0.0    0 16.2 24  90   M    M   6 1      31  80
12  82  73  78  13   0  13 0.03  0.0    0 12.9 23 120   M    M   8        29 110
13  81  69  75  10   0  10 0.07  0.0    0  7.4 17 100   M    M   7 1      21 110
14  78  67  73   8   0   8    T  0.0    0 10.5 17 360   M    M   9 128    22  10
15  78  63  71   6   0   6 0.26  0.0    0 10.1 17 350   M    M   9 1      23 360
16  72  57  65   0   0   0 0.01  0.0    0 11.0 21 350   M    M   7 1      26  10
17  76  53  65  -1   0   0 0.00  0.0    0  7.9 15 100   M    M   4        25  80
18  77  58  68   2   0   3 0.00  0.0    0  7.0 21 260   M    M   4        27 260
19  75  51  63  -3   2   0 0.00  0.0    0  7.0 16  10   M    M   5        20  20
20  74  59  67   1   0   2 0.00  0.0    0  3.4 14 140   M    M   8        18 130
21  80  65  73   7   0   8 0.02  0.0    0  5.4 13  40   M    M   5        17  40
22  79  63  71   5   0   6 0.00  0.0    0 10.0 21 100   M    M   5        24 100
23  80  72  76  10   0  11 0.00  0.0    0 13.5 23 140   M    M   6        29 150
24  77  55  66   0   0   1    T  0.0    0 14.0 31 280   M    M   7 1      40 270
25  68  47  58  -8   7   0 0.00  0.0    0  7.3 16 330   M    M   4        20 330
26  74  51  63  -3   2   0 0.05  0.0    0 12.6 29 270   M    M   4 1      41 260
27  69  49  59  -7   6   0 0.00  0.0    0 11.0 22 280   M    M   1        28 270
28  68  49  59  -7   6   0 0.00  0.0    0 11.8 20  20   M    M   2        25  20
================================================================================
SM 2163 1740        24 164  1.05     0.0 274.8          M      165
================================================================================
AV 77.2 62.1                               9.8 FASTST   M    M   6    MAX(MPH)
                                 MISC ---->  # 31 280               # 41  260
================================================================================
NOTES:
# LAST OF SEVERAL OCCURRENCES

COLUMN 17 PEAK WIND IN M.P.H.

PRELIMINARY LOCAL CLIMATOLOGICAL DATA (WS FORM: F-6) , PAGE 2

                                          STATION:  WEST PALM BEACH
                                          MONTH:    JANUARY
                                          YEAR:     2015
                                          LATITUDE:   26 40 N
                                          LONGITUDE:  80  7 W

[TEMPERATURE DATA]      [PRECIPITATION DATA]       SYMBOLS USED IN COLUMN 16

AVERAGE MONTHLY: 69.7   TOTAL FOR MONTH:   1.05    1 = FOG OR MIST
DPTR FM NORMAL:   3.9   DPTR FM NORMAL:   -1.81    2 = FOG REDUCING VISIBILITY
HIGHEST:    84 ON  4    GRTST 24HR  0.33 ON 31- 1      TO 1/4 MILE OR LESS
LOWEST:     47 ON 25                               3 = THUNDER
                        SNOW, ICE PELLETS, HAIL    4 = ICE PELLETS
                        TOTAL MONTH:   0.0 INCH    5 = HAIL
                        GRTST 24HR     0.0         6 = FREEZING RAIN OR DRIZZLE
                        GRTST DEPTH:   0           7 = DUSTSTORM OR SANDSTORM:
                                                       VSBY 1/2 MILE OR LESS
                                                   8 = SMOKE OR HAZE
[NO. OF DAYS WITH]      [WEATHER - DAYS WITH]      9 = BLOWING SNOW
                                                   X = TORNADO
MAX 32 OR BELOW:   0    0.01 INCH OR MORE:   9
MAX 90 OR ABOVE:   0    0.10 INCH OR MORE:   3
MIN 32 OR BELOW:   0    0.50 INCH OR MORE:   0
MIN  0 OR BELOW:   0    1.00 INCH OR MORE:   0

[HDD (BASE 65) ]
TOTAL THIS MO.    24    CLEAR  (SCALE 0-3)   2
DPTR FM NORMAL   -58    PTCLDY (SCALE 4-7)  22
TOTAL FM JUL 1    66    CLOUDY (SCALE 8-10)  4
DPTR FM NORMAL   -87

[CDD (BASE 65) ]
TOTAL THIS MO.   164
DPTR FM NORMAL    70    [PRESSURE DATA]
TOTAL FM JAN 1   164    HIGHEST SLP M ON M
DPTR FM NORMAL    70    LOWEST  SLP 29.86 ON 26

[REMARKS]




U.S. Dept. of Commerce
NOAA National Weather Service
1325 East West Highway
Silver Spring, MD 20910
E-mail: w-nws.webmaster@noaa.gov
Page last modified: May 16, 2007
NATIONAL WEATHER SERVICE: for Safety, for Work, for Fun - FOR LIFE