545
CXUS51 KBTV 190700
CF6PBG
PRELIMINARY LOCAL CLIMATOLOGICAL DATA (WS FORM: F-6)

                                          STATION:   PLATTSBURGH NY
                                          MONTH:     APRIL
                                          YEAR:      2014
                                          LATITUDE:   44 39 N
                                          LONGITUDE:  73 28 W

  TEMPERATURE IN F:       :PCPN:    SNOW:  WIND      :SUNSHINE: SKY     :PK WND
================================================================================
1   2   3   4   5  6A  6B    7    8   9   10  11  12  13   14  15   16   17  18
                                     12Z  AVG MX 2MIN
DY MAX MIN AVG DEP HDD CDD  WTR  SNW DPTH SPD SPD DIR MIN PSBL S-S WX    SPD DR
================================================================================

 1  38  27  33  -3  32   0 0.00  0.0    0  8.0 17 360   M    M   0        20 350
 2  54  28  41   5  24   0 0.00  0.0    0  5.8 14 160   M    M   2        24 290
 3  39  24  32  -5  33   0 0.00    M    0  7.0 20  40   M    M   2        24  40
 4  45  21  33  -4  32   0 0.30    M    0  8.9 29 170   M    M   4 1      42 160
 5  47  35  41   3  24   0 0.02    M    0 11.2 21 170   M    M   9 1      30 270
 6  47  32  40   2  25   0 0.00  0.0    0  6.3 18 320   M    M   3        29 330
 7  58  25  42   3  23   0 0.08    M    0  8.3 25 180   M    M   2 13     38 180
 8  54  37  46   7  19   0 0.45    M    0  7.4 20 160   M    M   9 1      30 220
 9  46  24  35  -5  30   0 0.00  0.0    0  8.2 22 320   M    M   3        28 330
10  62  23  43   3  22   0    T    M    0 12.9 28 150   M    M   2        36 170
11  62  31  47   7  18   0 0.02    M    0  6.3 16 290   M    M   2        26 290
12  63  28  46   5  19   0    T    M    0  5.3 18 310   M    M   4        25 300
13  65  39  52  10  13   0 0.18    M    0  7.7 22 360   M    M   6 13     29 360
14  78  39  59  17   6   0 0.09    M    0 10.2 28 160   M    M   4 123    35 150
15  64  26  45   2  20   0 0.48    M    0  9.9 24 160   M    M   9 1      32 160
16  36  20  28 -15  37   0    T    M    0  7.2 20 330   M    M   1        29 310
17  46  18  32 -12  33   0    T    M    0  6.9 18 140   M    M   0        23 130
18  53  33  43  -1  22   0 0.00  0.0    0 10.5 24 150   M    M   2        31 140
================================================================================
SM  957  510       432   0  1.62     0.0 148.0          M       64
================================================================================
AV 53.2 28.3                               8.2 FASTST   M    M   4    MAX(MPH)
                                 MISC ---->  # 29 170               # 42  160
================================================================================
NOTES:
# LAST OF SEVERAL OCCURRENCES

COLUMN 17 PEAK WIND IN M.P.H.

PRELIMINARY LOCAL CLIMATOLOGICAL DATA (WS FORM: F-6) , PAGE 2

                                          STATION:  PLATTSBURGH NY
                                          MONTH:    APRIL
                                          YEAR:     2014
                                          LATITUDE:   44 39 N
                                          LONGITUDE:  73 28 W

[TEMPERATURE DATA]      [PRECIPITATION DATA]       SYMBOLS USED IN COLUMN 16

AVERAGE MONTHLY: 40.8   TOTAL FOR MONTH:   1.62    1 = FOG OR MIST
DPTR FM NORMAL:   0.8   DPTR FM NORMAL:       M    2 = FOG REDUCING VISIBILITY
HIGHEST:    78 ON 14    GRTST 24HR  0.53 ON  7- 8      TO 1/4 MILE OR LESS
LOWEST:     18 ON 17                               3 = THUNDER
                        SNOW, ICE PELLETS, HAIL    4 = ICE PELLETS
                        TOTAL MONTH:   0.0 INCH    5 = HAIL
                        GRTST 24HR     0.0         6 = FREEZING RAIN OR DRIZZLE
                        GRTST DEPTH:   0           7 = DUSTSTORM OR SANDSTORM:
                                                       VSBY 1/2 MILE OR LESS
                                                   8 = SMOKE OR HAZE
[NO. OF DAYS WITH]      [WEATHER - DAYS WITH]      9 = BLOWING SNOW
                                                   X = TORNADO
MAX 32 OR BELOW:   0    0.01 INCH OR MORE:   8
MAX 90 OR ABOVE:   0    0.10 INCH OR MORE:   4
MIN 32 OR BELOW:  13    0.50 INCH OR MORE:   0
MIN  0 OR BELOW:   0    1.00 INCH OR MORE:   0

[HDD (BASE 65) ]
TOTAL THIS MO.   432    CLEAR  (SCALE 0-3)  10
DPTR FM NORMAL   -18    PTCLDY (SCALE 4-7)   5
TOTAL FM JUL 1  7623    CLOUDY (SCALE 8-10)  3
DPTR FM NORMAL   490

[CDD (BASE 65) ]
TOTAL THIS MO.     0
DPTR FM NORMAL     0    [PRESSURE DATA]
TOTAL FM JAN 1     0    HIGHEST SLP M ON M
DPTR FM NORMAL     0    LOWEST  SLP 29.30 ON  8

[REMARKS]




U.S. Dept. of Commerce
NOAA National Weather Service
1325 East West Highway
Silver Spring, MD 20910
E-mail: w-nws.webmaster@noaa.gov
Page last modified: May 16, 2007
NATIONAL WEATHER SERVICE: for Safety, for Work, for Fun - FOR LIFE