817
CXUS51 KBTV 010700
CF6PBG
PRELIMINARY LOCAL CLIMATOLOGICAL DATA (WS FORM: F-6)

                                          STATION:   PLATTSBURGH NY
                                          MONTH:     NOVEMBER
                                          YEAR:      2014
                                          LATITUDE:   44 39 N
                                          LONGITUDE:  73 28 W

  TEMPERATURE IN F:       :PCPN:    SNOW:  WIND      :SUNSHINE: SKY     :PK WND
================================================================================
1   2   3   4   5  6A  6B    7    8   9   10  11  12  13   14  15   16   17  18
                                     12Z  AVG MX 2MIN
DY MAX MIN AVG DEP HDD CDD  WTR  SNW DPTH SPD SPD DIR MIN PSBL S-S WX    SPD DR
================================================================================

 1  43  34  39  -3  26   0 0.04    M    0 14.3 22  10   M    M   7 1      27  10
 2  44  32  38  -4  27   0 0.00  0.0    0 16.6 30 350   M    M   2        38 360
 3  49  31  40  -1  25   0 0.00  0.0    0  5.4 16 320   M    M   5        24 340
 4  58  31  45   4  20   0 0.00  0.0    0  4.0 15 160   M    M   8        19 170
 5  58  48  53  12  12   0    T    M    0  6.2 17 250   M    M   6        29 270
 6  48  38  43   3  22   0 0.09    M    0  5.4 16 350   M    M   9        21 350
 7  38  33  36  -4  29   0 0.04    M    0 12.4 21 350   M    M  10 1      25 340
 8  42  28  35  -5  30   0    T    M    0  7.5 17 130   M    M   7        22 310
 9  45  32  39   0  26   0 0.00  0.0    0  5.1 16 280   M    M   9        24 260
10  50  34  42   3  23   0 0.00  0.0    0  3.5 10 130   M    M   7        12 120
11  61  30  46   8  19   0 0.00  0.0    0  7.7 20 170   M    M   0        26 160
12  52  39  46   8  19   0 0.04    M    0  6.9 21 240   M    M   6 1      34 260
13  41  27  34  -4  31   0    T    M    0  1.8 10 260   M    M   7        15 260
14  38  25  32  -5  33   0    T    M    0  4.5 15 320   M    M   5        22 330
15  38  20  29  -8  36   0    T    M    0  2.6 15 310   M    M   3 18     23 290
16  38  28  33  -4  32   0    T    M    0  7.4 18 160   M    M  10        23 160
17  39  32  36   0  29   0 0.40    M    M  3.5 14 160   M    M   9 1      17 270
18  38  23  31  -5  34   0    T    M    0 10.6 21 260   M    M   5        37 250
19  31  20  26  -9  39   0    T    M    0  6.0 12 280   M    M   6 1      20 220
20  37  24  31  -4  34   0    T    M    0  8.9 16 240   M    M   7        28 260
21  28  16  22 -13  43   0 0.00  0.0    0  5.4 16 320   M    M   1        25 320
22  39  19  29  -5  36   0    T    M    0  8.4 18 170   M    M   7        24 160
23  48  37  43   9  22   0    T    M    0  4.4 17 160   M    M  10        22 150
24  67  45  56  23   9   0 0.27    M    0 12.6 22 150   M    M   6 1      30 160
25  57  39  48  15  17   0 0.00  0.0    M  7.9 17 260   M    M   5        30 230
26  39  28  34   2  31   0 0.11    M    0  7.7 16 350   M    M   9 1      22 290
27  29  26  28  -4  37   0 0.01    M    M  7.1 17 360   M    M  10 1      22 350
28  29  11  20 -12  45   0 0.02    M    0  2.8 14 280   M    M   7 1      20 280
29  29   6  18 -13  47   0 0.00    M    0  8.1 21 170   M    M   3        27 180
30  43  29  36   5  29   0    T    M    0  8.9 21 170   M    M  10        29 180
================================================================================
SM 1296  865       862   0  1.02     0.0 213.6          M      196
================================================================================
AV 43.2 28.8                               7.1 FASTST   M    M   7    MAX(MPH)
                                 MISC ---->  # 30 350               # 38  360
================================================================================
NOTES:
# LAST OF SEVERAL OCCURRENCES

COLUMN 17 PEAK WIND IN M.P.H.

PRELIMINARY LOCAL CLIMATOLOGICAL DATA (WS FORM: F-6) , PAGE 2

                                          STATION:  PLATTSBURGH NY
                                          MONTH:    NOVEMBER
                                          YEAR:     2014
                                          LATITUDE:   44 39 N
                                          LONGITUDE:  73 28 W

[TEMPERATURE DATA]      [PRECIPITATION DATA]       SYMBOLS USED IN COLUMN 16

AVERAGE MONTHLY: 36.0   TOTAL FOR MONTH:   1.02    1 = FOG OR MIST
DPTR FM NORMAL:  -0.7   DPTR FM NORMAL:       M    2 = FOG REDUCING VISIBILITY
HIGHEST:    67 ON 24    GRTST 24HR  0.40 ON 17-17      TO 1/4 MILE OR LESS
LOWEST:      6 ON 29                               3 = THUNDER
                        SNOW, ICE PELLETS, HAIL    4 = ICE PELLETS
                        TOTAL MONTH:   0.0 INCH    5 = HAIL
                        GRTST 24HR     0.0         6 = FREEZING RAIN OR DRIZZLE
                        GRTST DEPTH:   0           7 = DUSTSTORM OR SANDSTORM:
                                                       VSBY 1/2 MILE OR LESS
                                                   8 = SMOKE OR HAZE
[NO. OF DAYS WITH]      [WEATHER - DAYS WITH]      9 = BLOWING SNOW
                                                   X = TORNADO
MAX 32 OR BELOW:   5    0.01 INCH OR MORE:   9
MAX 90 OR ABOVE:   0    0.10 INCH OR MORE:   3
MIN 32 OR BELOW:  21    0.50 INCH OR MORE:   0
MIN  0 OR BELOW:   0    1.00 INCH OR MORE:   0

[HDD (BASE 65) ]
TOTAL THIS MO.   862    CLEAR  (SCALE 0-3)   4
DPTR FM NORMAL    11    PTCLDY (SCALE 4-7)  16
TOTAL FM JUL 1  1571    CLOUDY (SCALE 8-10) 10
DPTR FM NORMAL   -63

[CDD (BASE 65) ]
TOTAL THIS MO.     0
DPTR FM NORMAL     0    [PRESSURE DATA]
TOTAL FM JAN 1   310    HIGHEST SLP M ON M
DPTR FM NORMAL   -36    LOWEST  SLP 29.46 ON 17

[REMARKS]
#FINAL-11-14#




U.S. Dept. of Commerce
NOAA National Weather Service
1325 East West Highway
Silver Spring, MD 20910
E-mail: w-nws.webmaster@noaa.gov
Page last modified: May 16, 2007
NATIONAL WEATHER SERVICE: for Safety, for Work, for Fun - FOR LIFE