664
CXUS51 KBTV 310700
CF6PBG
PRELIMINARY LOCAL CLIMATOLOGICAL DATA (WS FORM: F-6)

                                          STATION:   PLATTSBURGH NY
                                          MONTH:     JANUARY
                                          YEAR:      2015
                                          LATITUDE:   44 39 N
                                          LONGITUDE:  73 28 W

  TEMPERATURE IN F:       :PCPN:    SNOW:  WIND      :SUNSHINE: SKY     :PK WND
================================================================================
1   2   3   4   5  6A  6B    7    8   9   10  11  12  13   14  15   16   17  18
                                     12Z  AVG MX 2MIN
DY MAX MIN AVG DEP HDD CDD  WTR  SNW DPTH SPD SPD DIR MIN PSBL S-S WX    SPD DR
================================================================================

 1  30  17  24   5  41   0    T    M    0  6.9 14 220   M    M   9        21 220
 2  29  14  22   3  43   0    T    M    0  6.7 18 290   M    M   6 1      31 290
 3  28   5  17  -2  48   0 0.05    M    0  7.9 23 160   M    M   5 1      32 170
 4  51  28  40  22  25   0 0.21    M    0 11.8 21 170   M    M   9 16     35 170
 5  38   3  21   3  44   0    T    M    0 11.2 25 290   M    M   4        43 290
 6  16   1   9  -9  56   0    T    M    0  4.6 14 150   M    M   7 8      17 150
 7  20 -11   5 -13  60   0    T    M    0  7.6 21 330   M    M   7        31 310
 8  17 -13   2 -16  63   0    T    M    0  7.7 16 170   M    M   5 8      24 160
 9  24  13  19   2  46   0    T    M    0  9.2 20 180   M    M   7 1      30 180
10  20   9  15  -2  50   0    T    M    0  4.8 16 220   M    M   7        22 210
11  23  11  17   0  48   0 0.00    M    0  6.1 15 160   M    M   7        18 160
12  31  13  22   5  43   0 0.08    M    0  5.9 21 340   M    M  10 1      27 320
13  13 -10   2 -15  63   0    T    M    0  6.6 22 360   M    M   1 189    25 360
14  20 -12   4 -12  61   0    T    M    0  2.4 13 160   M    M   3        16 170
15  22  -9   7  -9  58   0    T    M    0  4.2 16 150   M    M   2        20 150
16  29   2  16   0  49   0    T    M    0  9.4 22 320   M    M   5        31 310
17  21 -10   6 -10  59   0    T    M    0  8.7 21 170   M    M   2 18     28 150
18  38  20  29  13  36   0 0.35    M    0  8.1 23 150   M    M   3 1      27 150
19  39  18  29  13  36   0 0.02    M    0  4.7 18 300   M    M   9 12     25 300
20  25  10  18   2  47   0 0.00  0.0    0  5.8 14 270   M    M   0        20 230
21  19   3  11  -5  54   0 0.00  0.0    0  3.2  8  20   M    M   0        11  10
22  18   3  11  -5  54   0 0.00  0.0    0  2.2  8  30   M    M   5 1      10  30
23  32  11  22   6  43   0 0.00  0.0    0  7.2 18 140   M    M   5        22 160
24  35  16  26  10  39   0    T    M    0  2.9 10  20   M    M   3        14 280
25  32   2  17   1  48   0    T    M    0  7.5 20 310   M    M   3 1      29 330
26  10  -3   4 -12  61   0 0.00  0.0    0  6.9 15 360   M    M   1        18 350
27  12   4   8  -8  57   0    T    M    0 19.1 31 360   M    M   5        38 360
28  22  -1  11  -5  54   0    T    M    0  8.1 23 350   M    M   4 18     27 360
29  33  -4  15  -1  50   0    T    M    0  9.3 29 150   M    M   4        39 160
30  27   4  16  -1  49   0 0.05    M    0  9.3 18 320   M    M  10 1      28 330
================================================================================
SM  774  134      1485   0  0.76     0.0 216.0          M      148
================================================================================
AV 25.8  4.5                               7.2 FASTST   M    M   5    MAX(MPH)
                                 MISC ---->  # 31 360               # 43  290
================================================================================
NOTES:
# LAST OF SEVERAL OCCURRENCES

COLUMN 17 PEAK WIND IN M.P.H.

PRELIMINARY LOCAL CLIMATOLOGICAL DATA (WS FORM: F-6) , PAGE 2

                                          STATION:  PLATTSBURGH NY
                                          MONTH:    JANUARY
                                          YEAR:     2015
                                          LATITUDE:   44 39 N
                                          LONGITUDE:  73 28 W

[TEMPERATURE DATA]      [PRECIPITATION DATA]       SYMBOLS USED IN COLUMN 16

AVERAGE MONTHLY: 15.1   TOTAL FOR MONTH:   0.76    1 = FOG OR MIST
DPTR FM NORMAL:  -1.7   DPTR FM NORMAL:       M    2 = FOG REDUCING VISIBILITY
HIGHEST:    51 ON  4    GRTST 24HR  0.37 ON 18-19      TO 1/4 MILE OR LESS
LOWEST:    -13 ON  8                               3 = THUNDER
                        SNOW, ICE PELLETS, HAIL    4 = ICE PELLETS
                        TOTAL MONTH:   0.0 INCH    5 = HAIL
                        GRTST 24HR     0.0         6 = FREEZING RAIN OR DRIZZLE
                        GRTST DEPTH:   0           7 = DUSTSTORM OR SANDSTORM:
                                                       VSBY 1/2 MILE OR LESS
                                                   8 = SMOKE OR HAZE
[NO. OF DAYS WITH]      [WEATHER - DAYS WITH]      9 = BLOWING SNOW
                                                   X = TORNADO
MAX 32 OR BELOW:  24    0.01 INCH OR MORE:   6
MAX 90 OR ABOVE:   0    0.10 INCH OR MORE:   2
MIN 32 OR BELOW:  30    0.50 INCH OR MORE:   0
MIN  0 OR BELOW:   9    1.00 INCH OR MORE:   0

[HDD (BASE 65) ]
TOTAL THIS MO.  1485    CLEAR  (SCALE 0-3)   9
DPTR FM NORMAL    42    PTCLDY (SCALE 4-7)  16
TOTAL FM JUL 1  4179    CLOUDY (SCALE 8-10)  5
DPTR FM NORMAL  -150

[CDD (BASE 65) ]
TOTAL THIS MO.     0
DPTR FM NORMAL     0    [PRESSURE DATA]
TOTAL FM JAN 1     0    HIGHEST SLP M ON M
DPTR FM NORMAL     0    LOWEST  SLP 29.27 ON 24

[REMARKS]




U.S. Dept. of Commerce
NOAA National Weather Service
1325 East West Highway
Silver Spring, MD 20910
E-mail: w-nws.webmaster@noaa.gov
Page last modified: May 16, 2007
NATIONAL WEATHER SERVICE: for Safety, for Work, for Fun - FOR LIFE