884
CXUS51 KBTV 290700
CF6PBG
PRELIMINARY LOCAL CLIMATOLOGICAL DATA (WS FORM: F-6)

                                          STATION:   PLATTSBURGH NY
                                          MONTH:     JULY
                                          YEAR:      2014
                                          LATITUDE:   44 39 N
                                          LONGITUDE:  73 28 W

  TEMPERATURE IN F:       :PCPN:    SNOW:  WIND      :SUNSHINE: SKY     :PK WND
================================================================================
1   2   3   4   5  6A  6B    7    8   9   10  11  12  13   14  15   16   17  18
                                     12Z  AVG MX 2MIN
DY MAX MIN AVG DEP HDD CDD  WTR  SNW DPTH SPD SPD DIR MIN PSBL S-S WX    SPD DR
================================================================================

 1  91  64  78  10   0  13 0.00  0.0    0  7.2 23 150   M    M   1 1      30 160
 2  85  69  77   9   0  12 0.01  0.0    0  4.6 17 130   M    M   4        23 130
 3  82  63  73   5   0   8 0.82  0.0    0  4.4 20 350   M    M   4 13     25 350
 4  71  60  66  -2   0   1 0.10  0.0    0  6.9 18 340   M    M   7 1      23 350
 5  82  60  71   2   0   6 0.00  0.0    0 10.4 20 290   M    M   1        30 290
 6  84  59  72   3   0   7 0.00  0.0    0  5.9 14 240   M    M   2        23 260
 7  75  63  69   0   0   4 0.09  0.0    0  4.4 13 140   M    M   7 1      18 190
 8  84  61  73   4   0   8 0.39  0.0    0  9.7 20 150   M    M   3 123    27 160
 9  81  63  72   3   0   7    T  0.0    0  6.9 15 220   M    M   2        25 220
10  76  53  65  -4   0   0 0.00  0.0    0  3.5 10 330   M    M   2        14 280
11  76  49  63  -6   2   0 0.00  0.0    0  3.2  9 100   M    M   0        12 100
12  82  51  67  -2   0   2 0.00  0.0    0  5.0 14 150   M    M   1        18 140
13  77  63  70   0   0   5 0.04  0.0    0  6.6 20 160   M    M   4 1      25 180
14  82  60  71   1   0   6 0.00  0.0    0  4.2 14 130   M    M   2 1      18 140
15  77  59  68  -2   0   3 0.46  0.0    0  2.8 15 140   M    M   4 1      20 150
16  80  58  69  -1   0   4 0.00  0.0    0  3.5 13 300   M    M   5 1      19 300
17  74  53  64  -6   1   0 0.00  0.0    0  3.0 12 290   M    M   5        19 290
18  77  52  65  -5   0   0 0.00  0.0    0  3.5 15 140   M    M   2        17 130
19  79  53  66  -4   0   1 0.00  0.0    0  3.7 13 130   M    M   0        16 130
20  80  56  68  -2   0   3 0.00  0.0    0  6.1 17 140   M    M   1 1      22 140
21  83  57  70   0   0   5 0.00  0.0    0  4.4 15 130   M    M   3 1      19 140
22  85  60  73   3   0   8 0.00  0.0    0  4.3 15 140   M    M   0 1      18 130
23  80  65  73   3   0   8 0.66  0.0    0  3.9  8 300   M    M   7 138     M  M
24  74  53  64  -6   1   0    T  0.0    0  7.5 17 340   M    M   3        24 350
25  81  51  66  -4   0   1 0.00  0.0    0  4.0 16 120   M    M   1        20 120
26  81  54  68  -2   0   3    T  0.0    0  2.4 10 230   M    M   4        18 200
27  77  62  70   0   0   5 0.89  0.0    0  4.9 16 150   M    M   5 13     20 140
28  64  58  61  -9   4   0 0.83  0.0    0 11.4 22 350   M    M   9 1      26 330
================================================================================
SM 2220 1629         8 120  4.29     0.0 148.3          M       89
================================================================================
AV 79.3 58.2                               5.3 FASTST   M    M   3    MAX(MPH)
                                 MISC ---->  # 23 150               # 30  160
================================================================================
NOTES:
# LAST OF SEVERAL OCCURRENCES

COLUMN 17 PEAK WIND IN M.P.H.

PRELIMINARY LOCAL CLIMATOLOGICAL DATA (WS FORM: F-6) , PAGE 2

                                          STATION:  PLATTSBURGH NY
                                          MONTH:    JULY
                                          YEAR:     2014
                                          LATITUDE:   44 39 N
                                          LONGITUDE:  73 28 W

[TEMPERATURE DATA]      [PRECIPITATION DATA]       SYMBOLS USED IN COLUMN 16

AVERAGE MONTHLY: 68.7   TOTAL FOR MONTH:   4.29    1 = FOG OR MIST
DPTR FM NORMAL:  -0.7   DPTR FM NORMAL:       M    2 = FOG REDUCING VISIBILITY
HIGHEST:    91 ON  1    GRTST 24HR  1.00 ON 27-28      TO 1/4 MILE OR LESS
LOWEST:     49 ON 11                               3 = THUNDER
                        SNOW, ICE PELLETS, HAIL    4 = ICE PELLETS
                        TOTAL MONTH:   0.0 INCH    5 = HAIL
                        GRTST 24HR     0.0         6 = FREEZING RAIN OR DRIZZLE
                        GRTST DEPTH:   0           7 = DUSTSTORM OR SANDSTORM:
                                                       VSBY 1/2 MILE OR LESS
                                                   8 = SMOKE OR HAZE
[NO. OF DAYS WITH]      [WEATHER - DAYS WITH]      9 = BLOWING SNOW
                                                   X = TORNADO
MAX 32 OR BELOW:   0    0.01 INCH OR MORE:  10
MAX 90 OR ABOVE:   1    0.10 INCH OR MORE:   7
MIN 32 OR BELOW:   0    0.50 INCH OR MORE:   4
MIN  0 OR BELOW:   0    1.00 INCH OR MORE:   0

[HDD (BASE 65) ]
TOTAL THIS MO.     8    CLEAR  (SCALE 0-3)  15
DPTR FM NORMAL    -4    PTCLDY (SCALE 4-7)  12
TOTAL FM JUL 1     8    CLOUDY (SCALE 8-10)  1
DPTR FM NORMAL    -4

[CDD (BASE 65) ]
TOTAL THIS MO.   120
DPTR FM NORMAL   -14    [PRESSURE DATA]
TOTAL FM JAN 1   193    HIGHEST SLP M ON M
DPTR FM NORMAL   -11    LOWEST  SLP 29.46 ON 28

[REMARKS]




U.S. Dept. of Commerce
NOAA National Weather Service
1325 East West Highway
Silver Spring, MD 20910
E-mail: w-nws.webmaster@noaa.gov
Page last modified: May 16, 2007
NATIONAL WEATHER SERVICE: for Safety, for Work, for Fun - FOR LIFE