419
CXUS51 KBTV 300700
CF6PBG
PRELIMINARY LOCAL CLIMATOLOGICAL DATA (WS FORM: F-6)

                                          STATION:   PLATTSBURGH NY
                                          MONTH:     SEPTEMBER
                                          YEAR:      2014
                                          LATITUDE:   44 39 N
                                          LONGITUDE:  73 28 W

  TEMPERATURE IN F:       :PCPN:    SNOW:  WIND      :SUNSHINE: SKY     :PK WND
================================================================================
1   2   3   4   5  6A  6B    7    8   9   10  11  12  13   14  15   16   17  18
                                     12Z  AVG MX 2MIN
DY MAX MIN AVG DEP HDD CDD  WTR  SNW DPTH SPD SPD DIR MIN PSBL S-S WX    SPD DR
================================================================================

 1  83  62  73   8   0   8 0.00  0.0    0  3.1 15 140   M    M   5 12     18 130
 2  89  61  75  11   0  10 0.21  0.0    0  3.5 17 140   M    M   5 1      21 140
 3  81  58  70   6   0   5 0.00  0.0    0  5.9 15 320   M    M   1        22 290
 4  84  53  69   5   0   4 0.00  0.0    0  4.3 18 150   M    M   1        23 150
 5  85  60  73  10   0   8 0.00  0.0    0  5.8 18 150   M    M   2 1      24 140
 6  79  61  70   7   0   5 0.19  0.0    0  4.4 17 320   M    M   5 1      25 320
 7  75  46  61  -2   4   0 0.00  0.0    0  4.4 15 130   M    M   2 1      19 120
 8  75  47  61  -1   4   0 0.00  0.0    0  4.1 14 130   M    M   0 1      19 130
 9  72  46  59  -3   6   0 0.00  0.0    0  7.3 20 150   M    M   0        25 130
10  75  51  63   1   2   0    T  0.0    0  7.8 23 150   M    M   4 8      33 140
11  77  54  66   5   0   1 0.04  0.0    0 12.2 25 160   M    M   7 1      33 160
12  54  38  46 -15  19   0 0.00  0.0    0  8.2 17 340   M    M   8        22 350
13  56  37  47 -13  18   0 0.10    M    0  5.2 20 170   M    M   5 1      25 180
14  54  38  46 -14  19   0 0.00  0.0    0  5.5 13  10   M    M   8        24 350
15  64  34  49 -11  16   0    T    M    0  4.3 17 140   M    M   4 1      22 160
16  64  46  55  -4  10   0 0.21    M    0  3.2 15 140   M    M   6 1      18 140
17  66  42  54  -5  11   0 0.00  0.0    0  4.5 17 150   M    M   4 1      20 160
18  56  39  48 -10  17   0 0.02    M    0  8.8 21 360   M    M   7 1      25  30
19  55  30  43 -15  22   0 0.00  0.0    0  3.8 12 140   M    M   1        15 160
20  69  36  53  -5  12   0 0.00  0.0    0 12.4 24 150   M    M   6        34 150
21  78  61  70  13   0   5 0.09  0.0    0  9.9 22 170   M    M   4 1      29 160
22  63  39  51  -6  14   0    T    M    0  6.7 20 290   M    M   7        31 310
23  67  39  53  -3  12   0 0.00  0.0    0  3.2 15 300   M    M   8 1      23 290
24  71  43  57   1   8   0 0.00  0.0    0  3.9 16 130   M    M   3 1      19 130
25  69  45  57   2   8   0 0.00  0.0    0  2.5 10 140   M    M   2 1      13 140
26  75  45  60   5   5   0 0.00  0.0    0  1.7  7 150   M    M   0 18     10 130
27  76  49  63   9   2   0 0.00  0.0    0  2.1  7 150   M    M   0 1      10 110
28  78  49  64  10   1   0 0.00  0.0    0  3.2 13 150   M    M   0 1      16 140
29  72  45  59   5   6   0 0.00  0.0    0  5.0 15 360   M    M   0        19 360
================================================================================
SM 2062 1354       216  46  0.86     0.0 156.9          M      105
================================================================================
AV 71.1 46.7                               5.4 FASTST   M    M   4    MAX(MPH)
                                 MISC ---->  # 25 160               # 34  150
================================================================================
NOTES:
# LAST OF SEVERAL OCCURRENCES

COLUMN 17 PEAK WIND IN M.P.H.

PRELIMINARY LOCAL CLIMATOLOGICAL DATA (WS FORM: F-6) , PAGE 2

                                          STATION:  PLATTSBURGH NY
                                          MONTH:    SEPTEMBER
                                          YEAR:     2014
                                          LATITUDE:   44 39 N
                                          LONGITUDE:  73 28 W

[TEMPERATURE DATA]      [PRECIPITATION DATA]       SYMBOLS USED IN COLUMN 16

AVERAGE MONTHLY: 58.9   TOTAL FOR MONTH:   0.86    1 = FOG OR MIST
DPTR FM NORMAL:  -0.6   DPTR FM NORMAL:       M    2 = FOG REDUCING VISIBILITY
HIGHEST:    89 ON  2    GRTST 24HR  0.21 ON 15-16      TO 1/4 MILE OR LESS
LOWEST:     30 ON 19                               3 = THUNDER
                        SNOW, ICE PELLETS, HAIL    4 = ICE PELLETS
                        TOTAL MONTH:   0.0 INCH    5 = HAIL
                        GRTST 24HR     0.0         6 = FREEZING RAIN OR DRIZZLE
                        GRTST DEPTH:   0           7 = DUSTSTORM OR SANDSTORM:
                                                       VSBY 1/2 MILE OR LESS
                                                   8 = SMOKE OR HAZE
[NO. OF DAYS WITH]      [WEATHER - DAYS WITH]      9 = BLOWING SNOW
                                                   X = TORNADO
MAX 32 OR BELOW:   0    0.01 INCH OR MORE:   7
MAX 90 OR ABOVE:   0    0.10 INCH OR MORE:   4
MIN 32 OR BELOW:   1    0.50 INCH OR MORE:   0
MIN  0 OR BELOW:   0    1.00 INCH OR MORE:   0

[HDD (BASE 65) ]
TOTAL THIS MO.   216    CLEAR  (SCALE 0-3)  13
DPTR FM NORMAL    34    PTCLDY (SCALE 4-7)  16
TOTAL FM JUL 1   260    CLOUDY (SCALE 8-10)  0
DPTR FM NORMAL    37

[CDD (BASE 65) ]
TOTAL THIS MO.    46
DPTR FM NORMAL    27    [PRESSURE DATA]
TOTAL FM JAN 1   306    HIGHEST SLP M ON M
DPTR FM NORMAL   -35    LOWEST  SLP 29.55 ON 21

[REMARKS]




U.S. Dept. of Commerce
NOAA National Weather Service
1325 East West Highway
Silver Spring, MD 20910
E-mail: w-nws.webmaster@noaa.gov
Page last modified: May 16, 2007
NATIONAL WEATHER SERVICE: for Safety, for Work, for Fun - FOR LIFE