436
CXUS54 KLZK 301330
CF6PBF
PRELIMINARY LOCAL CLIMATOLOGICAL DATA (WS FORM: F-6)

                                          STATION:   Pine Bluff
                                          MONTH:     JULY
                                          YEAR:      2014
                                          LATITUDE:   34 10 N
                                          LONGITUDE:  91 56 W

  TEMPERATURE IN F:       :PCPN:    SNOW:  WIND      :SUNSHINE: SKY     :PK WND
================================================================================
1   2   3   4   5  6A  6B    7    8   9   10  11  12  13   14  15   16   17  18
                                     12Z  AVG MX 2MIN
DY MAX MIN AVG DEP HDD CDD  WTR  SNW DPTH SPD SPD DIR MIN PSBL S-S WX    SPD DR
================================================================================

 1  91  73  82   0   0  17 0.00  0.0    0  7.3 16  10   M    M   0        21  20
 2  88  70  79  -3   0  14 0.00  0.0    0  4.0 21 250   M    M   1 3      33 250
 3  82  67  75  -7   0  10 0.00  0.0    0  6.9 15  10   M    M   1        21  10
 4  83  60  72 -10   0   7 0.00  0.0    0  4.2 15  40   M    M   0        20  50
 5  85  62  74  -8   0   9 0.00  0.0    0  2.5  9  60   M    M   0 1      12  40
 6  89  65  77  -5   0  12 0.00  0.0    0  4.0 12 200   M    M   1 1      15 200
 7  90  72  81  -1   0  16 0.00  0.0    0  7.5 15 270   M    M   0 8      18 260
 8  91  72  82   0   0  17 0.10  0.0    0  8.7 23 340   M    M   1 138    26 320
 9  83  71  77  -5   0  12 0.18  0.0    0  4.3 14 310   M    M   2        21 300
10  89  69  79  -3   0  14 0.18  0.0    0  3.2 36 320   M    M   3 13     51 310
11  87  71  79  -3   0  14 0.00  0.0    0  3.1 12 100   M    M   3 12     15 100
12  94  72  83   1   0  18 0.00  0.0    0  2.6  9 110   M    M   0 1      13 100
13  95  73  84   2   0  19 0.00  0.0    0  3.4  9 180   M    M   0 1      13 220
14  96  74  85   3   0  20 0.07  0.0    0  7.0 22 340   M    M   0        30 340
15  82  63  73  -9   0   8    T  0.0    0  7.2 15  10   M    M   4        20  10
16  83  60  72 -10   0   7 0.00  0.0    0  3.2 12  80   M    M   2        15  10
17  74  61  68 -14   0   3 0.31  0.0    0  5.9 12  30   M    M   9 1      16  20
18  66  61  64 -18   1   0 0.64  0.0    0  9.6 15  20   M    M  10 1      22  60
19  76  65  71 -11   0   6 0.00  0.0    0  3.4 14  10   M    M  10        17 360
20  83  67  75  -7   0  10 0.00  0.0    0  1.8  7 320   M    M   7        10  80
21  86  64  75  -7   0  10 0.00  0.0    0  2.3  8  50   M    M   2 128    12  40
22  89  66  78  -4   0  13 0.00  0.0    0  1.9  8  90   M    M   1 1      11  80
23  91  69  80  -2   0  15 0.21  0.0    0  5.5 41 330   M    M   1 13     52 320
24  81  67  74  -8   0   9 0.00  0.0    0  5.0 12  40   M    M   5 1      14  30
25  88  60  74  -8   0   9 0.00  0.0    0  1.9  9 240   M    M   1        12 170
26  93  70  82   0   0  17 0.00  0.0    0  5.2 15 230   M    M   1 1      20 220
27  94  76  85   3   0  20    T  0.0    0  7.1 16 220   M    M   0        21 240
28  87  69  78  -4   0  13 0.04  0.0    0  6.4 16 340   M    M   2 13     20  10
29  83  67  75  -7   0  10 0.00  0.0    0  6.2 13  30   M    M   0        17  40
================================================================================
SM 2499 1956         1 349  1.73     0.0 141.3          M       67
================================================================================
AV 86.2 67.4                               4.9 FASTST   M    M   2    MAX(MPH)
                                 MISC ---->  # 41 330               # 52  320
================================================================================
NOTES:
# LAST OF SEVERAL OCCURRENCES

COLUMN 17 PEAK WIND IN M.P.H.

PRELIMINARY LOCAL CLIMATOLOGICAL DATA (WS FORM: F-6) , PAGE 2

                                          STATION:  Pine Bluff
                                          MONTH:    JULY
                                          YEAR:     2014
                                          LATITUDE:   34 10 N
                                          LONGITUDE:  91 56 W

[TEMPERATURE DATA]      [PRECIPITATION DATA]       SYMBOLS USED IN COLUMN 16

AVERAGE MONTHLY: 76.8   TOTAL FOR MONTH:   1.73    1 = FOG OR MIST
DPTR FM NORMAL:  -5.2   DPTR FM NORMAL:   -1.97    2 = FOG REDUCING VISIBILITY
HIGHEST:    96 ON 14    GRTST 24HR  0.94 ON 17-18      TO 1/4 MILE OR LESS
LOWEST:     60 ON 25,16                            3 = THUNDER
                        SNOW, ICE PELLETS, HAIL    4 = ICE PELLETS
                        TOTAL MONTH:   0.0 INCH    5 = HAIL
                        GRTST 24HR     0.0         6 = FREEZING RAIN OR DRIZZLE
                        GRTST DEPTH:   0           7 = DUSTSTORM OR SANDSTORM:
                                                       VSBY 1/2 MILE OR LESS
                                                   8 = SMOKE OR HAZE
[NO. OF DAYS WITH]      [WEATHER - DAYS WITH]      9 = BLOWING SNOW
                                                   X = TORNADO
MAX 32 OR BELOW:   0    0.01 INCH OR MORE:   8
MAX 90 OR ABOVE:   9    0.10 INCH OR MORE:   6
MIN 32 OR BELOW:   0    0.50 INCH OR MORE:   1
MIN  0 OR BELOW:   0    1.00 INCH OR MORE:   0

[HDD (BASE 65) ]
TOTAL THIS MO.     1    CLEAR  (SCALE 0-3)  22
DPTR FM NORMAL     1    PTCLDY (SCALE 4-7)   4
TOTAL FM JUL 1     1    CLOUDY (SCALE 8-10)  3
DPTR FM NORMAL     1

[CDD (BASE 65) ]
TOTAL THIS MO.   349
DPTR FM NORMAL  -143    [PRESSURE DATA]
TOTAL FM JAN 1  1030    HIGHEST SLP M ON M
DPTR FM NORMAL  -191    LOWEST  SLP 29.82 ON  7

[REMARKS]
ALL SNOWFALL DATA IS FROM THE PINE BLUFF WATER PLANT SITE




U.S. Dept. of Commerce
NOAA National Weather Service
1325 East West Highway
Silver Spring, MD 20910
E-mail: w-nws.webmaster@noaa.gov
Page last modified: May 16, 2007
NATIONAL WEATHER SERVICE: for Safety, for Work, for Fun - FOR LIFE