297
CXUS53 KPAH 312302
CF6PAH
PRELIMINARY LOCAL CLIMATOLOGICAL DATA (WS FORM: F-6)

                                          STATION:   PADUCAH KY
                                          MONTH:     JANUARY
                                          YEAR:      2015
                                          LATITUDE:   37  4 N
                                          LONGITUDE:  88 46 W

  TEMPERATURE IN F:       :PCPN:    SNOW:  WIND      :SUNSHINE: SKY     :PK WND
================================================================================
1   2   3   4   5  6A  6B    7    8   9   10  11  12  13   14  15   16   17  18
                                     12Z  AVG MX 2MIN
DY MAX MIN AVG DEP HDD CDD  WTR  SNW DPTH SPD SPD DIR MIN PSBL S-S WX    SPD DR
================================================================================

 1  39  21  30  -5  35   0 0.01  0.0    0  6.7 15 240   M    M   9        18 250
 2  41  34  38   3  27   0 0.11  0.0    0  4.6 14 110   M    M  10 18     18 120
 3  63  40  52  17  13   0 0.97  0.0    0  7.2 28 150   M    M   8 13     34 160
 4  52  20  36   2  29   0    T  0.0    0 13.8 29 250   M    M   8 1      38 260
 5  30  17  24 -10  41   0 0.00  0.0    0  5.0 13 360   M    M   0        16 340
 6  36  23  30  -4  35   0 0.00  0.0    0  7.8 15 330   M    M   1        19 320
 7  26   6  16 -18  49   0    T    T    0 14.2 30 330   M    M   4        37 310
 8  26   3  15 -19  50   0 0.00  0.0    0  8.7 23 240   M    M   1        29 230
 9  28  11  20 -14  45   0 0.00  0.0    0  8.5 21 360   M    M   3        26 360
10  33   7  20 -14  45   0 0.00  0.0    0  2.6 12 220   M    M   2        15 220
11  40  31  36   2  29   0 0.04  0.0    0  5.1 16 220   M    M  10 18     22 210
12  38  27  33  -1  32   0 0.28  0.0    0 11.0 24  30   M    M  10 12     32  20
13  30  24  27  -7  38   0 0.00  0.0    0 10.7 21  20   M    M  10        24  10
14  35  22  29  -5  36   0 0.00  0.0    0  2.0  7 310   M    M   8        24 210
15  36  26  31  -3  34   0 0.05  0.5    0  3.5 12 250   M    M   7 18     15 250
16  51  23  37   3  28   0 0.00  0.0    0  4.0 10 240   M    M   0 18     12 240
17  57  37  47  13  18   0    T  0.0    0 10.0 21 220   M    M   2        30 210
18  56  34  45  11  20   0 0.00  0.0    0  9.5 23 250   M    M   0        28 250
19  61  27  44  10  21   0 0.00  0.0    0  3.7 13 290   M    M   0        16 200
20  58  28  43   9  22   0 0.04  0.0    0  5.2 17 300   M    M   3        23 310
21  56  28  42   8  23   0 0.00  0.0    0  7.1 20 280   M    M   0 1      25 250
22  43  25  34  -1  31   0 0.00  0.0    0  3.6  9  50   M    M   1 1      12  20
23  40  25  33  -2  32   0    T    T    0  7.2 14 360   M    M   6 1      17  40
24  51  22  37   2  28   0 0.00  0.0    0  9.3 16 250   M    M   1 18     20 250
25  44  36  40   5  25   0 1.06  0.0    0 11.2 24 340   M    M   7 1      33 330
26  38  29  34  -1  31   0 0.00  0.0    0  7.7 23 340   M    M   8        30 330
27  45  28  37   2  28   0 0.00  0.0    0  7.1 18  10   M    M   6 18     23  20
28  50  24  37   2  28   0 0.00  0.0    0  6.9 15 150   M    M   0 1      18 190
29  56  38  47  12  18   0    T  0.0    0 12.4 24 330   M    M   7 8      30 320
30  45  26  36   0  29   0 0.00  0.0    0  6.7 20 360   M    M   4        26 360
================================================================================
SM 1304  742       920   0  2.56     0.5 223.0          M      136
================================================================================
AV 43.5 24.7                               7.4 FASTST   M    M   5    MAX(MPH)
                                 MISC ---->  # 30 330               # 38  260
================================================================================
NOTES:
# LAST OF SEVERAL OCCURRENCES

COLUMN 17 PEAK WIND IN M.P.H.

PRELIMINARY LOCAL CLIMATOLOGICAL DATA (WS FORM: F-6) , PAGE 2

                                          STATION:  PADUCAH KY
                                          MONTH:    JANUARY
                                          YEAR:     2015
                                          LATITUDE:   37  4 N
                                          LONGITUDE:  88 46 W

[TEMPERATURE DATA]      [PRECIPITATION DATA]       SYMBOLS USED IN COLUMN 16

AVERAGE MONTHLY: 34.1   TOTAL FOR MONTH:   2.56    1 = FOG OR MIST
DPTR FM NORMAL:  -0.3   DPTR FM NORMAL:   -0.99    2 = FOG REDUCING VISIBILITY
HIGHEST:    63 ON  3    GRTST 24HR  1.06 ON 25-25      TO 1/4 MILE OR LESS
LOWEST:      3 ON  8                               3 = THUNDER
                        SNOW, ICE PELLETS, HAIL    4 = ICE PELLETS
                        TOTAL MONTH:   0.5 INCH    5 = HAIL
                        GRTST 24HR   0.5 ON 15-15  6 = FREEZING RAIN OR DRIZZLE
                        GRTST DEPTH:   0           7 = DUSTSTORM OR SANDSTORM:
                                                       VSBY 1/2 MILE OR LESS
                                                   8 = SMOKE OR HAZE
[NO. OF DAYS WITH]      [WEATHER - DAYS WITH]      9 = BLOWING SNOW
                                                   X = TORNADO
MAX 32 OR BELOW:   5    0.01 INCH OR MORE:   8
MAX 90 OR ABOVE:   0    0.10 INCH OR MORE:   4
MIN 32 OR BELOW:  24    0.50 INCH OR MORE:   2
MIN  0 OR BELOW:   0    1.00 INCH OR MORE:   1

[HDD (BASE 65) ]
TOTAL THIS MO.   920    CLEAR  (SCALE 0-3)  14
DPTR FM NORMAL     3    PTCLDY (SCALE 4-7)  11
TOTAL FM JUL 1  2603    CLOUDY (SCALE 8-10)  5
DPTR FM NORMAL    55

[CDD (BASE 65) ]
TOTAL THIS MO.     0
DPTR FM NORMAL     0    [PRESSURE DATA]
TOTAL FM JAN 1     0    HIGHEST SLP M ON M
DPTR FM NORMAL     0    LOWEST  SLP 29.60 ON 25

[REMARKS]




U.S. Dept. of Commerce
NOAA National Weather Service
1325 East West Highway
Silver Spring, MD 20910
E-mail: w-nws.webmaster@noaa.gov
Page last modified: May 16, 2007
NATIONAL WEATHER SERVICE: for Safety, for Work, for Fun - FOR LIFE