155
CXUS53 KPAH 272302
CF6PAH
PRELIMINARY LOCAL CLIMATOLOGICAL DATA (WS FORM: F-6)

                                          STATION:   PADUCAH KY
                                          MONTH:     AUGUST
                                          YEAR:      2014
                                          LATITUDE:   37  4 N
                                          LONGITUDE:  88 46 W

  TEMPERATURE IN F:       :PCPN:    SNOW:  WIND      :SUNSHINE: SKY     :PK WND
================================================================================
1   2   3   4   5  6A  6B    7    8   9   10  11  12  13   14  15   16   17  18
                                     12Z  AVG MX 2MIN
DY MAX MIN AVG DEP HDD CDD  WTR  SNW DPTH SPD SPD DIR MIN PSBL S-S WX    SPD DR
================================================================================

 1  90  62  76  -2   0  11 0.00  0.0    0  2.0  8  30   M    M   5 18     16 320
 2  90  64  77  -1   0  12 0.00  0.0    0  4.2 13  20   M    M   3 8      19  80
 3  90  61  76  -2   0  11 0.00  0.0    0  3.6 12  30   M    M   0 18     24  90
 4  93  62  78   0   0  13 0.00  0.0    0  2.4 10  50   M    M   1 18     14  60
 5  93  62  78   0   0  13    T  0.0    0  4.4 13 230   M    M   1 18     16 230
 6  94  67  81   3   0  16    T  0.0    0  2.4 10 330   M    M   1 18     14 340
 7  88  71  80   2   0  15 0.30  0.0    0  4.7 31 260   M    M   2 138    36 260
 8  87  71  79   1   0  14 1.02  0.0    0  4.6 21 260   M    M   7 138    30 230
 9  89  72  81   3   0  16 0.01  0.0    0  4.1 10 270   M    M   6 138    14 260
10  89  71  80   2   0  15 0.01  0.0    0  3.1 10 260   M    M   5 1238   13 250
11  89  72  81   3   0  16 0.28  0.0    0  5.4 15 300   M    M   4 13     21 350
12  85  61  73  -5   0   8    T  0.0    0  7.2 16 330   M    M   3        20 350
13  85  57  71  -7   0   6 0.00  0.0    0  3.8 13 360   M    M   1        21 330
14  86  57  72  -6   0   7 0.00  0.0    0  2.0 10 290   M    M   0 1      13 300
15  89  60  75  -3   0  10 0.00  0.0    0  1.6  8 250   M    M   0 18     14 150
16  83  68  76  -2   0  11 0.01  0.0    0  4.1 12 170   M    M   2        16 170
17  90  73  82   4   0  17 0.91  0.0    0  6.2 17 340   M    M   4 138    23 340
18  89  71  80   2   0  15 0.00  0.0    0  2.8 10 330   M    M   4 18     15 270
19  93  72  83   5   0  18 0.21  0.0    0  5.4 46 340   M    M   3 123    63 340
20  96  76  86   8   0  21 0.04  0.0    0  5.7 13 250   M    M   0 13     16 250
21  94  78  86   9   0  21 0.00  0.0    0  7.9 18 250   M    M   0        23 250
22  96  76  86   9   0  21 0.00  0.0    0  5.9 12 250   M    M   0        14 240
23  92  77  85   8   0  20 0.34  0.0    0  3.1 20  70   M    M   2 138    24  80
24  97  74  86   9   0  21 0.00  0.0    0  4.2 10 130   M    M   0 1      16 140
25  96  73  85   8   0  20 0.00  0.0    0  2.6 10  50   M    M   0 18     14  50
26  96  73  85   8   0  20 0.00  0.0    0  2.3 15 100   M    M   1 18     19 110
================================================================================
SM 2359 1781         0 388  3.13     0.0 105.7          M       55
================================================================================
AV 90.7 68.5                               4.1 FASTST   M    M   2    MAX(MPH)
                                 MISC ---->  # 46 340               # 63  340
================================================================================
NOTES:
# LAST OF SEVERAL OCCURRENCES

COLUMN 17 PEAK WIND IN M.P.H.

PRELIMINARY LOCAL CLIMATOLOGICAL DATA (WS FORM: F-6) , PAGE 2

                                          STATION:  PADUCAH KY
                                          MONTH:    AUGUST
                                          YEAR:     2014
                                          LATITUDE:   37  4 N
                                          LONGITUDE:  88 46 W

[TEMPERATURE DATA]      [PRECIPITATION DATA]       SYMBOLS USED IN COLUMN 16

AVERAGE MONTHLY: 79.6   TOTAL FOR MONTH:   3.13    1 = FOG OR MIST
DPTR FM NORMAL:   1.8   DPTR FM NORMAL:    0.80    2 = FOG REDUCING VISIBILITY
HIGHEST:    97 ON 24    GRTST 24HR  1.02 ON  8- 8      TO 1/4 MILE OR LESS
LOWEST:     57 ON 14,13                            3 = THUNDER
                        SNOW, ICE PELLETS, HAIL    4 = ICE PELLETS
                        TOTAL MONTH:   0.0 INCH    5 = HAIL
                        GRTST 24HR     0.0         6 = FREEZING RAIN OR DRIZZLE
                        GRTST DEPTH:   0           7 = DUSTSTORM OR SANDSTORM:
                                                       VSBY 1/2 MILE OR LESS
                                                   8 = SMOKE OR HAZE
[NO. OF DAYS WITH]      [WEATHER - DAYS WITH]      9 = BLOWING SNOW
                                                   X = TORNADO
MAX 32 OR BELOW:   0    0.01 INCH OR MORE:  10
MAX 90 OR ABOVE:  15    0.10 INCH OR MORE:   6
MIN 32 OR BELOW:   0    0.50 INCH OR MORE:   2
MIN  0 OR BELOW:   0    1.00 INCH OR MORE:   1

[HDD (BASE 65) ]
TOTAL THIS MO.     0    CLEAR  (SCALE 0-3)  18
DPTR FM NORMAL     0    PTCLDY (SCALE 4-7)   8
TOTAL FM JUL 1     0    CLOUDY (SCALE 8-10)  0
DPTR FM NORMAL     0

[CDD (BASE 65) ]
TOTAL THIS MO.   388
DPTR FM NORMAL    56    [PRESSURE DATA]
TOTAL FM JAN 1  1387    HIGHEST SLP M ON M
DPTR FM NORMAL   132    LOWEST  SLP 29.77 ON 19

[REMARKS]




U.S. Dept. of Commerce
NOAA National Weather Service
1325 East West Highway
Silver Spring, MD 20910
E-mail: w-nws.webmaster@noaa.gov
Page last modified: May 16, 2007
NATIONAL WEATHER SERVICE: for Safety, for Work, for Fun - FOR LIFE