558
CXUS56 KLKN 030340
CF6P68
PRELIMINARY LOCAL CLIMATOLOGICAL DATA (WS FORM: F-6)

                                          STATION:   EUREKA AIRPORT NV
                                          MONTH:     NOVEMBER
                                          YEAR:      2014
                                          LATITUDE:   39 30 N
                                          LONGITUDE: 115 58 W

  TEMPERATURE IN F:       :PCPN:    SNOW:  WIND      :SUNSHINE: SKY     :PK WND
================================================================================
1   2   3   4   5  6A  6B    7    8   9   10  11  12  13   14  15   16   17  18
                                     12Z  AVG MX 2MIN
DY MAX MIN AVG DEP HDD CDD  WTR  SNW DPTH SPD SPD DIR MIN PSBL S-S WX    SPD DR
================================================================================

 1  52  32  42   2  23   0 0.12    M    M 13.1 39 180   M    M   M        55 190
 2  41  27  34  -6  31   0 0.02    M    M  7.6 20  20   M    M   M        25 330
 3  45  19  32  -8  33   0 0.00    M    M  4.6 15 360   M    M   M        17 360
 4  55  20  38  -1  27   0 0.00    M    M  5.0 10 160   M    M   M        13 230
 5  62  26  44   5  21   0 0.00    M    M  4.6  9 190   M    M   M        13  30
 6  68  29  49  11  16   0 0.00    M    M  4.5 12 230   M    M   M        12 210
 7  67  32  50  12  15   0 0.00    M    M  6.0 15  20   M    M   M        18  20
 8  66  28  47   9  18   0 0.00    M    M  4.7 12 200   M    M   M        12 210
 9  71  32  52  15  13   0 0.00    M    M  7.1 18 290   M    M   M        26 290
10  53  17  35  -2  30   0 0.00    M    M  9.4 24 350   M    M   M        28 340
11  59  15  37   1  28   0 0.00    M    M  4.7 15 330   M    M   M        19 330
12  47  16  32  -4  33   0 0.00    M    M  3.4 13  20   M    M   M        14  10
13  45  21  33  -3  32   0 0.07    M    M  4.6 14  40   M    M   M        16 280
14  53  30  42   7  23   0 0.01    M    M  7.1 21 270   M    M   M        27 270
15  46   7  27  -8  38   0 0.04    M    M  8.6 23  10   M    M   M        30 360
16  33  -2  16 -18  49   0 0.00    M    M  2.6  8 110   M    M   M         9  50
17  47   7  27  -7  38   0 0.00    M    M  3.6 10 210   M    M   M        12 220
18  55  11  33  -1  32   0 0.00    M    M  5.1 13 210   M    M   M        15 210
19  53  26  40   7  25   0 0.00    M    M  5.9 13 210   M    M   M        15 210
20  54  22  38   5  27   0 0.00    M    M  2.9  9  60   M    M   M        11 200
21  53  19  36   4  29   0 0.00    M    M  5.5 14 270   M    M   M        17 280
22  56  28  42  10  23   0 0.07    M    M 10.4 40 270   M    M   M        51 280
23  39  17  28  -4  37   0 0.00    M    M  3.7  9 310   M    M   M        10  80
24  44  10  27  -4  38   0 0.00    M    M  4.3 12 180   M    M   M        15  20
25  56  20  38   7  27   0 0.00    M    M  6.4 16 180   M    M   M        18 180
26  64  27  46  16  19   0 0.00    M    M  7.6 15 210   M    M   M        17 260
27  55  31  43  13  22   0 0.00    M    M  6.2 14 210   M    M   M        16 200
28  62  27  45  15  20   0 0.00    M    M  6.8 20 160   M    M   M        23 160
29  58  23  41  12  24   0 0.00    M    M  8.2 28 240   M    M   M        35 230
30  46  29  38   9  27   0 0.00    M    M  2.9 12  10   M    M   M        13  10
================================================================================
SM 1605  646       818   0  0.33    M    177.1          M        M
================================================================================
AV 53.5 21.5                               5.9 FASTST   M    M   1    MAX(MPH)
                                 MISC ---->  # 40 270               # 55  190
================================================================================
NOTES:
# LAST OF SEVERAL OCCURRENCES

COLUMN 17 PEAK WIND IN M.P.H.

PRELIMINARY LOCAL CLIMATOLOGICAL DATA (WS FORM: F-6) , PAGE 2

                                          STATION:  EUREKA AIRPORT NV
                                          MONTH:    NOVEMBER
                                          YEAR:     2014
                                          LATITUDE:   39 30 N
                                          LONGITUDE: 115 58 W

[TEMPERATURE DATA]      [PRECIPITATION DATA]       SYMBOLS USED IN COLUMN 16

AVERAGE MONTHLY: 37.5   TOTAL FOR MONTH:   0.33    1 = FOG OR MIST
DPTR FM NORMAL:   2.9   DPTR FM NORMAL:   -0.45    2 = FOG REDUCING VISIBILITY
HIGHEST:    71 ON  9    GRTST 24HR  0.12 ON 31- 1      TO 1/4 MILE OR LESS
LOWEST:     -2 ON 16                               3 = THUNDER
                        SNOW, ICE PELLETS, HAIL    4 = ICE PELLETS
                        TOTAL MONTH:    M          5 = HAIL
                        GRTST 24HR    M  ON   M    6 = FREEZING RAIN OR DRIZZLE
                        GRTST DEPTH:  M  ON   M    7 = DUSTSTORM OR SANDSTORM:
                                                       VSBY 1/2 MILE OR LESS
                                                   8 = SMOKE OR HAZE
[NO. OF DAYS WITH]      [WEATHER - DAYS WITH]      9 = BLOWING SNOW
                                                   X = TORNADO
MAX 32 OR BELOW:   0    0.01 INCH OR MORE:   6
MAX 90 OR ABOVE:   0    0.10 INCH OR MORE:   1
MIN 32 OR BELOW:  30    0.50 INCH OR MORE:   0
MIN  0 OR BELOW:   1    1.00 INCH OR MORE:   0

[HDD (BASE 65) ]
TOTAL THIS MO.   818    CLEAR  (SCALE 0-3)   0
DPTR FM NORMAL   -94    PTCLDY (SCALE 4-7)   0
TOTAL FM JUL 1  1340    CLOUDY (SCALE 8-10)  0
DPTR FM NORMAL  -419

[CDD (BASE 65) ]
TOTAL THIS MO.     0
DPTR FM NORMAL     0    [PRESSURE DATA]
TOTAL FM JAN 1   436    HIGHEST SLP 30.62 ON 24
DPTR FM NORMAL   148    LOWEST  SLP 29.36 ON  1

[REMARKS]
#FINAL-11-14#




U.S. Dept. of Commerce
NOAA National Weather Service
1325 East West Highway
Silver Spring, MD 20910
E-mail: w-nws.webmaster@noaa.gov
Page last modified: May 16, 2007
NATIONAL WEATHER SERVICE: for Safety, for Work, for Fun - FOR LIFE