604
CXUS56 KLKN 291001
CF6P68
PRELIMINARY LOCAL CLIMATOLOGICAL DATA (WS FORM: F-6)

                                          STATION:   EUREKA AIRPORT NV
                                          MONTH:     JULY
                                          YEAR:      2014
                                          LATITUDE:   39 30 N
                                          LONGITUDE: 115 58 W

  TEMPERATURE IN F:       :PCPN:    SNOW:  WIND      :SUNSHINE: SKY     :PK WND
================================================================================
1   2   3   4   5  6A  6B    7    8   9   10  11  12  13   14  15   16   17  18
                                     12Z  AVG MX 2MIN
DY MAX MIN AVG DEP HDD CDD  WTR  SNW DPTH SPD SPD DIR MIN PSBL S-S WX    SPD DR
================================================================================

 1  97  45  71   5   0   6 0.00    M    M  5.3 29 190   M    M   M        37 190
 2  93  58  76  10   0  11 0.00    M    M  6.6 25 290   M    M   M        32 290
 3  93  56  75   8   0  10 0.00    M    M  8.0 39 200   M    M   M        53 180
 4  96  52  74   7   0   9 0.00    M    M  8.5 24 180   M    M   M        37 220
 5  96  52  74   7   0   9 0.00    M    M  6.0 18  20   M    M   M        24  10
 6  97  53  75   7   0  10 0.00    M    M  7.2 32 150   M    M   M        38 150
 7  93  57  75   7   0  10 0.05    M    M  7.5 28 140   M    M   M        36 100
 8  91  54  73   5   0   8 0.01    M    M  6.2 28 110   M    M   M        36 110
 9  86  56  71   3   0   6 0.00    M    M  6.5 26 190   M    M   M        33 190
10  88  57  73   4   0   8 0.06    M    M  6.6 29 230   M    M   M        39 220
11  88  53  71   2   0   6 0.04    M    M  5.9 17 250   M    M   M        21 260
12  95  55  75   6   0  10 0.00    M    M  4.1 15  40   M    M   M        20  30
13  99  57  78   9   0  13 0.00    M    M  4.8 16 360   M    M   M        21 350
14  99  61  80  10   0  15 0.00    M    M  8.5 28 160   M    M   M        35 290
15  94  63  79   9   0  14 0.02    M    M  7.1 26 230   M    M   M        36 270
16  94  54  74   4   0   9 0.00    M    M  9.1 24  20   M    M   M        28  10
17  94  54  74   4   0   9 0.00    M    M  7.2 20 330   M    M   M        26 200
18  91  58  75   5   0  10 0.01    M    M  8.5 25 190   M    M   M        33 200
19  94  54  74   4   0   9 0.00    M    M  6.2 24  50   M    M   M        39  70
20  91  53  72   2   0   7 0.05    M    M  9.5 29 210   M    M   M        37 210
21  90  49  70   0   0   5 0.00    M    M  5.5 21 260   M    M   M        27 260
22  94  46  70   0   0   5 0.00    M    M  9.9 29 170   M    M   M        35 180
23  98  51  75   5   0  10 0.00    M    M 10.6 31 180   M    M   M        40 180
24  93  46  70   0   0   5 0.00    M    M  5.6 21  20   M    M   M        25  20
25  96  48  72   2   0   7 0.00    M    M  6.6 23 270   M    M   M        33 270
26  95  45  70   0   0   5 0.00    M    M  5.8 17 160   M    M   M        23 150
27  92  59  76   6   0  11 0.00    M    M  8.6 29 140   M    M   M        37 130
28  87  60  74   4   0   9 0.03    M    M  6.9 26  50   M    M   M        33  50
================================================================================
SM 2614 1506         0 246  0.27    M    198.8          M        M
================================================================================
AV 93.4 53.8                               7.1 FASTST   M    M   1    MAX(MPH)
                                 MISC ---->  # 39 200               # 53  180
================================================================================
NOTES:
# LAST OF SEVERAL OCCURRENCES

COLUMN 17 PEAK WIND IN M.P.H.

PRELIMINARY LOCAL CLIMATOLOGICAL DATA (WS FORM: F-6) , PAGE 2

                                          STATION:  EUREKA AIRPORT NV
                                          MONTH:    JULY
                                          YEAR:     2014
                                          LATITUDE:   39 30 N
                                          LONGITUDE: 115 58 W

[TEMPERATURE DATA]      [PRECIPITATION DATA]       SYMBOLS USED IN COLUMN 16

AVERAGE MONTHLY: 73.6   TOTAL FOR MONTH:   0.27    1 = FOG OR MIST
DPTR FM NORMAL:   4.6   DPTR FM NORMAL:   -0.29    2 = FOG REDUCING VISIBILITY
HIGHEST:    99 ON 14,13 GRTST 24HR  0.10 ON 10-11      TO 1/4 MILE OR LESS
LOWEST:     45 ON 26, 1                            3 = THUNDER
                        SNOW, ICE PELLETS, HAIL    4 = ICE PELLETS
                        TOTAL MONTH:    M          5 = HAIL
                        GRTST 24HR    M  ON   M    6 = FREEZING RAIN OR DRIZZLE
                        GRTST DEPTH:  M  ON   M    7 = DUSTSTORM OR SANDSTORM:
                                                       VSBY 1/2 MILE OR LESS
                                                   8 = SMOKE OR HAZE
[NO. OF DAYS WITH]      [WEATHER - DAYS WITH]      9 = BLOWING SNOW
                                                   X = TORNADO
MAX 32 OR BELOW:   0    0.01 INCH OR MORE:   8
MAX 90 OR ABOVE:  24    0.10 INCH OR MORE:   0
MIN 32 OR BELOW:   0    0.50 INCH OR MORE:   0
MIN  0 OR BELOW:   0    1.00 INCH OR MORE:   0

[HDD (BASE 65) ]
TOTAL THIS MO.     0    CLEAR  (SCALE 0-3)   0
DPTR FM NORMAL    -8    PTCLDY (SCALE 4-7)   0
TOTAL FM JUL 1     0    CLOUDY (SCALE 8-10)  0
DPTR FM NORMAL    -8

[CDD (BASE 65) ]
TOTAL THIS MO.   246
DPTR FM NORMAL   119    [PRESSURE DATA]
TOTAL FM JAN 1   289    HIGHEST SLP M ON M
DPTR FM NORMAL   130    LOWEST  SLP 29.73 ON  2

[REMARKS]




U.S. Dept. of Commerce
NOAA National Weather Service
1325 East West Highway
Silver Spring, MD 20910
E-mail: w-nws.webmaster@noaa.gov
Page last modified: May 16, 2007
NATIONAL WEATHER SERVICE: for Safety, for Work, for Fun - FOR LIFE