562
CXUS55 KRIW 010901
CF6P60
PRELIMINARY LOCAL CLIMATOLOGICAL DATA (WS FORM: F-6)

                                          STATION:   LAKE YELLOWSTONE WY
                                          MONTH:     AUGUST
                                          YEAR:      2014
                                          LATITUDE:   44 32 N
                                          LONGITUDE: 110 25 W

  TEMPERATURE IN F:       :PCPN:    SNOW:  WIND      :SUNSHINE: SKY     :PK WND
================================================================================
1   2   3   4   5  6A  6B    7    8   9   10  11  12  13   14  15   16   17  18
                                     12Z  AVG MX 2MIN
DY MAX MIN AVG DEP HDD CDD  WTR  SNW DPTH SPD SPD DIR MIN PSBL S-S WX    SPD DR
================================================================================

 1  73  37  55  -2  10   0 0.00  0.0    0  1.8  7  80   M    M   0        12 140
 2  71  38  55  -2  10   0 0.22    M    M  2.3  6 310   M    M   0        28 290
 3  72  38  55  -2  10   0 0.36  0.0    0  1.6  8 290   M    M   0        13 280
 4  61  41  51  -6  14   0 0.13  0.0    0  1.1  7 110   M    M   0        12 100
 5  60  50  55  -2  10   0 0.62  0.0    0  0.8  8 290   M    M   0        12 290
 6  57  47  52  -5  13   0 0.19  0.0    0  0.4  5 170   M    M   0         9 200
 7  65  44  55  -2  10   0 0.02  0.0    0  0.7  8  70   M    M   0        13  80
 8  65  38  52  -5  13   0 0.00  0.0    0  2.8 15 280   M    M   0        24 280
 9  67  39  53  -3  12   0 0.00  0.0    0  1.5  8 120   M    M   0        13 120
10  72  38  55  -1  10   0 0.00  0.0    0  1.7  7 110   M    M   0        10 110
11  75  39  57   1   8   0 0.00  0.0    0  1.9  7 110   M    M   0        11 130
12  79  42  61   5   4   0 0.00  0.0    0  2.5 12 220   M    M   0        22 240
13  71  47  59   3   6   0 0.00  0.0    0  2.6 14 260   M    M   0        22 260
14  65  46  56   0   9   0 0.22  0.0    0  1.1  8 130   M    M   0        14 140
15  67  40  54  -2  11   0 0.11  0.0    0  2.5 17 280   M    M   0        28 270
16  68  37  53  -3  12   0 0.00  0.0    0  3.5 14 270   M    M   0        24 280
17  72  38  55   0  10   0 0.00  0.0    0  3.5 14 290   M    M   0        23 290
18  74  40  57   2   8   0 0.06  0.0    0  3.5 14 320   M    M   0        24 270
19  70  37  54  -1  11   0 0.00  0.0    0  3.8 16 320   M    M   0        26 320
20  62  38  50  -5  15   0 0.16  0.0    0  2.6 17 290   M    M   0        32 300
21  56  42  49  -6  16   0 0.30  0.0    0  1.4  9 310   M    M   0        16 300
22  52  43  48  -6  17   0 0.09  0.0    0  1.5  6 250   M    M   0        11 230
23  51  37  44 -10  21   0 0.24  0.0    0  3.5  9 310   M    M   0        15 300
24  51  32  42 -12  23   0 0.00  0.0    0  4.0 13 290   M    M   0        20 270
25  58  29  44 -10  21   0 0.00  0.0    0  1.2  7 270   M    M   0        14 270
26  60  34  47  -7  18   0 0.00  0.0    0  1.2  7  80   M    M   0        12 110
27  68  33  51  -2  14   0 0.00  0.0    0  2.6 10 290   M    M   0        17 310
28  71  35  53   0  12   0 0.45  0.0    0  3.3 17 280   M    M   0        28 290
29  68  40  54   1  11   0 0.00  0.0    0  2.9 18 280   M    M   0        26 290
30  57  39  48  -4  17   0 0.86  0.0    0  3.4 17 310   M    M   0        32 300
31  50  38  44  -8  21   0 0.26    M    M  2.0 10 280   M    M   0        20 260
================================================================================
SM 2008 1216       397   0  4.29     0.0  69.2          M        0
================================================================================
AV 64.8 39.2                               2.2 FASTST   M    M   0    MAX(MPH)
                                 MISC ---->  # 18 280               # 32  300
================================================================================
NOTES:
# LAST OF SEVERAL OCCURRENCES

COLUMN 17 PEAK WIND IN M.P.H.

PRELIMINARY LOCAL CLIMATOLOGICAL DATA (WS FORM: F-6) , PAGE 2

                                          STATION:  LAKE YELLOWSTONE WY
                                          MONTH:    AUGUST
                                          YEAR:     2014
                                          LATITUDE:   44 32 N
                                          LONGITUDE: 110 25 W

[TEMPERATURE DATA]      [PRECIPITATION DATA]       SYMBOLS USED IN COLUMN 16

AVERAGE MONTHLY: 52.0   TOTAL FOR MONTH:   4.29    1 = FOG OR MIST
DPTR FM NORMAL:  -3.2   DPTR FM NORMAL:    2.77    2 = FOG REDUCING VISIBILITY
HIGHEST:    79 ON 12    GRTST 24HR  1.00 ON 30-31      TO 1/4 MILE OR LESS
LOWEST:     29 ON 25                               3 = THUNDER
                        SNOW, ICE PELLETS, HAIL    4 = ICE PELLETS
                        TOTAL MONTH:   0.0 INCH    5 = HAIL
                        GRTST 24HR     0.0         6 = FREEZING RAIN OR DRIZZLE
                        GRTST DEPTH:   0           7 = DUSTSTORM OR SANDSTORM:
                                                       VSBY 1/2 MILE OR LESS
                                                   8 = SMOKE OR HAZE
[NO. OF DAYS WITH]      [WEATHER - DAYS WITH]      9 = BLOWING SNOW
                                                   X = TORNADO
MAX 32 OR BELOW:   0    0.01 INCH OR MORE:  16
MAX 90 OR ABOVE:   0    0.10 INCH OR MORE:  13
MIN 32 OR BELOW:   2    0.50 INCH OR MORE:   2
MIN  0 OR BELOW:   0    1.00 INCH OR MORE:   0

[HDD (BASE 65) ]
TOTAL THIS MO.   397    CLEAR  (SCALE 0-3)  31
DPTR FM NORMAL    93    PTCLDY (SCALE 4-7)   0
TOTAL FM JUL 1   662    CLOUDY (SCALE 8-10)  0
DPTR FM NORMAL    75

[CDD (BASE 65) ]
TOTAL THIS MO.     0
DPTR FM NORMAL     0    [PRESSURE DATA]
TOTAL FM JAN 1     0    HIGHEST SLP M ON M
DPTR FM NORMAL     0    LOWEST  SLP 29.84 ON 20

[REMARKS]
#FINAL-08-14#




U.S. Dept. of Commerce
NOAA National Weather Service
1325 East West Highway
Silver Spring, MD 20910
E-mail: w-nws.webmaster@noaa.gov
Page last modified: May 16, 2007
NATIONAL WEATHER SERVICE: for Safety, for Work, for Fun - FOR LIFE