309
CXUS55 KRIW 010902
CF6P60
PRELIMINARY LOCAL CLIMATOLOGICAL DATA (WS FORM: F-6)

                                          STATION:   LAKE YELLOWSTONE WY
                                          MONTH:     NOVEMBER
                                          YEAR:      2014
                                          LATITUDE:   44 32 N
                                          LONGITUDE: 110 25 W

  TEMPERATURE IN F:       :PCPN:    SNOW:  WIND      :SUNSHINE: SKY     :PK WND
================================================================================
1   2   3   4   5  6A  6B    7    8   9   10  11  12  13   14  15   16   17  18
                                     12Z  AVG MX 2MIN
DY MAX MIN AVG DEP HDD CDD  WTR  SNW DPTH SPD SPD DIR MIN PSBL S-S WX    SPD DR
================================================================================

 1  57  27  42  13  23   0 0.06    M    0  1.9 16 270   M    M   0        24 290
 2  33  28  31   2  34   0 0.01    M    M  4.0 12 280   M    M   0        17 290
 3  35  20  28   0  37   0 0.00  0.0    M  4.0 10 270   M    M   0        18 290
 4  31  24  28   0  37   0 0.04    M    M  3.8 13 260   M    M   0        22 250
 5  39  28  34   6  31   0 0.00  0.0    M  2.6 12 270   M    M   0        21 230
 6  49  25  37  10  28   0 0.00  0.0    M  1.5  8 200   M    M   0        14 280
 7  46  23  35   9  30   0 0.00  0.0    M  5.0 15 290   M    M   0        24 280
 8  46  22  34   8  31   0 0.00    M    M  1.7  9 290   M    M   0        15 200
 9  41  26  34   8  31   0 0.12    M    M  7.4 16 270   M    M   0        31 230
10  29   8  19  -6  46   0 0.14    M    M  3.9 14 300   M    M   0        19 310
11   8 -12  -2 -27  67   0 0.04    M    M  3.9 12 340   M    M   0        21 350
12   9 -20  -5 -29  70   0 0.00  0.0    M  2.3  9  70   M    M   0        13  70
13  18  -2   8 -16  57   0 0.10    M    M  2.2  7 120   M    M   0        11 130
14  26   3  15  -8  50   0 0.42    M    M  3.5 10 300   M    M   0        19 260
15  10 -17  -3 -26  68   0 0.00  0.0    M  3.2  9 300   M    M   0        15 320
16  19 -17   1 -21  64   0 0.00  0.0    M  2.3 10 260   M    M   0        17 300
17  24 -13   6 -16  59   0 0.00  0.0    M  3.1  9 300   M    M   0        16 280
18  25  -5  10 -11  55   0 0.00  0.0    M  1.7  6 220   M    M   0        11 140
19  34   5  20  -1  45   0 0.00  0.0    M  2.2  8 220   M    M   0        14 200
20  35  11  23   3  42   0 0.00  0.0    M  2.4  8 270   M    M   0        13 200
21  32  25  29   9  36   0 0.00  0.0    M  4.1 10 260   M    M   0        19 290
22  33   7  20   0  45   0 0.22    M    M  5.0 18 290   M    M   0        30 290
23  24  10  17  -2  48   0 0.07    M    M  6.7 14 280   M    M   0        20 290
24  24  15  20   1  45   0 0.03    M    M  6.8 15 280   M    M   0        26 280
25  30  19  25   7  40   0 0.46    M    M  4.7 13 270   M    M   0        22 270
26  35  29  32  14  33   0 0.07    M    M  5.1 14 270   M    M   0        23 270
27  41  28  35  17  30   0 0.00  0.0    M  1.9 12 240   M    M   0        19 240
28  40  32  36  19  29   0 0.00  0.0    M  6.9 16 260   M    M   0        34 230
29  36  25  31  14  34   0 0.34    M    M 10.6 18 250   M    M   0        34 230
30  25  -3  11  -5  54   0 0.06    M    M  4.1 16 280   M    M   0        28 280
================================================================================
SM  934  351      1299   0  2.18     0.0 118.5          M        0
================================================================================
AV 31.1 11.7                               4.0 FASTST   M    M   0    MAX(MPH)
                                 MISC ---->  # 18 290               # 34  230
================================================================================
NOTES:
# LAST OF SEVERAL OCCURRENCES

COLUMN 17 PEAK WIND IN M.P.H.

PRELIMINARY LOCAL CLIMATOLOGICAL DATA (WS FORM: F-6) , PAGE 2

                                          STATION:  LAKE YELLOWSTONE WY
                                          MONTH:    NOVEMBER
                                          YEAR:     2014
                                          LATITUDE:   44 32 N
                                          LONGITUDE: 110 25 W

[TEMPERATURE DATA]      [PRECIPITATION DATA]       SYMBOLS USED IN COLUMN 16

AVERAGE MONTHLY: 21.4   TOTAL FOR MONTH:   2.18    1 = FOG OR MIST
DPTR FM NORMAL:  -1.2   DPTR FM NORMAL:    0.10    2 = FOG REDUCING VISIBILITY
HIGHEST:    57 ON  1    GRTST 24HR  0.50 ON 13-14      TO 1/4 MILE OR LESS
LOWEST:    -20 ON 12                               3 = THUNDER
                        SNOW, ICE PELLETS, HAIL    4 = ICE PELLETS
                        TOTAL MONTH:   0.0 INCH    5 = HAIL
                        GRTST 24HR     0.0         6 = FREEZING RAIN OR DRIZZLE
                        GRTST DEPTH:   0           7 = DUSTSTORM OR SANDSTORM:
                                                       VSBY 1/2 MILE OR LESS
                                                   8 = SMOKE OR HAZE
[NO. OF DAYS WITH]      [WEATHER - DAYS WITH]      9 = BLOWING SNOW
                                                   X = TORNADO
MAX 32 OR BELOW:  15    0.01 INCH OR MORE:  15
MAX 90 OR ABOVE:   0    0.10 INCH OR MORE:   7
MIN 32 OR BELOW:  30    0.50 INCH OR MORE:   0
MIN  0 OR BELOW:   8    1.00 INCH OR MORE:   0

[HDD (BASE 65) ]
TOTAL THIS MO.  1299    CLEAR  (SCALE 0-3)  30
DPTR FM NORMAL    27    PTCLDY (SCALE 4-7)   0
TOTAL FM JUL 1  3327    CLOUDY (SCALE 8-10)  0
DPTR FM NORMAL     7

[CDD (BASE 65) ]
TOTAL THIS MO.     0
DPTR FM NORMAL     0    [PRESSURE DATA]
TOTAL FM JAN 1     0    HIGHEST SLP M ON M
DPTR FM NORMAL     0    LOWEST  SLP 29.39 ON 29

[REMARKS]
#FINAL-11-14#




U.S. Dept. of Commerce
NOAA National Weather Service
1325 East West Highway
Silver Spring, MD 20910
E-mail: w-nws.webmaster@noaa.gov
Page last modified: May 16, 2007
NATIONAL WEATHER SERVICE: for Safety, for Work, for Fun - FOR LIFE