350
CXUS55 KRIW 230800
CF6P60
PRELIMINARY LOCAL CLIMATOLOGICAL DATA (WS FORM: F-6)

                                          STATION:   LAKE YELLOWSTONE WY
                                          MONTH:     APRIL
                                          YEAR:      2014
                                          LATITUDE:   44 32 N
                                          LONGITUDE: 110 25 W

  TEMPERATURE IN F:       :PCPN:    SNOW:  WIND      :SUNSHINE: SKY     :PK WND
================================================================================
1   2   3   4   5  6A  6B    7    8   9   10  11  12  13   14  15   16   17  18
                                     12Z  AVG MX 2MIN
DY MAX MIN AVG DEP HDD CDD  WTR  SNW DPTH SPD SPD DIR MIN PSBL S-S WX    SPD DR
================================================================================

 1  36  -6  15 -12  50   0 0.07    M    M  0.6 10 280   M    M   0        15 280
 2  28  11  20  -8  45   0 0.27    M    M  2.1 10 280   M    M   0        18 270
 3  30   6  18 -10  47   0 0.02    M    M  1.1  7 120   M    M   0        10 160
 4  34  -4  15 -13  50   0 0.13    M    M  1.5 10 280   M    M   0        18 280
 5  37  14  26  -2  39   0 0.15    M    M  2.7 16 300   M    M   0        23 280
 6  37   8  23  -6  42   0 0.10    M    M  5.2 17 280   M    M   0        27 300
 7  44   3  24  -5  41   0 0.01    M    M  3.6 15 280   M    M   0        22 280
 8  51  15  33   4  32   0 0.01    M    M  3.1 13 280   M    M   0        23 280
 9  52  19  36   7  29   0 0.09    M    M  3.3 20 280   M    M   0        32 250
10  46  20  33   3  32   0 0.00  0.0    M  2.5 20 270   M    M   0        28 270
11  49  19  34   4  31   0 0.00  0.0    M  3.3 14 280   M    M   0        24 210
12  44  23  34   4  31   0 0.32    M    M  2.4 13 290   M    M   0        18 280
13  30   2  16 -14  49   0 0.11    M    M  4.7 13 330   M    M   0        21  80
14  38  -8  15 -16  50   0 0.00  0.0    M  2.8 15 280   M    M   0        23 290
15  39  15  27  -4  38   0 0.12    M    M  3.8 18 280   M    M   0        30 290
16  37  12  25  -6  40   0 0.00  0.0    M  3.2 16 280   M    M   0        23 260
17  47  13  30  -2  35   0 0.00  0.0    M  2.6 12 270   M    M   0        22 210
18  40  25  33   1  32   0 0.75    M    M  3.8 18 280   M    M   0        32 280
19  49  16  33   1  32   0 0.00  0.0    M  2.2 12 270   M    M   0        20 300
20  49  23  36   4  29   0 0.00  0.0    M  4.1 17 280   M    M   0        23 290
21  47  19  33   0  32   0 0.00  0.0    M  1.6  7  80   M    M   0        12 100
22  53  30  42   9  23   0 0.30    M    M  2.3 18 260   M    M   0        33 260
================================================================================
SM  917  275       829   0  2.45     0.0  62.5          M        0
================================================================================
AV 41.7 12.5                               2.8 FASTST   M    M   0    MAX(MPH)
                                 MISC ---->  # 20 280               # 33  260
================================================================================
NOTES:
# LAST OF SEVERAL OCCURRENCES

COLUMN 17 PEAK WIND IN M.P.H.

PRELIMINARY LOCAL CLIMATOLOGICAL DATA (WS FORM: F-6) , PAGE 2

                                          STATION:  LAKE YELLOWSTONE WY
                                          MONTH:    APRIL
                                          YEAR:     2014
                                          LATITUDE:   44 32 N
                                          LONGITUDE: 110 25 W

[TEMPERATURE DATA]      [PRECIPITATION DATA]       SYMBOLS USED IN COLUMN 16

AVERAGE MONTHLY: 27.1   TOTAL FOR MONTH:   2.45    1 = FOG OR MIST
DPTR FM NORMAL:  -3.0   DPTR FM NORMAL:    0.97    2 = FOG REDUCING VISIBILITY
HIGHEST:    53 ON 22    GRTST 24HR  0.75 ON 18-18      TO 1/4 MILE OR LESS
LOWEST:     -8 ON 14                               3 = THUNDER
                        SNOW, ICE PELLETS, HAIL    4 = ICE PELLETS
                        TOTAL MONTH:   0.0 INCH    5 = HAIL
                        GRTST 24HR     0.0         6 = FREEZING RAIN OR DRIZZLE
                        GRTST DEPTH:  M  ON   M    7 = DUSTSTORM OR SANDSTORM:
                                                       VSBY 1/2 MILE OR LESS
                                                   8 = SMOKE OR HAZE
[NO. OF DAYS WITH]      [WEATHER - DAYS WITH]      9 = BLOWING SNOW
                                                   X = TORNADO
MAX 32 OR BELOW:   3    0.01 INCH OR MORE:  14
MAX 90 OR ABOVE:   0    0.10 INCH OR MORE:   9
MIN 32 OR BELOW:  22    0.50 INCH OR MORE:   1
MIN  0 OR BELOW:   3    1.00 INCH OR MORE:   0

[HDD (BASE 65) ]
TOTAL THIS MO.   829    CLEAR  (SCALE 0-3)  22
DPTR FM NORMAL    61    PTCLDY (SCALE 4-7)   0
TOTAL FM JUL 1 10255    CLOUDY (SCALE 8-10)  0
DPTR FM NORMAL   248

[CDD (BASE 65) ]
TOTAL THIS MO.     0
DPTR FM NORMAL     0    [PRESSURE DATA]
TOTAL FM JAN 1     0    HIGHEST SLP M ON M
DPTR FM NORMAL     0    LOWEST  SLP 29.37 ON 22

[REMARKS]




U.S. Dept. of Commerce
NOAA National Weather Service
1325 East West Highway
Silver Spring, MD 20910
E-mail: w-nws.webmaster@noaa.gov
Page last modified: May 16, 2007
NATIONAL WEATHER SERVICE: for Safety, for Work, for Fun - FOR LIFE