607
CXUS55 KRIW 291907
CF6P60
PRELIMINARY LOCAL CLIMATOLOGICAL DATA (WS FORM: F-6)

                                          STATION:   LAKE YELLOWSTONE WY
                                          MONTH:     JANUARY
                                          YEAR:      2015
                                          LATITUDE:   44 32 N
                                          LONGITUDE: 110 25 W

  TEMPERATURE IN F:       :PCPN:    SNOW:  WIND      :SUNSHINE: SKY     :PK WND
================================================================================
1   2   3   4   5  6A  6B    7    8   9   10  11  12  13   14  15   16   17  18
                                     12Z  AVG MX 2MIN
DY MAX MIN AVG DEP HDD CDD  WTR  SNW DPTH SPD SPD DIR MIN PSBL S-S WX    SPD DR
================================================================================

 1  18 -13   3 -10  62   0 0.00  0.0    M  0.7  5 110   M    M   0         6 100
 2  19  -9   5  -8  60   0 0.03    M    M  0.1  7 230   M    M   0        10 230
 3  17  -1   8  -5  57   0 0.05    M    M  0.7  7 260   M    M   0        10 290
 4  20   9  15   2  50   0 0.28    M    M  4.7 12 260   M    M   0        21 260
 5  30  19  25  12  40   0 0.76    M    M  6.9 17 270   M    M   0        31 250
 6  36  21  29  16  36   0 0.00  0.0    M  1.5  9 250   M    M   0        14 260
 7  32  11  22   9  43   0 0.00  0.0    M  0.3  5 320   M    M   0         6 110
 8  33   8  21   8  44   0 0.00  0.0    M  1.2  8  20   M    M   0        14  20
 9  18  -8   5  -8  60   0 0.00  0.0    M  0.4  6 320   M    M   0         7 320
10  31  10  21   8  44   0 0.00  0.0    M  0.2  6 210   M    M   0         9 230
11  32  23  28  15  37   0 0.04    M    M  0.5  7 280   M    M   0        10 290
12  29   3  16   3  49   0 0.01    M    M  0.1  5 330   M    M   0         7  90
13  23  -4  10  -3  55   0 0.00  0.0    M  0.1  5 120   M    M   0         5 120
14  16  -6   5  -8  60   0 0.00  0.0    M  0.6  5 320   M    M   0         7 320
15  27 -10   9  -4  56   0 0.00  0.0    M  0.3  6 120   M    M   0         7 340
16  28  10  19   6  46   0 0.09    M    M  2.7 12 270   M    M   0        22 240
17  29   1  15   2  50   0 0.08    M    M  1.0  7 250   M    M   0        12 260
18  34  20  27  14  38   0 0.27    M    M  5.8 16 260   M    M   0        31 270
19  27   5  16   3  49   0 0.00  0.0    M  3.5 12 290   M    M   0        21 270
20  24   0  12  -1  53   0 0.00  0.0    M  2.4 12 270   M    M   0        17 270
21  17  -9   4  -9  61   0 0.00  0.0    M  1.2  6 110   M    M   0         7 110
22  21 -14   4  -8  61   0 0.00  0.0    M  0.6  5 280   M    M   0         5 120
23  24   1  13   1  52   0 0.04    M    M  0.7  6  70   M    M   0         7  80
24  29   4  17   5  48   0 0.01    M    M  1.5 14 300   M    M   0        24 290
25  33  22  28  16  37   0 0.01    M    M  0.8  6 250   M    M   0        10 260
26  35   7  21   9  44   0 0.00  0.0    M  0.6  3 300   M    M   0         5 140
27  42   2  22  10  43   0 0.08    M  999  1.1  9 250   M    M   0        17 290
28  35  15  25  13  40   0 0.28    M    M  0.6  9 280   M    M   0        13 270
================================================================================
SM  759  117      1375   0  2.03     0.0  40.8          M        0
================================================================================
AV 27.1  4.2                               1.5 FASTST   M    M   0    MAX(MPH)
                                 MISC ---->  # 17 270               # 31  250
================================================================================
NOTES:
# LAST OF SEVERAL OCCURRENCES

COLUMN 17 PEAK WIND IN M.P.H.

PRELIMINARY LOCAL CLIMATOLOGICAL DATA (WS FORM: F-6) , PAGE 2

                                          STATION:  LAKE YELLOWSTONE WY
                                          MONTH:    JANUARY
                                          YEAR:     2015
                                          LATITUDE:   44 32 N
                                          LONGITUDE: 110 25 W

[TEMPERATURE DATA]      [PRECIPITATION DATA]       SYMBOLS USED IN COLUMN 16

AVERAGE MONTHLY: 15.6   TOTAL FOR MONTH:   2.03    1 = FOG OR MIST
DPTR FM NORMAL:   2.9   DPTR FM NORMAL:    0.04    2 = FOG REDUCING VISIBILITY
HIGHEST:    42 ON 27    GRTST 24HR  0.88 ON  4- 5      TO 1/4 MILE OR LESS
LOWEST:    -14 ON 22                               3 = THUNDER
                        SNOW, ICE PELLETS, HAIL    4 = ICE PELLETS
                        TOTAL MONTH:   0.0 INCH    5 = HAIL
                        GRTST 24HR     0.0         6 = FREEZING RAIN OR DRIZZLE
                        GRTST DEPTH: 999 ON 27     7 = DUSTSTORM OR SANDSTORM:
                                                       VSBY 1/2 MILE OR LESS
                                                   8 = SMOKE OR HAZE
[NO. OF DAYS WITH]      [WEATHER - DAYS WITH]      9 = BLOWING SNOW
                                                   X = TORNADO
MAX 32 OR BELOW:  21    0.01 INCH OR MORE:  14
MAX 90 OR ABOVE:   0    0.10 INCH OR MORE:   4
MIN 32 OR BELOW:  28    0.50 INCH OR MORE:   1
MIN  0 OR BELOW:  10    1.00 INCH OR MORE:   0

[HDD (BASE 65) ]
TOTAL THIS MO.  1375    CLEAR  (SCALE 0-3)  28
DPTR FM NORMAL   -81    PTCLDY (SCALE 4-7)   0
TOTAL FM JUL 1  6150    CLOUDY (SCALE 8-10)  0
DPTR FM NORMAL  -216

[CDD (BASE 65) ]
TOTAL THIS MO.     0
DPTR FM NORMAL     0    [PRESSURE DATA]
TOTAL FM JAN 1     0    HIGHEST SLP M ON M
DPTR FM NORMAL     0    LOWEST  SLP 30.00 ON 11

[REMARKS]




U.S. Dept. of Commerce
NOAA National Weather Service
1325 East West Highway
Silver Spring, MD 20910
E-mail: w-nws.webmaster@noaa.gov
Page last modified: May 16, 2007
NATIONAL WEATHER SERVICE: for Safety, for Work, for Fun - FOR LIFE