390
CXUS53 KDDC 021921
CF6P28
PRELIMINARY LOCAL CLIMATOLOGICAL DATA (WS FORM: F-6)

                                          STATION:   MEDICINE LODGE KS
                                          MONTH:     NOVEMBER
                                          YEAR:      2014
                                          LATITUDE:   37 17 N
                                          LONGITUDE:  98 35 W

  TEMPERATURE IN F:       :PCPN:    SNOW:  WIND      :SUNSHINE: SKY     :PK WND
================================================================================
1   2   3   4   5  6A  6B    7    8   9   10  11  12  13   14  15   16   17  18
                                     12Z  AVG MX 2MIN
DY MAX MIN AVG DEP HDD CDD  WTR  SNW DPTH SPD SPD DIR MIN PSBL S-S WX    SPD DR
================================================================================

 1  57  29  43  -9  22   0 0.00  0.0    0 11.2 22 180   M    M   0        31 160
 2  64  44  54   2  11   0 0.00  0.0    0 14.2 29 180   M    M   0        37 180
 3  65  47  56   5   9   0 0.03  0.0    0 12.0 22 340   M    M   0        29 340
 4  54  40  47  -4  18   0 0.00  0.0    0  4.8 18 360   M    M   0        24 350
 5  70  29  50   0  15   0 0.00  0.0    0  4.6 15  10   M    M   0        18 250
 6  65  39  52   2  13   0 0.00  0.0    0  6.5 17  10   M    M   0        21 360
 7  80  39  60  11   5   0 0.00  0.0    0 11.0 22 220   M    M   0        32 190
 8  62  42  52   3  13   0 0.00  0.0    0 11.9 26 360   M    M   0        37 360
 9  71  35  53   5  12   0 0.00  0.0    0  6.9 13 190   M    M   0        18 210
10  81  30  56   8   9   0 0.00  0.0    0 19.0 44  10   M    M   0        57  10
11  34  21  28 -20  37   0 0.00  0.0    0 17.4 35 360   M    M   0        48 350
12  25  16  21 -26  44   0 0.00  0.0    0 15.4 23 350   M    M   0        29  10
13  32  14  23 -24  42   0 0.01  0.0    0  9.3 20 360   M    M   0        26 360
14  34  15  25 -21  40   0 0.00  0.0    0  7.2 17 180   M    M   0        22 180
15  44  27  36 -10  29   0 0.00  0.0    0 11.5 23 360   M    M   0        31 360
16  29  15  22 -23  43   0 0.23  2.5    2 11.0 24  10   M    M   0        32 360
17  35   9  22 -23  43   0 0.00  0.0    2  6.9 22 320   M    M   0        27 330
18  51   7  29 -15  36   0 0.00  0.0    0  4.2 17 210   M    M   0        23 210
19  53  26  40  -4  25   0 0.00  0.0    0  6.5 17  20   M    M   0        20 360
20  51  23  37  -6  28   0 0.00  0.0    0  6.7 14  90   M    M   0        20  80
21  41  28  35  -8  30   0 0.00  0.0    0  2.8 12  90   M    M   0        14  90
22  58  40  49   7  16   0 0.00  0.0    0  7.2 18 170   M    M   0        26 180
23  57  39  48   6  17   0 0.03  0.0    0 13.7 41 360   M    M   0        56  10
24  56  27  42   1  23   0 0.00  0.0    0 10.9 25 330   M    M   0        34 330
25  51  25  38  -3  27   0 0.00  0.0    0  5.8 17 210   M    M   0        22 200
26  50  26  38  -2  27   0 0.00  0.0    0 14.3 30 330   M    M   0        39 340
27  48  19  34  -6  31   0 0.00  0.0    0  7.9 20 180   M    M   0        26 170
28  64  28  46   6  19   0 0.00  0.0    0  6.9 16 180   M    M   0        21 170
29  78  25  52  13  13   0 0.00  0.0    0  4.9 15 180   M    M   0        19 210
30  51  20  36  -3  29   0 0.00  0.0    0 16.3 30  10   M    M   0        36  10
================================================================================
SM 1611  824       726   0 0.30  2.5     288.9          M        0
================================================================================
AV 53.7 27.5                               9.6 FASTST   M    M   0      MAX(MPH)
                                 MISC ---->    44  10                     57  10
================================================================================
NOTES:
# LAST OF SEVERAL OCCURRENCES

COLUMN 17 PEAK WIND IN M.P.H.

PRELIMINARY LOCAL CLIMATOLOGICAL DATA (WS FORM: F-6) , PAGE 2

                                          STATION:  MEDICINE LODGE KS
                                          MONTH:    NOVEMBER
                                          YEAR:     2014
                                          LATITUDE:   37 17 N
                                          LONGITUDE:  98 35 W

[TEMPERATURE DATA]      [PRECIPITATION DATA]       SYMBOLS USED IN COLUMN 16

AVERAGE MONTHLY: 40.6   TOTAL FOR MONTH:   0.30    1 = FOG OR MIST
DPTR FM NORMAL:  -4.8   DPTR FM NORMAL:   -0.63    2 = FOG REDUCING VISIBILITY
HIGHEST:    81 ON 10    GRTST 24HR  0.23 ON 16-16      TO 1/4 MILE OR LESS
LOWEST:      7 ON 18                               3 = THUNDER
                        SNOW, ICE PELLETS, HAIL    4 = ICE PELLETS
                        TOTAL MONTH:   2.5 INCHES  5 = HAIL
                        GRTST 24HR   2.5 ON 16-16  6 = FREEZING RAIN OR DRIZZLE
                        GRTST DEPTH:   2 ON 17,16  7 = DUSTSTORM OR SANDSTORM:
                                                       VSBY 1/2 MILE OR LESS
                                                   8 = SMOKE OR HAZE
[NO. OF DAYS WITH]      [WEATHER - DAYS WITH]      9 = BLOWING SNOW
                                                   X = TORNADO
MAX 32 OR BELOW:   3    0.01 INCH OR MORE:   4
MAX 90 OR ABOVE:   0    0.10 INCH OR MORE:   1
MIN 32 OR BELOW:  21    0.50 INCH OR MORE:   0
MIN  0 OR BELOW:   0    1.00 INCH OR MORE:   0

[HDD (BASE 65) ]
TOTAL THIS MO.   726
DPTR FM NORMAL   137
TOTAL FM JUL 1   905
DPTR FM NORMAL    47

[CDD (BASE 65) ]
TOTAL THIS MO.     0
DPTR FM NORMAL    -1    [PRESSURE DATA]
TOTAL FM JAN 1  1802    HIGHEST SLP 30.75 ON 13
DPTR FM NORMAL    32    LOWEST  SLP 29.34 ON 23

[REMARKS]
#FINAL-11-14#




U.S. Dept. of Commerce
NOAA National Weather Service
1325 East West Highway
Silver Spring, MD 20910
E-mail: w-nws.webmaster@noaa.gov
Page last modified: May 16, 2007
NATIONAL WEATHER SERVICE: for Safety, for Work, for Fun - FOR LIFE