201
CXUS53 KDDC 261200
CF6P28
PRELIMINARY LOCAL CLIMATOLOGICAL DATA (WS FORM: F-6)

                                          STATION:   MEDICINE LODGE KS
                                          MONTH:     JANUARY
                                          YEAR:      2015
                                          LATITUDE:   37 17 N
                                          LONGITUDE:  98 35 W

  TEMPERATURE IN F:       :PCPN:    SNOW:  WIND      :SUNSHINE: SKY     :PK WND
================================================================================
1   2   3   4   5  6A  6B    7    8   9   10  11  12  13   14  15   16   17  18
                                     12Z  AVG MX 2MIN
DY MAX MIN AVG DEP HDD CDD  WTR  SNW DPTH SPD SPD DIR MIN PSBL S-S WX    SPD DR
================================================================================

 1  30  15  23 -10  42   0 0.00  0.0    0  5.5 10 190   M    M   0        13 180
 2  35  23  29  -4  36   0 0.00  0.0    0  3.1 10 190   M    M   0        13 190
 3  37  14  26  -7  39   0 0.16  0.0    0  7.0 35 360   M    M   0        51 360
 4  20   8  14 -19  51   0 0.00  0.0    0 10.2 32 350   M    M   0        46 350
 5  39   6  23 -10  42   0 0.00  0.0    0  8.4 23 180   M    M   0        30 180
 6  37  23  30  -3  35   0 0.00  0.0    0  7.4 23  10   M    M   0        31  10
 7  24   8  16 -17  49   0 0.01  0.0    0 15.1 31  10   M    M   0        42  20
 8  49   8  29  -4  36   0 0.00  0.0    0 13.5 28  20   M    M   0        35  20
 9  31  20  26  -7  39   0 0.00  0.0    0 10.6 25 360   M    M   0        32 350
10  43  17  30  -3  35   0 0.00  0.0    0 12.7 24 190   M    M   0        32 200
11  34  28  31  -2  34   0 0.00  0.0    0  7.1 15 190   M    M   0        18 200
12  34  18  26  -7  39   0 0.00  0.0    0 15.0 24 360   M    M   0        32 360
13  32  13  23 -10  42   0 0.00  0.0    0  4.1 13  60   M    M   0        15  50
14  39  22  31  -2  34   0 0.01  0.0    0  2.7  8 230   M    M   0        11 270
15  56  17  37   4  28   0 0.00  0.0    0  6.4 16 340   M    M   0        20 340
16  68  22  45  12  20   0 0.00  0.0    0  8.2 20 190   M    M   0        24 190
17  61  25  43  10  22   0 0.00  0.0    0 11.4 30 330   M    M   0        40 330
18  68  26  47  14  18   0 0.00  0.0    0  5.2 18 250   M    M   0        25 240
19  74  30  52  18  13   0 0.00  0.0    0  6.0 20  10   M    M   0        25  20
20  50  33  42   8  23   0 0.06    M    M  5.6 18 360   M    M   0        22 360
21  47  29  38   4  27   0 0.00  0.0    0  5.0 13  40   M    M   0        18  20
22  45  20  33  -1  32   0 0.00  0.0    0  7.9 17  30   M    M   0        22  50
23  53  15  34   0  31   0 0.00  0.0    0  4.6 14 250   M    M   0        19 240
24  65  30  48  14  17   0 0.00  0.0    0  9.3 21 250   M    M   0        28 320
25  55  29  42   8  23   0 0.00  0.0    0 17.9 35 340   M    M   0        48 330
================================================================================
SM 1126  499       807   0  0.24     0.0 209.9          M        0
================================================================================
AV 45.0 20.0                               8.4 FASTST   M    M   0    MAX(MPH)
                                 MISC ---->  # 35 360               # 51  360
================================================================================
NOTES:
# LAST OF SEVERAL OCCURRENCES

COLUMN 17 PEAK WIND IN M.P.H.

PRELIMINARY LOCAL CLIMATOLOGICAL DATA (WS FORM: F-6) , PAGE 2

                                          STATION:  MEDICINE LODGE KS
                                          MONTH:    JANUARY
                                          YEAR:     2015
                                          LATITUDE:   37 17 N
                                          LONGITUDE:  98 35 W

[TEMPERATURE DATA]      [PRECIPITATION DATA]       SYMBOLS USED IN COLUMN 16

AVERAGE MONTHLY: 32.5   TOTAL FOR MONTH:   0.24    1 = FOG OR MIST
DPTR FM NORMAL:  -0.8   DPTR FM NORMAL:   -0.28    2 = FOG REDUCING VISIBILITY
HIGHEST:    74 ON 19    GRTST 24HR  0.16 ON  3- 3      TO 1/4 MILE OR LESS
LOWEST:      6 ON  5                               3 = THUNDER
                        SNOW, ICE PELLETS, HAIL    4 = ICE PELLETS
                        TOTAL MONTH:   0.0 INCH    5 = HAIL
                        GRTST 24HR     0.0         6 = FREEZING RAIN OR DRIZZLE
                        GRTST DEPTH:   0           7 = DUSTSTORM OR SANDSTORM:
                                                       VSBY 1/2 MILE OR LESS
                                                   8 = SMOKE OR HAZE
[NO. OF DAYS WITH]      [WEATHER - DAYS WITH]      9 = BLOWING SNOW
                                                   X = TORNADO
MAX 32 OR BELOW:   5    0.01 INCH OR MORE:   4
MAX 90 OR ABOVE:   0    0.10 INCH OR MORE:   1
MIN 32 OR BELOW:  24    0.50 INCH OR MORE:   0
MIN  0 OR BELOW:   0    1.00 INCH OR MORE:   0

[HDD (BASE 65) ]
TOTAL THIS MO.   807    CLEAR  (SCALE 0-3)  25
DPTR FM NORMAL    13    PTCLDY (SCALE 4-7)   0
TOTAL FM JUL 1  2571    CLOUDY (SCALE 8-10)  0
DPTR FM NORMAL   -22

[CDD (BASE 65) ]
TOTAL THIS MO.     0
DPTR FM NORMAL     0    [PRESSURE DATA]
TOTAL FM JAN 1     0    HIGHEST SLP M ON M
DPTR FM NORMAL     0    LOWEST  SLP 29.73 ON 17

[REMARKS]




U.S. Dept. of Commerce
NOAA National Weather Service
1325 East West Highway
Silver Spring, MD 20910
E-mail: w-nws.webmaster@noaa.gov
Page last modified: May 16, 2007
NATIONAL WEATHER SERVICE: for Safety, for Work, for Fun - FOR LIFE