967
CXUS55 KPAH 252302
CF6OWB
PRELIMINARY LOCAL CLIMATOLOGICAL DATA (WS FORM: F-6)

                                          STATION:   OWENSBORO KY
                                          MONTH:     JULY
                                          YEAR:      2014
                                          LATITUDE:   37 45 N
                                          LONGITUDE:  87 10 W

  TEMPERATURE IN F:       :PCPN:    SNOW:  WIND      :SUNSHINE: SKY     :PK WND
================================================================================
1   2   3   4   5  6A  6B    7    8   9   10  11  12  13   14  15   16   17  18
                                     12Z  AVG MX 2MIN
DY MAX MIN AVG DEP HDD CDD  WTR  SNW DPTH SPD SPD DIR MIN PSBL S-S WX    SPD DR
================================================================================

 1  92  69  81   1   0  16 0.80  0.0    0  9.5 33 320   M    M   4 13     41 320
 2  87  66  77  -3   0  12 0.00  0.0    0  7.9 16 310   M    M   4 1      18 310
 3  74  58  66 -14   0   1 0.00  0.0    0  5.9 14 320   M    M   3        17 310
 4  80  59  70 -10   0   5 0.00  0.0    0  5.6 13  40   M    M   1        17  30
 5  83  56  70 -10   0   5 0.00  0.0    0  5.2 13 110   M    M   0        16  80
 6  87  61  74  -6   0   9 0.00  0.0    0  7.9 18 220   M    M   0        22 210
 7  91  64  78  -2   0  13 0.12  0.0    0 10.4 39 300   M    M   3 3      51 300
 8  86  71  79  -2   0  14 0.01  0.0    0 10.7 21 260   M    M   4 3      25 270
 9  86  65  76  -5   0  11 0.00  0.0    0  4.0 12 290   M    M   3 12     15 310
10  85  67  76  -5   0  11    T  0.0    0  5.4 15 260   M    M   2        19 260
11  89  65  77  -4   0  12 0.00  0.0    0  1.8  7 350   M    M   1         9 290
12  87  70  79  -2   0  14    T  0.0    0  4.8  8 210   M    M   1        12 220
13  96  73  85   4   0  20 0.25  0.0    0  8.6 29 280   M    M   2 13     39 227
14  86  69  78  -3   0  13 0.24  0.0    0  7.5 24 310   M    M   6 1      29 310
15  75  61  68 -12   0   3    T  0.0    0  8.2 17 310   M    M   2        22 310
16  76  54  65 -15   0   0 0.00  0.0    0  4.1 14 340   M    M   2        20 350
17  80  54  67 -13   0   2 0.00  0.0    0  4.5 12  70   M    M   2        15  80
18  76  64  70 -10   0   5 0.00  0.0    0  8.1 15 120   M    M   2        18 150
19  76  62  69 -11   0   4    T  0.0    0  6.2 12  50   M    M   8 1      15  M
20  85  66  76  -4   0  11 0.00  0.0    0  4.4  9  10   M    M   6        11  M
21  89  63  76  -4   0  11 0.00  0.0    0  2.8  9  50   M    M   1 1      12  M
22  94  67  81   1   0  16 0.00  0.0    0  3.5 10 200   M    M   1 18     14  M
23  84  70  77  -3   0  12 0.03  0.0    0  5.7 21 190   M    M   4 13     25 190
24  81  64  73  -7   0   8 0.00  0.0    0  7.2 14  20   M    M   5        18  20
================================================================================
SM 2025 1538         0 228  1.45     0.0 149.9          M       67
================================================================================
AV 84.4 64.1                               6.2 FASTST   M    M   3    MAX(MPH)
                                 MISC ---->  # 39 300               # 51  300
================================================================================
NOTES:
# LAST OF SEVERAL OCCURRENCES

COLUMN 17 PEAK WIND IN M.P.H.

PRELIMINARY LOCAL CLIMATOLOGICAL DATA (WS FORM: F-6) , PAGE 2

                                          STATION:  OWENSBORO KY
                                          MONTH:    JULY
                                          YEAR:     2014
                                          LATITUDE:   37 45 N
                                          LONGITUDE:  87 10 W

[TEMPERATURE DATA]      [PRECIPITATION DATA]       SYMBOLS USED IN COLUMN 16

AVERAGE MONTHLY: 74.2   TOTAL FOR MONTH:   1.45    1 = FOG OR MIST
DPTR FM NORMAL:  -6.1   DPTR FM NORMAL:   -1.37    2 = FOG REDUCING VISIBILITY
HIGHEST:    96 ON 13    GRTST 24HR  0.80 ON  1- 1      TO 1/4 MILE OR LESS
LOWEST:     54 ON 17,16                            3 = THUNDER
                        SNOW, ICE PELLETS, HAIL    4 = ICE PELLETS
                        TOTAL MONTH:   0.0 INCH    5 = HAIL
                        GRTST 24HR     0.0         6 = FREEZING RAIN OR DRIZZLE
                        GRTST DEPTH:   0           7 = DUSTSTORM OR SANDSTORM:
                                                       VSBY 1/2 MILE OR LESS
                                                   8 = SMOKE OR HAZE
[NO. OF DAYS WITH]      [WEATHER - DAYS WITH]      9 = BLOWING SNOW
                                                   X = TORNADO
MAX 32 OR BELOW:   0    0.01 INCH OR MORE:   6
MAX 90 OR ABOVE:   4    0.10 INCH OR MORE:   4
MIN 32 OR BELOW:   0    0.50 INCH OR MORE:   1
MIN  0 OR BELOW:   0    1.00 INCH OR MORE:   0

[HDD (BASE 65) ]
TOTAL THIS MO.     0    CLEAR  (SCALE 0-3)  14
DPTR FM NORMAL     0    PTCLDY (SCALE 4-7)  10
TOTAL FM JUL 1     0    CLOUDY (SCALE 8-10)  0
DPTR FM NORMAL     0

[CDD (BASE 65) ]
TOTAL THIS MO.   228
DPTR FM NORMAL  -143    [PRESSURE DATA]
TOTAL FM JAN 1   802    HIGHEST SLP M ON M
DPTR FM NORMAL  -124    LOWEST  SLP M ON M

[REMARKS]




U.S. Dept. of Commerce
NOAA National Weather Service
1325 East West Highway
Silver Spring, MD 20910
E-mail: w-nws.webmaster@noaa.gov
Page last modified: May 16, 2007
NATIONAL WEATHER SERVICE: for Safety, for Work, for Fun - FOR LIFE