299
CXUS53 KARX 010930
CF6OVS
PRELIMINARY LOCAL CLIMATOLOGICAL DATA (WS FORM: F-6)

                                          STATION:   BOSCOBEL_(ASOS) WI
                                          MONTH:     NOVEMBER
                                          YEAR:      2014
                                          LATITUDE:   43  9 N
                                          LONGITUDE:  90 41 W

  TEMPERATURE IN F:       :PCPN:    SNOW:  WIND      :SUNSHINE: SKY     :PK WND
================================================================================
1   2   3   4   5  6A  6B    7    8   9   10  11  12  13   14  15   16   17  18
                                     12Z  AVG MX 2MIN
DY MAX MIN AVG DEP HDD CDD  WTR  SNW DPTH SPD SPD DIR MIN PSBL S-S WX    SPD DR
================================================================================

 1  46  15  31 -13  34   0 0.00  0.0    0  0.8  5  99   M    M   0 1       M  M
 2  55  21  38  -5  27   0 0.00  0.0    0  5.6 18 210   M    M   2 1      27 210
 3  62  43  53  10  12   0 0.14  0.0    0  6.2 12 220   M    M   3 1      18 220
 4  60  40  50   8  15   0    T  0.0    0  9.7 20 240   M    M   4 1      26 270
 5  53  31  42   0  23   0 0.01  0.0    0  2.1 10 180   M    M   6 18     14 190
 6  46  32  39  -2  26   0 0.01  0.0    0  9.7 20 320   M    M  10 8      29 360
 7  44  26  35  -6  30   0    T  0.0    0  4.4 14 200   M    M   4 18     19 200
 8  47  37  42   2  23   0    T  0.0    0 10.6 24 320   M    M   6        34 330
 9  53  38  46   6  19   0    T  0.0    0  5.8 18 220   M    M   7        23 220
10  60  37  49  10  16   0 0.00  0.0    0  7.3 15  10   M    M   8 18     20  20
11  37  27  32  -7  33   0 0.01    M    M 10.5 21 340   M    M  10 1      30 320
12  29  19  24 -14  41   0    T    M    M  6.5 15 280   M    M   7        19 300
13  31  23  27 -11  38   0    T    T    0  7.7 18 300   M    M  10        24 320
14  29  11  20 -17  45   0    T    T    0  2.9 12 290   M    M   4 18     15 290
15  25   7  16 -21  49   0 0.05    M    0  1.1  6 210   M    M   7 18      7 220
16  28   8  18 -18  47   0    T    T    M  5.4 15 230   M    M   6 18     21 220
17  16   7  12 -24  53   0    T    M    M 10.2 21 280   M    M   7 8      32 260
18  18   7  13 -22  52   0    T    M    M  8.2 17 270   M    M   8 8      25 280
19  27  18  23 -11  42   0    T    M    M  8.0 22 270   M    M   9        31 270
20  24   3  14 -20  51   0 0.00  0.0    M  8.1 21 290   M    M   0 18     29 270
21  34  -2  16 -18  49   0 0.00  0.0    M  5.1 14 200   M    M   2 18     21 200
22  54  34  44  11  21   0 0.00  0.0    M  4.8 14 190   M    M  10 18     21 190
23  54  46  50  18  15   0 0.38  0.0    0  5.7 15 180   M    M  10 128    26 170
24  46  20  33   1  32   0 0.14    M    M  9.9 20 260   M    M  10 1      27 260
25  26   8  17 -14  48   0 0.00  0.0    M  4.2 10 270   M    M   5 18     15 280
26  25   8  17 -14  48   0    M    M    M  2.3  8  30   M    M   7 18     12  40
27  26   6  16 -14  49   0    T    T    M  4.9 16 320   M    M   5 8      21 330
28  28  13  21  -9  44   0    T    M    M  2.9 12 190   M    M   5 18     17 190
29  51  19  35   5  30   0 0.00  0.0    M  3.5 13 210   M    M   0 128    16 210
30  32  16  24  -5  41   0 0.00  0.0    0  8.9 18  10   M    M   4 128    25 340
================================================================================
SM 1166  618      1053   0  0.74    T    183.0          M      176
================================================================================
AV 38.9 20.6                               6.1 FASTST   M    M   6    MAX(MPH)
                                 MISC ---->  # 24 320               # 34  330
================================================================================
NOTES:
# LAST OF SEVERAL OCCURRENCES

COLUMN 17 PEAK WIND IN M.P.H.

PRELIMINARY LOCAL CLIMATOLOGICAL DATA (WS FORM: F-6) , PAGE 2

                                          STATION:  BOSCOBEL_(ASOS) WI
                                          MONTH:    NOVEMBER
                                          YEAR:     2014
                                          LATITUDE:   43  9 N
                                          LONGITUDE:  90 41 W

[TEMPERATURE DATA]      [PRECIPITATION DATA]       SYMBOLS USED IN COLUMN 16

AVERAGE MONTHLY: 29.7   TOTAL FOR MONTH:   0.74    1 = FOG OR MIST
DPTR FM NORMAL:  -6.6   DPTR FM NORMAL:   -1.57    2 = FOG REDUCING VISIBILITY
HIGHEST:    62 ON  3    GRTST 24HR  0.50 ON 23-24      TO 1/4 MILE OR LESS
LOWEST:     -2 ON 21                               3 = THUNDER
                        SNOW, ICE PELLETS, HAIL    4 = ICE PELLETS
                        TOTAL MONTH:    T          5 = HAIL
                        GRTST 24HR    T  ON 27-27  6 = FREEZING RAIN OR DRIZZLE
                        GRTST DEPTH:   0           7 = DUSTSTORM OR SANDSTORM:
                                                       VSBY 1/2 MILE OR LESS
                                                   8 = SMOKE OR HAZE
[NO. OF DAYS WITH]      [WEATHER - DAYS WITH]      9 = BLOWING SNOW
                                                   X = TORNADO
MAX 32 OR BELOW:  14    0.01 INCH OR MORE:   7
MAX 90 OR ABOVE:   0    0.10 INCH OR MORE:   3
MIN 32 OR BELOW:  23    0.50 INCH OR MORE:   0
MIN  0 OR BELOW:   1    1.00 INCH OR MORE:   0

[HDD (BASE 65) ]
TOTAL THIS MO.  1053    CLEAR  (SCALE 0-3)   6
DPTR FM NORMAL   193    PTCLDY (SCALE 4-7)  16
TOTAL FM JUL 1  1631    CLOUDY (SCALE 8-10)  8
DPTR FM NORMAL   113

[CDD (BASE 65) ]
TOTAL THIS MO.     0
DPTR FM NORMAL     0    [PRESSURE DATA]
TOTAL FM JAN 1   726    HIGHEST SLP 30.50 ON 30
DPTR FM NORMAL    90    LOWEST  SLP 29.15 ON 24

[REMARKS]
#FINAL-11-14#




U.S. Dept. of Commerce
NOAA National Weather Service
1325 East West Highway
Silver Spring, MD 20910
E-mail: w-nws.webmaster@noaa.gov
Page last modified: May 16, 2007
NATIONAL WEATHER SERVICE: for Safety, for Work, for Fun - FOR LIFE