249
CXUS53 KARX 280930
CF6OVS
PRELIMINARY LOCAL CLIMATOLOGICAL DATA (WS FORM: F-6)

                                          STATION:   BOSCOBEL_(ASOS) WI
                                          MONTH:     AUGUST
                                          YEAR:      2014
                                          LATITUDE:   43  9 N
                                          LONGITUDE:  90 41 W

  TEMPERATURE IN F:       :PCPN:    SNOW:  WIND      :SUNSHINE: SKY     :PK WND
================================================================================
1   2   3   4   5  6A  6B    7    8   9   10  11  12  13   14  15   16   17  18
                                     12Z  AVG MX 2MIN
DY MAX MIN AVG DEP HDD CDD  WTR  SNW DPTH SPD SPD DIR MIN PSBL S-S WX    SPD DR
================================================================================

 1  88  55  72   0   0   7 0.00  0.0    0  2.7 13 100   M    M   2 12     20 100
 2  89  53  71  -1   0   6 0.00  0.0    0  2.0  8 270   M    M   1 1       M  M
 3  88  59  74   2   0   9 0.00  0.0    0  3.3 15 220   M    M   2 12     19 190
 4  89  61  75   3   0  10 0.45  0.0    0  2.1  9 180   M    M   5 123    16 170
 5  78  63  71  -1   0   6 0.00  0.0    0  1.8  7  30   M    M   8 12      9  80
 6  81  58  70  -2   0   5 0.00  0.0    0  0.9  8 100   M    M   5 12     11 130
 7  85  59  72   0   0   7 0.00  0.0    0  4.0 14 100   M    M   3 12     21 140
 8  87  57  72   0   0   7 0.00  0.0    0  4.0 14 110   M    M   3 1      23 100
 9  87  55  71  -1   0   6 0.00  0.0    0  2.7 10 110   M    M   2 12     15  80
10  84  51  68  -4   0   3 0.00  0.0    0  1.6  8  40   M    M   3 12     12  70
11  83  61  72   0   0   7    T  0.0    0  5.4 20 340   M    M   8 128    29 340
12  80  53  67  -5   0   2 0.00  0.0    0  7.6 15 330   M    M   2        23 310
13  89  53  71   0   0   6 0.00  0.0    0  5.0 10 290   M    M   2 1      17 330
14  81  48  65  -6   0   0 0.00  0.0    0  2.2  7  90   M    M   1 12      M  M
15  83  49  66  -5   0   1 0.00  0.0    0  3.6 12 220   M    M   2 1      18 200
16  89  58  74   3   0   9 0.00  0.0    0  2.2  9 230   M    M   5 128    13 210
17  79  63  71   0   0   6 0.00  0.0    0  2.9  9 100   M    M   8 12     14  20
18  89  63  76   5   0  11 0.44  0.0    0  6.6 17 210   M    M   6 138    24 220
19  85  64  75   4   0  10 0.01  0.0    0  4.8 14 270   M    M   2 13     19 290
20  88  61  75   4   0  10 0.00  0.0    0  2.5 13 240   M    M   4 12     19 240
21  85  68  77   7   0  12 0.93  0.0    0  2.8 14 180   M    M   6 13     22 180
22  93  69  81  11   0  16 0.00  0.0    0  1.2  9 210   M    M   7 128    12 210
23  83  73  78   8   0  13 0.12  0.0    0  2.3 10 230   M    M   7 123    15  40
24  92  69  81  11   0  16 0.00  0.0    0  2.9 10 100   M    M   4 18     16 110
25  88  70  79   9   0  14 0.53  0.0    0  3.4 25 210   M    M   3 13     35 220
26  81  65  73   4   0   8    T  0.0    0  3.2 13  80   M    M   3 3      18  40
27  79  59  69   0   0   4 0.00  0.0    0  1.4  8 320   M    M   4 1      11  10
================================================================================
SM 2303 1617         0 211  2.48     0.0  85.1          M      108
================================================================================
AV 85.3 59.9                               3.2 FASTST   M    M   4    MAX(MPH)
                                 MISC ---->  # 25 210               # 35  220
================================================================================
NOTES:
# LAST OF SEVERAL OCCURRENCES

COLUMN 17 PEAK WIND IN M.P.H.

PRELIMINARY LOCAL CLIMATOLOGICAL DATA (WS FORM: F-6) , PAGE 2

                                          STATION:  BOSCOBEL_(ASOS) WI
                                          MONTH:    AUGUST
                                          YEAR:     2014
                                          LATITUDE:   43  9 N
                                          LONGITUDE:  90 41 W

[TEMPERATURE DATA]      [PRECIPITATION DATA]       SYMBOLS USED IN COLUMN 16

AVERAGE MONTHLY: 72.6   TOTAL FOR MONTH:   2.48    1 = FOG OR MIST
DPTR FM NORMAL:   1.5   DPTR FM NORMAL:   -1.56    2 = FOG REDUCING VISIBILITY
HIGHEST:    93 ON 22    GRTST 24HR  0.93 ON 21-21      TO 1/4 MILE OR LESS
LOWEST:     48 ON 14                               3 = THUNDER
                        SNOW, ICE PELLETS, HAIL    4 = ICE PELLETS
                        TOTAL MONTH:   0.0 INCH    5 = HAIL
                        GRTST 24HR     0.0         6 = FREEZING RAIN OR DRIZZLE
                        GRTST DEPTH:   0           7 = DUSTSTORM OR SANDSTORM:
                                                       VSBY 1/2 MILE OR LESS
                                                   8 = SMOKE OR HAZE
[NO. OF DAYS WITH]      [WEATHER - DAYS WITH]      9 = BLOWING SNOW
                                                   X = TORNADO
MAX 32 OR BELOW:   0    0.01 INCH OR MORE:   6
MAX 90 OR ABOVE:   2    0.10 INCH OR MORE:   5
MIN 32 OR BELOW:   0    0.50 INCH OR MORE:   2
MIN  0 OR BELOW:   0    1.00 INCH OR MORE:   0

[HDD (BASE 65) ]
TOTAL THIS MO.     0    CLEAR  (SCALE 0-3)  13
DPTR FM NORMAL    -5    PTCLDY (SCALE 4-7)  13
TOTAL FM JUL 1     9    CLOUDY (SCALE 8-10)  1
DPTR FM NORMAL    -4

[CDD (BASE 65) ]
TOTAL THIS MO.   211
DPTR FM NORMAL    37    [PRESSURE DATA]
TOTAL FM JAN 1   627    HIGHEST SLP M ON M
DPTR FM NORMAL    67    LOWEST  SLP 29.65 ON 19

[REMARKS]




U.S. Dept. of Commerce
NOAA National Weather Service
1325 East West Highway
Silver Spring, MD 20910
E-mail: w-nws.webmaster@noaa.gov
Page last modified: May 16, 2007
NATIONAL WEATHER SERVICE: for Safety, for Work, for Fun - FOR LIFE