768
CXAK56 PAOT 301209
CF6OTZ

PRELIMINARY LOCAL CLIMATOLOGICAL DATA (WS FORM: F-6)

                                          STATION:   KOTZEBUE
                                          MONTH:     09
                                          YEAR:      2014
                                          LATITUDE:   66 53 N
                                          LONGITUDE: 162 36 W

  TEMPERATURE IN F:       :PCPN:    SNOW:  WIND      :SUNSHINE: SKY     :PK WND
================================================================================
1   2   3   4   5  6A  6B    7     8   9   10  11  12  13   14  15   16  17  18
                                      12Z  AVG MX 2MIN
DY MAX MIN AVG DEP HDD CDD  WTR   SNW DPTH SPD SPD DIR MIN PSBL S-S WX   SPD DR
================================================================================

 1  49  40  45  -3  20   0  0.19  0.0   0 15.0 26  290   M    M   M 1     31 310
 2  45  39  42  -6  23   0  0.04  0.0   0 23.5 35  280   M    M   M       43 290
 3  45  37  41  -7  24   0  0.01  0.0   0  7.0 20  350   M    M   M       25 330
 4  48  36  42  -5  23   0  0.00  0.0   0  6.7 14   80   M    M   M       17  80
 5  50  36  43  -4  22   0  0.00  0.0   0  7.9 14  330   M    M   M       16 330
 6  52  36  44  -3  21   0  0.00  0.0   0  5.2 12   30   M    M   M       13  30
 7  53  37  45  -1  20   0  0.00  0.0   0 12.3 18  140   M    M   M       21 120
 8  58  38  48   2  17   0  0.00  0.0   0 13.7 22   90   M    M   M       26  80
 9  55  46  51   5  14   0  0.05  0.0   0 16.3 24  110   M    M   M       26 110
10  56  49  53   8  12   0     T  0.0   0 12.7 18  110   M    M   M       20 110
11  58  49  54   9  11   0  0.00  0.0   0 15.5 24  100   M    M   M       29 110
12  65  51  58  14   7   0  0.00  0.0   0 19.7 29   80   M    M   M       35 100
13  62  52  57  13   8   0  0.14  0.0   0 13.0 28  110   M    M   M 13    32 110
14  60  50  55  11  10   0  0.03  0.0   0  6.7 16  130   M    M   M 1     18 130
15  56  48  52   9  13   0  0.12  0.0   0  6.0 15  100   M    M   M 1     18 100
16  53  48  51   8  14   0  0.30  0.0   0  7.0 14  150   M    M   M 1     16 150
17  56  46  51   9  14   0     T  0.0   0  6.8 14   90   M    M   M 1     16 100
18  53  44  49   7  16   0  0.00  0.0   0  8.9 16  300   M    M   M       19 300
19  52  39  46   5  19   0  0.00  0.0   0 14.7 22  310   M    M   M       25 300
20  46  37  42   1  23   0  0.00  0.0   0 19.1 24  330   M    M   M       30 330
21  43  36  40   0  25   0  0.01  0.0   0 10.3 23  330   M    M   M       26 330
22  46  38  42   3  23   0  0.27  0.0   0 21.7 32  260   M    M   M 18    37 260
23  42  35  39   0  26   0  0.01    T   0  7.3 22  330   M    M   M       24 330
24  45  41  43   5  22   0  0.02  0.0   0 15.4 23  240   M    M   M       26 250
25  45  37  41   3  24   0  0.01  0.0   0  5.8 13  260   M    M   M       16 250
26  45  34  40   3  25   0  0.00  0.0   0  7.3 20  110   M    M   M       21 110
27  45  32  39   2  26   0  0.39  0.0   0 15.0 23  130   M    M   M 1     27 130
28  47  40  44   8  21   0  0.20  0.0   0 20.8 32  310   M    M   M 1     38 300
29  42  37  40   5  25   0  0.02  0.0   0 24.2 36  280   M    M   M 1     44 300
================================================================================
SM 1472 1188       548   0  1.81     T    365.5           M        M
================================================================================
AV 50.8 41.0                             12.6 FASTST  PSBL  %   M    MAX(MPH)
                                 MISC ---->     36  280                 44 300
================================================================================
NOTES:
# LAST OF SEVERAL OCCURRENCES

COLUMN 17 PEAK WIND IN M.P.H.

PRELIMINARY LOCAL CLIMATOLOGICAL DATA (WS FORM: F-6) , PAGE 2

                                          STATION:   KOTZEBUE
                                          MONTH:     09
                                          YEAR:      2014
                                          LATITUDE:  66 53 N
                                          LONGITUDE: 162 36 W

[TEMPERATURE DATA]      [PRECIPITATION DATA]       SYMBOLS USED IN COLUMN 16

AVERAGE MONTHLY:45.9   TOTAL FOR MONTH: 1.81       1 = FOG
DPTR FM NORMAL:  3.3   DPTR FM NORMAL: 0.28       2 = FOG REDUCING VISIBILITY
HIGHEST:    65 ON 12    GRTST 24HR   0.39 ON 27        TO 1/4 MILE OR LESS
LOWEST:     32 ON 27                               3 = THUNDER
                        SNOW, ICE PELLETS, HAIL    4 = ICE PELLETS
                        TOTAL MONTH:     T         5 = HAIL
                        GRTST 24HR     T ON 23     6 = GLAZE OR RIME
                        GRTST DEPTH:    0          7 = BLOWING DUST OR SAND:
                                                       VSBY 1/2 MILE OR LESS
                                                   8 = SMOKE OR HAZE
[NO. OF DAYS WITH]      [WEATHER - DAYS WITH]      9 = BLOWING SNOW
                                                   X = TORNADO
MAX 32 OR BELOW:   0    0.01 INCH OR MORE:  16
MAX 70 OR ABOVE:   0    0.10 INCH OR MORE:   7
MIN 32 OR BELOW:   1    0.50 INCH OR MORE:   0
MIN  0 OR BELOW:   0    1.00 INCH OR MORE:   0

[HDD (BASE 65) ]
TOTAL THIS MO.   548    CLEAR  (SCALE 0-3)   M
DPTR FM NORMAL  -102    PTCLDY (SCALE 4-7)   M
SEASONAL TOTAL  1108    CLOUDY (SCALE 8-10)  M
DPTR FM NORMAL  -280

[CDD (BASE 65) ]
TOTAL THIS MO.     0
DPTR FM NORMAL     0    [PRESSURE DATA]
SEASONAL TOTAL    19    HIGHEST SLP     M
DPTR FM NORMAL    19    LOWEST  SLP     M

[REMARKS]






U.S. Dept. of Commerce
NOAA National Weather Service
1325 East West Highway
Silver Spring, MD 20910
E-mail: w-nws.webmaster@noaa.gov
Page last modified: May 16, 2007
NATIONAL WEATHER SERVICE: for Safety, for Work, for Fun - FOR LIFE