790
CXAK56 PAOT 301216
CF6OTZ

PRELIMINARY LOCAL CLIMATOLOGICAL DATA (WS FORM: F-6)

                                          STATION:   KOTZEBUE
                                          MONTH:     07
                                          YEAR:      2014
                                          LATITUDE:   66 53 N
                                          LONGITUDE: 162 36 W

  TEMPERATURE IN F:       :PCPN:    SNOW:  WIND      :SUNSHINE: SKY     :PK WND
================================================================================
1   2   3   4   5  6A  6B    7     8   9   10  11  12  13   14  15   16  17  18
                                      12Z  AVG MX 2MIN
DY MAX MIN AVG DEP HDD CDD  WTR   SNW DPTH SPD SPD DIR MIN PSBL S-S WX   SPD DR
================================================================================

 1  58  52  55   3  10   0     T  0.0   0 10.1 18  220   M    M   M       22 220
 2  57  50  54   1  11   0  0.03  0.0   0  9.6 20  210   M    M   M 1     23 200
 3  56  49  53   0  12   0  0.00  0.0   0  4.9 10  240   M    M   M       13 230
 4  63  51  57   4   8   0  0.00  0.0   0  8.5 20  300   M    M   M       23 290
 5  60  50  55   1  10   0  0.00  0.0   0 11.6 21  300   M    M   M 1     23 300
 6  77  57  67  13   0   2     T  0.0   0  7.5 13   20   M    M   M       17  10
 7  80  62  71  17   0   6  0.02  0.0   0  8.8 25  130   M    M   M       30 130
 8  62  56  59   5   6   0  0.08  0.0   0 12.7 21  290   M    M   M 1     23 290
 9  57  52  55   0  10   0  0.00  0.0   0 11.1 21  310   M    M   M 1     25 290
10  67  54  61   6   4   0     T  0.0   0  9.8 21  300   M    M   M       25 310
11  68  58  63   8   2   0  0.01  0.0   0  6.1 17  350   M    M   M       20 360
12  64  49  57   2   8   0     T  0.0   0 11.9 22  280   M    M   M       26 280
13  56  48  52  -3  13   0  0.55  0.0   0  9.8 23  290   M    M   M 1     28 290
14  54  51  53  -2  12   0  0.17  0.0   0 11.8 20  260   M    M   M 1     23 260
15  59  51  55   0  10   0  0.37  0.0   0 12.7 24  210   M    M   M 1     30 210
16  55  51  53  -2  12   0  0.09  0.0   0 12.2 20  200   M    M   M 1     25 200
17  53  44  49  -6  16   0  0.14  0.0   0 16.0 21  300   M    M   M 1     26 280
18  46  42  44 -11  21   0  0.01  0.0   0 14.3 22  310   M    M   M 1     31 290
19  53  43  48  -7  17   0  0.47  0.0   0 15.9 28  300   M    M   M 1     35 310
20  52  41  47  -8  18   0  0.11  0.0   0 15.9 25  170   M    M   M 1     30 160
21  52  46  49  -6  16   0  0.14  0.0   0 10.9 24  170   M    M   M 1     30 170
22  51  42  47  -8  18   0  0.04  0.0   0 15.7 26  290   M    M   M       31 290
23  51  42  47  -8  18   0  0.18  0.0   0 11.8 22  260   M    M   M 1     26 270
24  50  43  47  -8  18   0     T  0.0   0 19.4 30  300   M    M   M       36 300
25  49  41  45 -10  20   0  0.00  0.0   0 16.8 23  300   M    M   M       27 290
26  55  45  50  -5  15   0  0.00  0.0   0  5.9 14  270   M    M   M       16 310
27  54  47  51  -4  14   0  0.17  0.0   0  9.9 21  100   M    M   M 1     24 110
28  62  48  55   0  10   0     T  0.0   0 11.4 22  300   M    M   M 1     24 300
29  59  53  56   1   9   0  0.00  0.0   0 10.1 20  290   M    M   M       22 290
================================================================================
SM 1680 1418       338   8  2.58 0.0    333.1           M        M
================================================================================
AV 57.9 48.9                             11.5 FASTST  PSBL  %   M    MAX(MPH)
                                 MISC ---->     30  300                 36 300
================================================================================
NOTES:
# LAST OF SEVERAL OCCURRENCES

COLUMN 17 PEAK WIND IN M.P.H.

PRELIMINARY LOCAL CLIMATOLOGICAL DATA (WS FORM: F-6) , PAGE 2

                                          STATION:   KOTZEBUE
                                          MONTH:     07
                                          YEAR:      2014
                                          LATITUDE:  66 53 N
                                          LONGITUDE: 162 36 W

[TEMPERATURE DATA]      [PRECIPITATION DATA]       SYMBOLS USED IN COLUMN 16

AVERAGE MONTHLY:53.4   TOTAL FOR MONTH: 2.58       1 = FOG
DPTR FM NORMAL: -1.2   DPTR FM NORMAL: 1.26       2 = FOG REDUCING VISIBILITY
HIGHEST:    80 ON  7    GRTST 24HR   0.55 ON 13        TO 1/4 MILE OR LESS
LOWEST:     41 ON 25                               3 = THUNDER
                        SNOW, ICE PELLETS, HAIL    4 = ICE PELLETS
                        TOTAL MONTH: 0.0         5 = HAIL
                        GRTST 24HR   0.0           6 = GLAZE OR RIME
                        GRTST DEPTH:    0          7 = BLOWING DUST OR SAND:
                                                       VSBY 1/2 MILE OR LESS
                                                   8 = SMOKE OR HAZE
[NO. OF DAYS WITH]      [WEATHER - DAYS WITH]      9 = BLOWING SNOW
                                                   X = TORNADO
MAX 32 OR BELOW:   0    0.01 INCH OR MORE:  16
MAX 70 OR ABOVE:   2    0.10 INCH OR MORE:   9
MIN 32 OR BELOW:   0    0.50 INCH OR MORE:   1
MIN  0 OR BELOW:   0    1.00 INCH OR MORE:   0

[HDD (BASE 65) ]
TOTAL THIS MO.   338    CLEAR  (SCALE 0-3)   M
DPTR FM NORMAL    33    PTCLDY (SCALE 4-7)   M
SEASONAL TOTAL   338    CLOUDY (SCALE 8-10)  M
DPTR FM NORMAL    33

[CDD (BASE 65) ]
TOTAL THIS MO.     8
DPTR FM NORMAL     8    [PRESSURE DATA]
SEASONAL TOTAL     8    HIGHEST SLP     M
DPTR FM NORMAL     8    LOWEST  SLP     M

[REMARKS]






U.S. Dept. of Commerce
NOAA National Weather Service
1325 East West Highway
Silver Spring, MD 20910
E-mail: w-nws.webmaster@noaa.gov
Page last modified: May 16, 2007
NATIONAL WEATHER SERVICE: for Safety, for Work, for Fun - FOR LIFE