401
CXUS56 KOTX 241500
CF6OTX
PRELIMINARY LOCAL CLIMATOLOGICAL DATA (WS FORM: F-6)

                                          STATION:   SPOKANE  WA WFO
                                          MONTH:     APRIL
                                          YEAR:      2014
                                          LATITUDE:   47 40 N
                                          LONGITUDE: 117 38 W

  TEMPERATURE IN F:       :PCPN:    SNOW:  WIND      :SUNSHINE: SKY     :PK WND
================================================================================
1   2   3   4   5  6A  6B    7    8   9   10  11  12  13   14  15   16   17  18
                                     12Z  AVG MX 2MIN
DY MAX MIN AVG DEP HDD CDD  WTR  SNW DPTH SPD SPD DIR MIN PSBL S-S WX    SPD DR
================================================================================

 1  56  29  43   0  22   0 0.00  0.0    0   M   M   M 725   94   0         0   0
 2  56  25  41  -2  24   0 0.00  0.0    0   M   M   M   0    0   0         0   0
 3  54  29  42  -2  23   0 0.01  0.0    0   M   M   M 570   73   0         0   0
 4  52  34  43  -1  22   0 0.10    T    0   M   M   M 322   41   0 4       0   0
 5  53  31  42  -2  23   0 0.02  0.0    0   M   0   0 475   61   0         0   0
 6  61  37  49   5  16   0 0.00  0.0    0   M   M   M 717   91   0         M  M
 7  65  36  51   7  14   0 0.00  0.0    0   M   M   M 691   87   M         M  M
 8  71  35  53   9  12   0 0.00  0.0    0   M   M   M 647   81   M         M  M
 9  59  36  48   3  17   0    T  0.0    0   M   M   M 764   96   M         M  M
10  60  29  45   0  20   0 0.00  0.0    0   M   M   M 742   93   M         M  M
11  64  30  47   2  18   0 0.00  0.0    0   M   M   M 700   87   M         M  M
12  60  29  45   0  20   0    T  0.0    0   M   M   M 632   78   M         M  M
13  56  25  41  -4  24   0 0.00  0.0    0   M   M   M 750   92   0         M  M
14  63  29  46   0  19   0 0.00  0.0    0   M   M   M 643   79   M         M  M
15  59  32  46   0  19   0    T  0.0    0   M   M   M 538   66   M         M  M
16  51  35  43  -3  22   0 0.12  0.0    0   M   M   M  19    2   M         M  M
17  50  43  47   1  18   0 0.37  0.0    0   M   M   M   0    0   M         M  M
18  54  33  44  -2  21   0 0.00  0.0    0   M   M   M 765   92   M         M  M
19  63  30  47   1  18   0    T  0.0    0   M   M   M 672   81   M         M  M
20  56  34  45  -2  20   0 0.00  0.0    0   M   M   M 754   90   M         M  M
21  58  34  46  -1  19   0 0.00  0.0    0   M   M   M 235   28   0         0   0
22  51  34  43  -4  22   0 0.13  0.0    0   M   M   M 131   16   0 1       0   0
23  54  32  43  -4  22   0 0.03    T    0   M   M   M 248   29   0 1       0   0
================================================================================
SM 1326  741       455   0  0.78    T        M        11740      0
================================================================================
AV 57.7 32.2                                 M FASTST  510  63   0    MAX(MPH)
                                 MISC ---->  #  0   0               #  0    0
================================================================================
NOTES:
# LAST OF SEVERAL OCCURRENCES

COLUMN 17 PEAK WIND IN M.P.H.

PRELIMINARY LOCAL CLIMATOLOGICAL DATA (WS FORM: F-6) , PAGE 2

                                          STATION:  SPOKANE  WA WFO
                                          MONTH:    APRIL
                                          YEAR:     2014
                                          LATITUDE:   47 40 N
                                          LONGITUDE: 117 38 W

[TEMPERATURE DATA]      [PRECIPITATION DATA]       SYMBOLS USED IN COLUMN 16

AVERAGE MONTHLY: 44.9   TOTAL FOR MONTH:   0.78    1 = FOG OR MIST
DPTR FM NORMAL:  -0.2   DPTR FM NORMAL:   -0.20    2 = FOG REDUCING VISIBILITY
HIGHEST:    71 ON  8    GRTST 24HR  0.37 ON 17-17      TO 1/4 MILE OR LESS
LOWEST:     25 ON 13, 2                            3 = THUNDER
                        SNOW, ICE PELLETS, HAIL    4 = ICE PELLETS
                        TOTAL MONTH:    T          5 = HAIL
                        GRTST 24HR    T  ON 23-23  6 = FREEZING RAIN OR DRIZZLE
                        GRTST DEPTH:   0           7 = DUSTSTORM OR SANDSTORM:
                                                       VSBY 1/2 MILE OR LESS
                                                   8 = SMOKE OR HAZE
[NO. OF DAYS WITH]      [WEATHER - DAYS WITH]      9 = BLOWING SNOW
                                                   X = TORNADO
MAX 32 OR BELOW:   0    0.01 INCH OR MORE:   7
MAX 90 OR ABOVE:   0    0.10 INCH OR MORE:   4
MIN 32 OR BELOW:  12    0.50 INCH OR MORE:   0
MIN  0 OR BELOW:   0    1.00 INCH OR MORE:   0

[HDD (BASE 65) ]
TOTAL THIS MO.   455    CLEAR  (SCALE 0-3)  10
DPTR FM NORMAL     0    PTCLDY (SCALE 4-7)   0
TOTAL FM JUL 1  6597    CLOUDY (SCALE 8-10)  0
DPTR FM NORMAL   134

[CDD (BASE 65) ]
TOTAL THIS MO.     0
DPTR FM NORMAL     0    [PRESSURE DATA]
TOTAL FM JAN 1     0    HIGHEST SLP M ON M
DPTR FM NORMAL     0    LOWEST  SLP  0.00 ON M

[REMARKS]




U.S. Dept. of Commerce
NOAA National Weather Service
1325 East West Highway
Silver Spring, MD 20910
E-mail: w-nws.webmaster@noaa.gov
Page last modified: May 16, 2007
NATIONAL WEATHER SERVICE: for Safety, for Work, for Fun - FOR LIFE