980
CXUS53 KDMX 220920
CF6OTM
PRELIMINARY LOCAL CLIMATOLOGICAL DATA (WS FORM: F-6)

                                          STATION:   OTTUMWA IA
                                          MONTH:     APRIL
                                          YEAR:      2014
                                          LATITUDE:   41  6 N
                                          LONGITUDE:  92 27 W

  TEMPERATURE IN F:       :PCPN:    SNOW:  WIND      :SUNSHINE: SKY     :PK WND
================================================================================
1   2   3   4   5  6A  6B    7    8   9   10  11  12  13   14  15   16   17  18
                                     12Z  AVG MX 2MIN
DY MAX MIN AVG DEP HDD CDD  WTR  SNW DPTH SPD SPD DIR MIN PSBL S-S WX    SPD DR
================================================================================

 1  49  26  38  -7  27   0 0.00  0.0    0 13.7 29 290   M    M   5        36 290
 2  48  33  41  -5  24   0 0.01  0.0    0 14.6 23 100   M    M   8 13     32 100
 3  45  39  42  -4  23   0 0.16    M    M 12.7 31 110   M    M   8 123    37 100
 4  42  31  37 -10  28   0 0.01    M    0 18.5 35 310   M    M  10 1      43 310
 5  55  24  40  -7  25   0 0.00  0.0    0  5.8 13 180   M    M   1 1      18 180
 6  62  37  50   3  15   0 0.00  0.0    0  7.5 17 190   M    M   6        22 180
 7  64  37  51   3  14   0 0.01  0.0    0  9.2 26 340   M    M   4        32 350
 8  60  34  47  -1  18   0 0.00  0.0    0 15.1 26 330   M    M   2        38 320
 9  72  28  50   2  15   0 0.00  0.0    0 12.5 28 190   M    M   0        35 200
10  65  44  55   6  10   0 0.00  0.0    0 11.7 26 340   M    M   0        30 350
11  75  37  56   7   9   0 0.00  0.0    0  8.3 20 250   M    M   0        26 230
12  84  56  70  20   0   5    T  0.0    0 14.7 24 200   M    M   3 3      41 280
13  66  39  53   3  12   0 1.29  0.0    0 16.4 33 360   M    M   8 13     41 360
14  39  27  33 -17  32   0 0.01    M    0 21.6 36 340   M    M   8 1      44 340
15  45  22  34 -17  31   0 0.00  0.0    0  8.4 18 290   M    M   2        23 280
16  62  37  50  -1  15   0 0.00    M    M 20.7 38 170   M    M   2        47 170
17  52  36  44  -8  21   0 0.00  0.0    0 11.5 21 280   M    M   5        25 300
18  65  30  48  -4  17   0 0.00  0.0    0  6.9 15 180   M    M   0 18     19 180
19  76  42  59   7   6   0 0.00  0.0    0 13.6 25 180   M    M   0 8      37 180
20  82  54  68  15   0   3 0.00  0.0    0 12.3 23 200   M    M   0        28 180
21  71  49  60   7   5   0 0.16    M    0 11.0 26 340   M    M   6 13     31 330
================================================================================
SM 1279  762       347   8  1.65     0.0 266.7          M       78
================================================================================
AV 60.9 36.3                              12.7 FASTST   M    M   4    MAX(MPH)
                                 MISC ---->  # 38 170               # 47  170
================================================================================
NOTES:
# LAST OF SEVERAL OCCURRENCES

COLUMN 17 PEAK WIND IN M.P.H.

PRELIMINARY LOCAL CLIMATOLOGICAL DATA (WS FORM: F-6) , PAGE 2

                                          STATION:  OTTUMWA IA
                                          MONTH:    APRIL
                                          YEAR:     2014
                                          LATITUDE:   41  6 N
                                          LONGITUDE:  92 27 W

[TEMPERATURE DATA]      [PRECIPITATION DATA]       SYMBOLS USED IN COLUMN 16

AVERAGE MONTHLY: 48.6   TOTAL FOR MONTH:   1.65    1 = FOG OR MIST
DPTR FM NORMAL:  -0.6   DPTR FM NORMAL:   -0.56    2 = FOG REDUCING VISIBILITY
HIGHEST:    84 ON 12    GRTST 24HR  1.30 ON 13-14      TO 1/4 MILE OR LESS
LOWEST:     22 ON 15                               3 = THUNDER
                        SNOW, ICE PELLETS, HAIL    4 = ICE PELLETS
                        TOTAL MONTH:   0.0 INCH    5 = HAIL
                        GRTST 24HR     0.0         6 = FREEZING RAIN OR DRIZZLE
                        GRTST DEPTH:   0           7 = DUSTSTORM OR SANDSTORM:
                                                       VSBY 1/2 MILE OR LESS
                                                   8 = SMOKE OR HAZE
[NO. OF DAYS WITH]      [WEATHER - DAYS WITH]      9 = BLOWING SNOW
                                                   X = TORNADO
MAX 32 OR BELOW:   0    0.01 INCH OR MORE:   7
MAX 90 OR ABOVE:   0    0.10 INCH OR MORE:   3
MIN 32 OR BELOW:   7    0.50 INCH OR MORE:   1
MIN  0 OR BELOW:   0    1.00 INCH OR MORE:   1

[HDD (BASE 65) ]
TOTAL THIS MO.   347    CLEAR  (SCALE 0-3)  11
DPTR FM NORMAL     9    PTCLDY (SCALE 4-7)   8
TOTAL FM JUL 1  6838    CLOUDY (SCALE 8-10)  2
DPTR FM NORMAL   804

[CDD (BASE 65) ]
TOTAL THIS MO.     8
DPTR FM NORMAL     7    [PRESSURE DATA]
TOTAL FM JAN 1     8    HIGHEST SLP M ON M
DPTR FM NORMAL     6    LOWEST  SLP 29.48 ON 12

[REMARKS]




U.S. Dept. of Commerce
NOAA National Weather Service
1325 East West Highway
Silver Spring, MD 20910
E-mail: w-nws.webmaster@noaa.gov
Page last modified: May 16, 2007
NATIONAL WEATHER SERVICE: for Safety, for Work, for Fun - FOR LIFE