737
CXUS53 KDMX 300920
CF6OTM
PRELIMINARY LOCAL CLIMATOLOGICAL DATA (WS FORM: F-6)

                                          STATION:   OTTUMWA IA
                                          MONTH:     JANUARY
                                          YEAR:      2015
                                          LATITUDE:   41  6 N
                                          LONGITUDE:  92 27 W

  TEMPERATURE IN F:       :PCPN:    SNOW:  WIND      :SUNSHINE: SKY     :PK WND
================================================================================
1   2   3   4   5  6A  6B    7    8   9   10  11  12  13   14  15   16   17  18
                                     12Z  AVG MX 2MIN
DY MAX MIN AVG DEP HDD CDD  WTR  SNW DPTH SPD SPD DIR MIN PSBL S-S WX    SPD DR
================================================================================

 1  34  14  24   1  41   0 0.00  0.0    M 12.7 21 230   M    M   0        24 240
 2  36  13  25   2  40   0    T    M    M  4.6 12 150   M    M   4 8      15 140
 3  37  28  33  10  32   0 0.01    M    M  3.9 24 320   M    M   9 128    30 320
 4  28   2  15  -8  50   0 0.02    M    M 19.1 30 310   M    M   5 18     39 300
 5  10  -3   4 -19  61   0 0.05    M    M  8.9 16 150   M    M   6 1      20 160
 6  14  -6   4 -18  61   0    T    M    M 11.9 36 320   M    M   5 19     42 320
 7   8 -13  -2 -24  67   0 0.00  0.0    M 18.7 33 330   M    M   4 89     40 330
 8  24 -13   6 -16  59   0    T    M    M 19.4 37 310   M    M   6 89     48 310
 9  12   0   6 -16  59   0    T    M    M 13.8 30 330   M    M   3        39 330
10  30  -4  13  -9  52   0 0.00  0.0    M 12.1 24 200   M    M   1        31 200
11  34  18  26   4  39   0    T    M    M  7.4 15 350   M    M   3 12     18 220
12  22  -4   9 -13  56   0 0.00  0.0    M 13.1 21 340   M    M   1        24 340
13  20  -8   6 -16  59   0 0.00  0.0    M  5.3  9 360   M    M   1        11 360
14  32  12  22   0  43   0 0.00  0.0    M  6.6 13 340   M    M   6 18     17 230
15  42  16  29   7  36   0 0.00  0.0    M  8.5 16 250   M    M   0 18     19 270
16  51  20  36  14  29   0 0.00  0.0    M 10.4 21 210   M    M   0 1      27 210
17  50  35  43  21  22   0 0.01  0.0    M 16.1 28 300   M    M   4        41 290
18  47  26  37  15  28   0 0.00  0.0    M  7.1 14 300   M    M   0        19 270
19  49  22  36  14  29   0 0.01    M    M  6.9 14 210   M    M   3        16 180
20  48  29  39  17  26   0 0.00  0.0    M  7.8 14 330   M    M   4        18 290
21  40  31  36  14  29   0 0.00  0.0    M 12.7 21 290   M    M  10        27 300
22  33  28  31   9  34   0 0.00  0.0    M  6.4 16 330   M    M  10        19 330
23  44  20  32  10  33   0 0.00  0.0    M  9.1 16 210   M    M   3        19 210
24  53  27  40  18  25   0 0.01    M    M  8.8 17 240   M    M   1        21 240
25  41  28  35  13  30   0 0.27    M    M  9.6 24  40   M    M  10 1      31  50
26  49  26  38  15  27   0    T    M    M 10.1 21 310   M    M   7        27 310
27  39  27  33  10  32   0 0.00  0.0    M  8.9 16 140   M    M   3 1      19 140
28  46  28  37  14  28   0 0.00  0.0    M 13.8 23 160   M    M   3 1      30 170
29  36  25  31   8  34   0 0.00  0.0    M 21.9 31 330   M    M   9 1      42 320
================================================================================
SM 1009  424      1161   0  0.38     0.0 315.6          M      121
================================================================================
AV 34.8 14.6                              10.9 FASTST   M    M   4    MAX(MPH)
                                 MISC ---->  # 37 310               # 48  310
================================================================================
NOTES:
# LAST OF SEVERAL OCCURRENCES

COLUMN 17 PEAK WIND IN M.P.H.

PRELIMINARY LOCAL CLIMATOLOGICAL DATA (WS FORM: F-6) , PAGE 2

                                          STATION:  OTTUMWA IA
                                          MONTH:    JANUARY
                                          YEAR:     2015
                                          LATITUDE:   41  6 N
                                          LONGITUDE:  92 27 W

[TEMPERATURE DATA]      [PRECIPITATION DATA]       SYMBOLS USED IN COLUMN 16

AVERAGE MONTHLY: 24.7   TOTAL FOR MONTH:   0.38    1 = FOG OR MIST
DPTR FM NORMAL:   2.4   DPTR FM NORMAL:   -0.46    2 = FOG REDUCING VISIBILITY
HIGHEST:    53 ON 24    GRTST 24HR  0.28 ON 24-25      TO 1/4 MILE OR LESS
LOWEST:    -13 ON  8, 7                            3 = THUNDER
                        SNOW, ICE PELLETS, HAIL    4 = ICE PELLETS
                        TOTAL MONTH:   0.0 INCH    5 = HAIL
                        GRTST 24HR     0.0         6 = FREEZING RAIN OR DRIZZLE
                        GRTST DEPTH:  M  ON   M    7 = DUSTSTORM OR SANDSTORM:
                                                       VSBY 1/2 MILE OR LESS
                                                   8 = SMOKE OR HAZE
[NO. OF DAYS WITH]      [WEATHER - DAYS WITH]      9 = BLOWING SNOW
                                                   X = TORNADO
MAX 32 OR BELOW:  10    0.01 INCH OR MORE:   7
MAX 90 OR ABOVE:   0    0.10 INCH OR MORE:   1
MIN 32 OR BELOW:  28    0.50 INCH OR MORE:   0
MIN  0 OR BELOW:   8    1.00 INCH OR MORE:   0

[HDD (BASE 65) ]
TOTAL THIS MO.  1161    CLEAR  (SCALE 0-3)  14
DPTR FM NORMAL   -75    PTCLDY (SCALE 4-7)  10
TOTAL FM JUL 1  3712    CLOUDY (SCALE 8-10)  5
DPTR FM NORMAL   -29

[CDD (BASE 65) ]
TOTAL THIS MO.     0
DPTR FM NORMAL     0    [PRESSURE DATA]
TOTAL FM JAN 1     0    HIGHEST SLP M ON M
DPTR FM NORMAL     0    LOWEST  SLP 29.55 ON 25

[REMARKS]




U.S. Dept. of Commerce
NOAA National Weather Service
1325 East West Highway
Silver Spring, MD 20910
E-mail: w-nws.webmaster@noaa.gov
Page last modified: May 16, 2007
NATIONAL WEATHER SERVICE: for Safety, for Work, for Fun - FOR LIFE