072
CXUS53 KDMX 300920
CF6OTM
PRELIMINARY LOCAL CLIMATOLOGICAL DATA (WS FORM: F-6)

                                          STATION:   OTTUMWA IA
                                          MONTH:     SEPTEMBER
                                          YEAR:      2014
                                          LATITUDE:   41  6 N
                                          LONGITUDE:  92 27 W

  TEMPERATURE IN F:       :PCPN:    SNOW:  WIND      :SUNSHINE: SKY     :PK WND
================================================================================
1   2   3   4   5  6A  6B    7    8   9   10  11  12  13   14  15   16   17  18
                                     12Z  AVG MX 2MIN
DY MAX MIN AVG DEP HDD CDD  WTR  SNW DPTH SPD SPD DIR MIN PSBL S-S WX    SPD DR
================================================================================

 1  81  65  73   3   0   8 0.06  0.0    0  9.0 28  90   M    M   5 13     32  90
 2  79  59  69  -1   0   4 0.00  0.0    0  4.6 13 310   M    M   0 12     17 270
 3  83  60  72   2   0   7 0.00  0.0    0  9.7 17 150   M    M   0 3      24 180
 4  91  71  81  12   0  16 0.00  0.0    0 11.4 22 190   M    M   0 3      30 190
 5  80  56  68  -1   0   3 0.55  0.0    0 10.1 24 330   M    M   6 138    31 290
 6  73  51  62  -6   3   0 0.00  0.0    0  6.0 14 350   M    M   0 1      18  10
 7  75  49  62  -6   3   0 0.00  0.0    0  3.8 13 140   M    M   1 1      17 140
 8  79  51  65  -3   0   0 0.11  0.0    0  8.3 29 160   M    M   3 3      36 150
 9  72  64  68   1   0   3 2.20  0.0    0 13.4 24 140   M    M   7 3      30  12
10  73  52  63  -4   2   0 0.79  0.0    0 13.2 25 330   M    M  10 1      29 320
11  58  48  53 -13  12   0 0.00  0.0    0  9.2 18 350   M    M   9        22 340
12  53  39  46 -20  19   0 0.16  0.0    0  8.9 18 360   M    M   8 1      23  10
13  60  36  48 -18  17   0 0.00  0.0    0  4.2 10 190   M    M   2 12     13 180
14  68  41  55 -10  10   0 0.00  0.0    0  5.6 10 180   M    M   3        16 150
15  64  45  55 -10  10   0 0.29  0.0    0  6.9 23 340   M    M   8 13     27 330
16  66  39  53 -11  12   0 0.00  0.0    0  2.8  8 160   M    M   1 12     12 160
17  72  47  60  -4   5   0 0.00  0.0    0  5.4  9 160   M    M   4        13 150
18  72  45  59  -5   6   0 0.00  0.0    0  6.2 17 140   M    M   1 12     20 140
19  76  50  63   0   2   0 0.00  0.0    0 10.5 20 170   M    M   0        28 180
20  81  62  72   9   0   7    T  0.0    0 10.3 28 320   M    M   3 1      36 340
21  70  49  60  -2   5   0 0.00  0.0    0 12.7 28 330   M    M   1        34 310
22  71  42  57  -5   8   0 0.00  0.0    0  4.4  8 290   M    M   0 128    10 310
23  73  47  60  -1   5   0    T  0.0    0  7.5 14 130   M    M   1        19 150
24  73  59  66   5   0   1    T  0.0    0  6.1 13 160   M    M   4        18 160
25  78  60  69   9   0   4 0.00  0.0    0  4.4 12 140   M    M   7        16 150
26  82  55  69   9   0   4 0.00  0.0    0  5.2 12 170   M    M   3        17 150
27  81  57  69   9   0   4 0.00  0.0    0  6.0 15 130   M    M   1 1      19 140
28  82  55  69  10   0   4 0.00  0.0    0  2.0  9 190   M    M   0 18     13 230
29  83  53  68   9   0   3 0.00  0.0    0  4.4 14  10   M    M   1 128    17  20
================================================================================
SM 2149 1507       119  68  4.16     0.0 212.2          M       89
================================================================================
AV 74.1 52.0                               7.3 FASTST   M    M   3    MAX(MPH)
                                 MISC ---->  # 29 160               # 36  150
================================================================================
NOTES:
# LAST OF SEVERAL OCCURRENCES

COLUMN 17 PEAK WIND IN M.P.H.

PRELIMINARY LOCAL CLIMATOLOGICAL DATA (WS FORM: F-6) , PAGE 2

                                          STATION:  OTTUMWA IA
                                          MONTH:    SEPTEMBER
                                          YEAR:     2014
                                          LATITUDE:   41  6 N
                                          LONGITUDE:  92 27 W

[TEMPERATURE DATA]      [PRECIPITATION DATA]       SYMBOLS USED IN COLUMN 16

AVERAGE MONTHLY: 63.0   TOTAL FOR MONTH:   4.16    1 = FOG OR MIST
DPTR FM NORMAL:  -1.7   DPTR FM NORMAL:    0.47    2 = FOG REDUCING VISIBILITY
HIGHEST:    91 ON  4    GRTST 24HR  2.20 ON  9- 9      TO 1/4 MILE OR LESS
LOWEST:     36 ON 13                               3 = THUNDER
                        SNOW, ICE PELLETS, HAIL    4 = ICE PELLETS
                        TOTAL MONTH:   0.0 INCH    5 = HAIL
                        GRTST 24HR     0.0         6 = FREEZING RAIN OR DRIZZLE
                        GRTST DEPTH:   0           7 = DUSTSTORM OR SANDSTORM:
                                                       VSBY 1/2 MILE OR LESS
                                                   8 = SMOKE OR HAZE
[NO. OF DAYS WITH]      [WEATHER - DAYS WITH]      9 = BLOWING SNOW
                                                   X = TORNADO
MAX 32 OR BELOW:   0    0.01 INCH OR MORE:   7
MAX 90 OR ABOVE:   1    0.10 INCH OR MORE:   6
MIN 32 OR BELOW:   0    0.50 INCH OR MORE:   3
MIN  0 OR BELOW:   0    1.00 INCH OR MORE:   1

[HDD (BASE 65) ]
TOTAL THIS MO.   119    CLEAR  (SCALE 0-3)  17
DPTR FM NORMAL    18    PTCLDY (SCALE 4-7)  10
TOTAL FM JUL 1   132    CLOUDY (SCALE 8-10)  2
DPTR FM NORMAL    20

[CDD (BASE 65) ]
TOTAL THIS MO.    68
DPTR FM NORMAL   -23    [PRESSURE DATA]
TOTAL FM JAN 1   800    HIGHEST SLP M ON M
DPTR FM NORMAL  -125    LOWEST  SLP 29.51 ON 10

[REMARKS]




U.S. Dept. of Commerce
NOAA National Weather Service
1325 East West Highway
Silver Spring, MD 20910
E-mail: w-nws.webmaster@noaa.gov
Page last modified: May 16, 2007
NATIONAL WEATHER SERVICE: for Safety, for Work, for Fun - FOR LIFE