586
CXUS53 KDMX 011006
CF6OTM
PRELIMINARY LOCAL CLIMATOLOGICAL DATA (WS FORM: F-6)

                                          STATION:   OTTUMWA IA
                                          MONTH:     NOVEMBER
                                          YEAR:      2014
                                          LATITUDE:   41  6 N
                                          LONGITUDE:  92 27 W

  TEMPERATURE IN F:       :PCPN:    SNOW:  WIND      :SUNSHINE: SKY     :PK WND
================================================================================
1   2   3   4   5  6A  6B    7    8   9   10  11  12  13   14  15   16   17  18
                                     12Z  AVG MX 2MIN
DY MAX MIN AVG DEP HDD CDD  WTR  SNW DPTH SPD SPD DIR MIN PSBL S-S WX    SPD DR
================================================================================

 1  47  18  33 -13  32   0 0.00  0.0    0  7.2 14 160   M    M   0        18 150
 2  56  38  47   1  18   0 0.00  0.0    0 13.1 22 150   M    M   6        29 170
 3  67  45  56  10   9   0 0.05  0.0    0 13.0 20 210   M    M   4        28 210
 4  60  41  51   6  14   0 0.01  0.0    0 10.6 25 290   M    M   3 1      31 290
 5  61  38  50   5  15   0 0.04  0.0    0 10.4 25 310   M    M   4 3      32 310
 6  48  26  37  -7  28   0    T  0.0    0 17.2 35 320   M    M   5        42 320
 7  56  24  40  -4  25   0 0.00  0.0    0 10.0 24 170   M    M   0        31 170
 8  49  31  40  -3  25   0 0.00  0.0    0 17.3 37 320   M    M   3        45 320
 9  58  31  45   2  20   0 0.00  0.0    0  8.0 21 240   M    M   5        25 240
10  69  35  52  10  13   0 0.00  0.0    0 15.0 29 320   M    M   2        35 320
11  35  22  29 -13  36   0 0.02    M    M 21.5 30 320   M    M  10 1      38 330
12  27  17  22 -19  43   0    T    M    M 14.0 22 330   M    M   6        26 320
13  27  19  23 -18  42   0    T    M    M 12.5 23 330   M    M  10        29 330
14  29  10  20 -20  45   0 0.00  0.0    M  6.1 15 340   M    M   1        20 320
15  29  13  21 -19  44   0 0.07    M    M  5.5  9 150   M    M   7 12     12 180
16  27  10  19 -20  46   0 0.01    M    M  9.2 18 290   M    M   6 18     24 290
17  20  10  15 -23  50   0    T    M    M 15.4 26 290   M    M   4 1      36 300
18  24   4  14 -24  51   0 0.00  0.0    M 10.6 18 260   M    M   4        24 250
19  29  17  23 -14  42   0    T    M    M 14.8 31 320   M    M   8        39 330
20  30  13  22 -15  43   0 0.00  0.0    M  8.8 18 310   M    M   2        23 290
21  36   9  23 -13  42   0 0.01  0.0    M 10.8 17 180   M    M   4 1      23 170
22  57  34  46  10  19   0 0.00  0.0    M 10.6 20 190   M    M  10 12     25 180
23  54  36  45  10  20   0 0.88  0.0    M 13.1 35 330   M    M  10 1      43 330
24  36  24  30  -5  35   0 0.02    M    M 18.9 29 290   M    M  10 1      39 300
25  34  17  26  -8  39   0 0.00  0.0    M  9.0 21 310   M    M   2        28 310
26  31  24  28  -6  37   0 0.06    M    M 11.3 18 330   M    M   9 1      22 330
27  27   8  18 -15  47   0 0.00  0.0    M 11.3 21 320   M    M   5 1      26 310
28  41  13  27  -6  38   0 0.00  0.0    M 10.7 18 170   M    M   1        23 160
29  57  36  47  15  18   0 0.00  0.0    M  9.7 17 210   M    M   0        22 210
30  41  15  28  -4  37   0 0.00  0.0    M 18.5 28 330   M    M   5 1      33 330
================================================================================
SM 1262  678       973   0  1.17     0.0 364.1          M      146
================================================================================
AV 42.1 22.6                              12.1 FASTST   M    M   5    MAX(MPH)
                                 MISC ---->  # 37 320               # 45  320
================================================================================
NOTES:
# LAST OF SEVERAL OCCURRENCES

COLUMN 17 PEAK WIND IN M.P.H.

PRELIMINARY LOCAL CLIMATOLOGICAL DATA (WS FORM: F-6) , PAGE 2

                                          STATION:  OTTUMWA IA
                                          MONTH:    NOVEMBER
                                          YEAR:     2014
                                          LATITUDE:   41  6 N
                                          LONGITUDE:  92 27 W

[TEMPERATURE DATA]      [PRECIPITATION DATA]       SYMBOLS USED IN COLUMN 16

AVERAGE MONTHLY: 32.3   TOTAL FOR MONTH:   1.17    1 = FOG OR MIST
DPTR FM NORMAL:  -6.9   DPTR FM NORMAL:   -1.21    2 = FOG REDUCING VISIBILITY
HIGHEST:    69 ON 10    GRTST 24HR  0.90 ON 23-24      TO 1/4 MILE OR LESS
LOWEST:      4 ON 18                               3 = THUNDER
                        SNOW, ICE PELLETS, HAIL    4 = ICE PELLETS
                        TOTAL MONTH:   0.0 INCH    5 = HAIL
                        GRTST 24HR     0.0         6 = FREEZING RAIN OR DRIZZLE
                        GRTST DEPTH:   0           7 = DUSTSTORM OR SANDSTORM:
                                                       VSBY 1/2 MILE OR LESS
                                                   8 = SMOKE OR HAZE
[NO. OF DAYS WITH]      [WEATHER - DAYS WITH]      9 = BLOWING SNOW
                                                   X = TORNADO
MAX 32 OR BELOW:  11    0.01 INCH OR MORE:  10
MAX 90 OR ABOVE:   0    0.10 INCH OR MORE:   1
MIN 32 OR BELOW:  22    0.50 INCH OR MORE:   1
MIN  0 OR BELOW:   0    1.00 INCH OR MORE:   0

[HDD (BASE 65) ]
TOTAL THIS MO.   973    CLEAR  (SCALE 0-3)   9
DPTR FM NORMAL   199    PTCLDY (SCALE 4-7)  15
TOTAL FM JUL 1  1508    CLOUDY (SCALE 8-10)  6
DPTR FM NORMAL   210

[CDD (BASE 65) ]
TOTAL THIS MO.     0
DPTR FM NORMAL     0    [PRESSURE DATA]
TOTAL FM JAN 1   801    HIGHEST SLP 30.57 ON 27
DPTR FM NORMAL  -137    LOWEST  SLP 29.28 ON 23

[REMARKS]
#FINAL-11-14#




U.S. Dept. of Commerce
NOAA National Weather Service
1325 East West Highway
Silver Spring, MD 20910
E-mail: w-nws.webmaster@noaa.gov
Page last modified: May 16, 2007
NATIONAL WEATHER SERVICE: for Safety, for Work, for Fun - FOR LIFE