584
CXUS56 KMFR 291000
CF6OTH
PRELIMINARY LOCAL CLIMATOLOGICAL DATA (WS FORM: F-6)

                                          STATION:   NORTH BEND OR
                                          MONTH:     JULY
                                          YEAR:      2014
                                          LATITUDE:   43 25 N
                                          LONGITUDE: 124 15 W

  TEMPERATURE IN F:       :PCPN:    SNOW:  WIND      :SUNSHINE: SKY     :PK WND
================================================================================
1   2   3   4   5  6A  6B    7    8   9   10  11  12  13   14  15   16   17  18
                                     12Z  AVG MX 2MIN
DY MAX MIN AVG DEP HDD CDD  WTR  SNW DPTH SPD SPD DIR MIN PSBL S-S WX    SPD DR
================================================================================

 1  70  54  62   4   3   0 0.00    M    M  5.5 12 330   0    0   0         M  M
 2  68  59  64   6   1   0 0.00    M    M  8.7 16 360   M    M   7        22 360
 3  66  57  62   4   3   0 0.00    M    M 11.8 20 360   M    M   7        27 360
 4  66  54  60   2   5   0 0.00    M    M  7.5 20 360   M    M   1        25 360
 5  70  54  62   4   3   0 0.00    M    M  6.3 14 330   M    M   2        18 330
 6  70  55  63   5   2   0 0.00    M    M  9.7 18 340   M    M   6        24 360
 7  66  57  62   4   3   0 0.00    M    M 16.8 29  10   M    M   9        37 360
 8  64  55  60   2   5   0 0.00    M    M 18.1 31 360   M    M   8        40 360
 9  64  55  60   2   5   0 0.00    M    M 19.1 32 360   M    M   4        41 360
10  64  52  58   0   7   0 0.00    M    M 12.0 24 360   M    M   2        33 350
11  61  54  58   0   7   0 0.00    M    M  4.9  9 280   M    M   M         M  M
12  64  54  59   0   6   0 0.00    M    M  5.0  9 310   0    0   0         M  M
13  64  55  60   1   5   0 0.00    M    M  4.4  8 280   0    0   0         M  M
14  66  55  61   2   4   0 0.00    M    M 13.8 30 360   M    M   8        37 360
15  63  54  59   0   6   0 0.00    M    M 14.3 28 360   M    M   8        33 360
16  64  54  59   0   6   0 0.00    M    M 11.4 17 360   M    M  10        23 340
17  66  55  61   2   4   0 0.00    M    M 17.0 27 360   M    M   3        37 360
18  66  52  59   0   6   0 0.00    M    M 14.2 29 350   M    M   1        37 360
19  73  54  64   5   1   0 0.00    M    M 12.0 22 360   M    M   1        29 360
20  68  54  61   2   4   0 0.00    M    M 10.0 18 350   M    M   5        23 350
21  66  54  60   1   5   0 0.00    M    M  3.7  9 270   0    0   0         M  M
22  64  55  60   1   5   0 0.00    M    M  5.0 13 270   0    0   0         M  M
23  66  55  61   2   4   0 0.00    M    M  5.8 10 250   M    M   7        16 240
24  68  55  62   3   3   0 0.00    M    M 10.0 22 360   M    M   5        27 360
25  66  52  59   0   6   0 0.00    M    M 12.3 25 360   M    M   1        35 360
26  66  52  59   0   6   0 0.00    M    M 13.3 28 360   M    M   2        38 360
27  66  54  60   1   5   0 0.00    M    M 13.0 27 360   M    M   3        36 360
28  63  52  58  -1   7   0 0.00    M    M 12.1 23 350   M    M   8        31 350
================================================================================
SM 1848 1522       127   0  0.00    M    297.7            0    108
================================================================================
AV 66.0 54.4                              10.6 FASTST    0   0   4    MAX(MPH)
                                 MISC ---->    32   M                 41    M
================================================================================
NOTES:
# LAST OF SEVERAL OCCURRENCES

COLUMN 17 PEAK WIND IN M.P.H.

PRELIMINARY LOCAL CLIMATOLOGICAL DATA (WS FORM: F-6) , PAGE 2

                                          STATION:  NORTH BEND OR
                                          MONTH:    JULY
                                          YEAR:     2014
                                          LATITUDE:   43 25 N
                                          LONGITUDE: 124 15 W

[TEMPERATURE DATA]      [PRECIPITATION DATA]       SYMBOLS USED IN COLUMN 16

AVERAGE MONTHLY: 60.2   TOTAL FOR MONTH:   0.00    1 = FOG OR MIST
DPTR FM NORMAL:   1.6   DPTR FM NORMAL:   -0.47    2 = FOG REDUCING VISIBILITY
HIGHEST:    73 ON 19    GRTST 24HR  0.00 ON 28-28      TO 1/4 MILE OR LESS
LOWEST:     52 ON 28,26                            3 = THUNDER
                        SNOW, ICE PELLETS, HAIL    4 = ICE PELLETS
                        TOTAL MONTH:    M          5 = HAIL
                        GRTST 24HR    M  ON   M    6 = FREEZING RAIN OR DRIZZLE
                        GRTST DEPTH:  M  ON   M    7 = DUSTSTORM OR SANDSTORM:
                                                       VSBY 1/2 MILE OR LESS
                                                   8 = SMOKE OR HAZE
[NO. OF DAYS WITH]      [WEATHER - DAYS WITH]      9 = BLOWING SNOW
                                                   X = TORNADO
MAX 32 OR BELOW:   0    0.01 INCH OR MORE:   0
MAX 90 OR ABOVE:   0    0.10 INCH OR MORE:   0
MIN 32 OR BELOW:   0    0.50 INCH OR MORE:   0
MIN  0 OR BELOW:   0    1.00 INCH OR MORE:   0

[HDD (BASE 65) ]
TOTAL THIS MO.   127    CLEAR  (SCALE 0-3)  13
DPTR FM NORMAL   -52    PTCLDY (SCALE 4-7)  11
TOTAL FM JUL 1   127    CLOUDY (SCALE 8-10)  3
DPTR FM NORMAL   -52

[CDD (BASE 65) ]
TOTAL THIS MO.     0
DPTR FM NORMAL     0    [PRESSURE DATA]
TOTAL FM JAN 1    12    HIGHEST SLP M ON M
DPTR FM NORMAL    12    LOWEST  SLP  0.00 ON  1

[REMARKS]




U.S. Dept. of Commerce
NOAA National Weather Service
1325 East West Highway
Silver Spring, MD 20910
E-mail: w-nws.webmaster@noaa.gov
Page last modified: May 16, 2007
NATIONAL WEATHER SERVICE: for Safety, for Work, for Fun - FOR LIFE