021
CXUS53 KGRB 010639
CF6OSH
PRELIMINARY LOCAL CLIMATOLOGICAL DATA (WS FORM: F-6)

                                          STATION:   OSHKOSH WI
                                          MONTH:     JANUARY
                                          YEAR:      2015
                                          LATITUDE:   44  0 N
                                          LONGITUDE:  88 34 W

  TEMPERATURE IN F:       :PCPN:    SNOW:  WIND      :SUNSHINE: SKY     :PK WND
================================================================================
1   2   3   4   5  6A  6B    7    8   9   10  11  12  13   14  15   16   17  18
                                     12Z  AVG MX 2MIN
DY MAX MIN AVG DEP HDD CDD  WTR  SNW DPTH SPD SPD DIR MIN PSBL S-S WX    SPD DR
================================================================================

 1  29  14  22   3  43   0 0.00  0.0    0  9.7 16 290   M    M   5        26 240
 2  27   9  18   0  47   0 0.00  0.0    0  3.9  8  70   M    M   1        11 200
 3  32  24  28  10  37   0 0.06  1.0    1  4.7 10 320   M    M  10 12     14 310
 4  30  -7  12  -6  53   0    M    M    2 15.0 25 290   M    M   7 129    32 290
 5   2 -12  -5 -23  70   0    T    T    2  7.2 14 290   M    M   2        20 260
 6  12  -5   4 -14  61   0    T    T    2  9.4 21 290   M    M   2        27 310
 7   2  -7  -2 -20  67   0 0.00  0.0    2 13.6 22 310   M    M   0        30 310
 8   9  -8   1 -17  64   0 0.17  2.3    5 14.4 26 190   M    M   5 8      32 180
 9   6  -2   2 -16  63   0 0.00  0.0    5 12.9 23 290   M    M   2 8      31 300
10  19  -8   6 -12  59   0 0.00  0.0    5 10.2 20 200   M    M   4        24 200
11  26  16  21   3  44   0 0.00  0.0    5  4.9 12 340   M    M   7        15 200
12  20   3  12  -6  53   0 0.00  0.0    5 10.8 18 350   M    M   2 8      22 320
13  17  -2   8 -10  57   0    T    T    5  3.5  8 210   M    M   5 8      10 340
14  20   1  11  -7  54   0 0.00  0.0    4  6.5 12 200   M    M   8        16 200
15  37  20  29  11  36   0    T    T    4  9.1 17 290   M    M   4 8      23 290
16  29  20  25   7  40   0 0.00  0.0    4  9.2 16 140   M    M  10        19 130
17  40  29  35  17  30   0 0.00  0.0    2 11.1 23 290   M    M   6 8      30 290
18  38  32  35  17  30   0 0.00  0.0    1  9.0 22 300   M    M   9        31 290
19  33  26  30  12  35   0 0.15  2.0    3  7.5 12  50   M    M  10 1      14  50
20  30  24  27   9  38   0 0.01    T    3  8.5 15  30   M    M  10 1      19  30
21  26  22  24   6  41   0    T    T    3  5.6 13  20   M    M  10        15  30
22  31  20  26   8  39   0 0.00  0.0    3  6.9 15 230   M    M   6 18     22 220
23  34  26  30  12  35   0    T    T    3 10.7 21 210   M    M   7 8      31 210
24  38  28  33  14  32   0    T    T    2  6.8 17  80   M    M  10 1      23  70
25  28  14  21   2  44   0    T    T    1 15.1 25  30   M    M   8        31  40
26  25  11  18  -1  47   0    M    M    M  5.5 16 190   M    M   8 1      19 190
27  28  20  24   5  41   0    M    M    M  3.6  8  60   M    M  10 18     11  70
28  33  18  26   7  39   0 0.00  0.0    M  8.0 17 190   M    M   3        22 180
29  35  21  28   9  37   0    M    M    M 13.3 26 360   M    M  10 18     35 340
30  23  11  17  -2  48   0 0.00  0.0    M  6.1 14 330   M    M   3        19 330
31  29  15  22   3  43   0 0.00  0.0    M  7.3 20  40   M    M  10        24  40
================================================================================
SM  788  373      1427   0  0.39     5.3 270.0          M      194
================================================================================
AV 25.4 12.0                               8.7 FASTST   M    M   6    MAX(MPH)
                                 MISC ---->  # 26 190               # 35  340
================================================================================
NOTES:
# LAST OF SEVERAL OCCURRENCES

COLUMN 17 PEAK WIND IN M.P.H.

PRELIMINARY LOCAL CLIMATOLOGICAL DATA (WS FORM: F-6) , PAGE 2

                                          STATION:  OSHKOSH WI
                                          MONTH:    JANUARY
                                          YEAR:     2015
                                          LATITUDE:   44  0 N
                                          LONGITUDE:  88 34 W

[TEMPERATURE DATA]      [PRECIPITATION DATA]       SYMBOLS USED IN COLUMN 16

AVERAGE MONTHLY: 18.7   TOTAL FOR MONTH:   0.39    1 = FOG OR MIST
DPTR FM NORMAL:   0.3   DPTR FM NORMAL:   -0.61    2 = FOG REDUCING VISIBILITY
HIGHEST:    40 ON 17    GRTST 24HR  0.17 ON  8- 8      TO 1/4 MILE OR LESS
LOWEST:    -12 ON  5                               3 = THUNDER
                        SNOW, ICE PELLETS, HAIL    4 = ICE PELLETS
                        TOTAL MONTH:   5.3 INCHES  5 = HAIL
                        GRTST 24HR   2.3 ON   M    6 = FREEZING RAIN OR DRIZZLE
                        GRTST DEPTH:   5 ON 13,12  7 = DUSTSTORM OR SANDSTORM:
                                                       VSBY 1/2 MILE OR LESS
                                                   8 = SMOKE OR HAZE
[NO. OF DAYS WITH]      [WEATHER - DAYS WITH]      9 = BLOWING SNOW
                                                   X = TORNADO
MAX 32 OR BELOW:  23    0.01 INCH OR MORE:   4
MAX 90 OR ABOVE:   0    0.10 INCH OR MORE:   2
MIN 32 OR BELOW:  31    0.50 INCH OR MORE:   0
MIN  0 OR BELOW:   8    1.00 INCH OR MORE:   0

[HDD (BASE 65) ]
TOTAL THIS MO.  1427    CLEAR  (SCALE 0-3)   6
DPTR FM NORMAL   -17    PTCLDY (SCALE 4-7)  14
TOTAL FM JUL 1  4403    CLOUDY (SCALE 8-10) 11
DPTR FM NORMAL    63

[CDD (BASE 65) ]
TOTAL THIS MO.     0
DPTR FM NORMAL     0    [PRESSURE DATA]
TOTAL FM JAN 1     0    HIGHEST SLP M ON M
DPTR FM NORMAL     0    LOWEST  SLP 29.44 ON 17

[REMARKS]
#FINAL-01-15#




U.S. Dept. of Commerce
NOAA National Weather Service
1325 East West Highway
Silver Spring, MD 20910
E-mail: w-nws.webmaster@noaa.gov
Page last modified: May 16, 2007
NATIONAL WEATHER SERVICE: for Safety, for Work, for Fun - FOR LIFE