025
CXUS53 KGRB 301200
CF6OSH
PRELIMINARY LOCAL CLIMATOLOGICAL DATA (WS FORM: F-6)

                                          STATION:   OSHKOSH WI
                                          MONTH:     AUGUST
                                          YEAR:      2014
                                          LATITUDE:   44  0 N
                                          LONGITUDE:  88 34 W

  TEMPERATURE IN F:       :PCPN:    SNOW:  WIND      :SUNSHINE: SKY     :PK WND
================================================================================
1   2   3   4   5  6A  6B    7    8   9   10  11  12  13   14  15   16   17  18
                                     12Z  AVG MX 2MIN
DY MAX MIN AVG DEP HDD CDD  WTR  SNW DPTH SPD SPD DIR MIN PSBL S-S WX    SPD DR
================================================================================

 1  81  59  70  -1   0   5 0.03  0.0    0  3.7 14 250   M    M   1 138    19 250
 2  81  56  69  -2   0   4 0.00  0.0    0  3.6  7 100   M    M   1 18      M  M
 3  83  64  74   3   0   9 0.48  0.0    0  5.5 30 320   M    M   3 138    39 320
 4  73  62  68  -3   0   3 0.70  0.0    0  4.4 17 330   M    M   2 13     23 260
 5  77  59  68  -3   0   3 0.00  0.0    0  3.8 13  50   M    M   1 8      15  40
 6  80  56  68  -3   0   3 0.00  0.0    0  2.4  9 130   M    M   2        12 130
 7  79  55  67  -3   0   2 0.00  0.0    0  3.9 12 120   M    M   0        15 120
 8  81  57  69  -1   0   4 0.00  0.0    0  3.8 12 110   M    M   0        15 150
 9  78  57  68  -2   0   3 0.00  0.0    0  4.0 15 110   M    M   0        19 100
10  80  59  70   0   0   5 0.00  0.0    0  2.3 10 140   M    M   4        12 140
11  78  62  70   0   0   5 0.35  0.0    0  5.8 22 350   M    M   5 13     28 360
12  74  57  66  -4   0   1 0.15  0.0    0 12.4 22 340   M    M   7 1      30 330
13  77  59  68  -2   0   3 0.00  0.0    0  6.5 15  70   M    M   3        20  90
14  71  52  62  -8   3   0 0.00  0.0    0  5.1 15  70   M    M   1        20  70
15  78  51  65  -5   0   0 0.00  0.0    0  5.0 10 210   M    M   0        14 220
16  85  62  74   4   0   9 0.09  0.0    0  8.4 16  70   M    M   5 1      24  80
17  69  60  65  -5   0   0 0.00  0.0    0  8.8 14  20   M    M   6 8      19  30
18  82  57  70   0   0   5 1.45  0.0    0  7.7 28 350   M    M   7 13     39 330
19  77  64  71   1   0   6 0.28  0.0    0  6.6 14 280   M    M   6 13     19 250
20  76  62  69   0   0   4 0.00  0.0    0  5.2  9  60   M    M   3        12  90
21  74  61  68  -1   0   3 0.26  0.0    0  5.1  9  90   M    M   7 13      M  M
22  84  69  77   8   0  12 0.00  0.0    0  5.9 12 120   M    M   6 1      17 120
23  78  70  74   5   0   9 0.00  0.0    0  6.2 15 100   M    M   8 138    18  70
24  79  70  75   6   0  10 0.00  0.0    0 10.1 15 120   M    M   6 1      21 120
25  82  70  76   8   0  11 0.28  0.0    0  7.6 24 190   M    M   3 13     32 190
26  75  63  69   1   0   4    T  0.0    0  6.7 14 320   M    M   2        19 300
27  75  58  67  -1   0   2 0.00  0.0    0  4.8 14  40   M    M   2        17  40
28  73  57  65  -3   0   0 0.02  0.0    0  5.8 13 140   M    M   6 1      17 140
29  86  62  74   6   0   9 0.20  0.0    0  9.7 20 180   M    M   5 13     25 190
================================================================================
SM 2266 1750         3 134  4.29     0.0 170.8          M      102
================================================================================
AV 78.1 60.3                               5.9 FASTST   M    M   4    MAX(MPH)
                                 MISC ---->  # 30 320               # 39  320
================================================================================
NOTES:
# LAST OF SEVERAL OCCURRENCES

COLUMN 17 PEAK WIND IN M.P.H.

PRELIMINARY LOCAL CLIMATOLOGICAL DATA (WS FORM: F-6) , PAGE 2

                                          STATION:  OSHKOSH WI
                                          MONTH:    AUGUST
                                          YEAR:     2014
                                          LATITUDE:   44  0 N
                                          LONGITUDE:  88 34 W

[TEMPERATURE DATA]      [PRECIPITATION DATA]       SYMBOLS USED IN COLUMN 16

AVERAGE MONTHLY: 69.2   TOTAL FOR MONTH:   4.29    1 = FOG OR MIST
DPTR FM NORMAL:  -0.4   DPTR FM NORMAL:    0.93    2 = FOG REDUCING VISIBILITY
HIGHEST:    86 ON 29    GRTST 24HR  1.73 ON 18-19      TO 1/4 MILE OR LESS
LOWEST:     51 ON 15                               3 = THUNDER
                        SNOW, ICE PELLETS, HAIL    4 = ICE PELLETS
                        TOTAL MONTH:   0.0 INCH    5 = HAIL
                        GRTST 24HR     0.0         6 = FREEZING RAIN OR DRIZZLE
                        GRTST DEPTH:   0           7 = DUSTSTORM OR SANDSTORM:
                                                       VSBY 1/2 MILE OR LESS
                                                   8 = SMOKE OR HAZE
[NO. OF DAYS WITH]      [WEATHER - DAYS WITH]      9 = BLOWING SNOW
                                                   X = TORNADO
MAX 32 OR BELOW:   0    0.01 INCH OR MORE:  12
MAX 90 OR ABOVE:   0    0.10 INCH OR MORE:   9
MIN 32 OR BELOW:   0    0.50 INCH OR MORE:   2
MIN  0 OR BELOW:   0    1.00 INCH OR MORE:   1

[HDD (BASE 65) ]
TOTAL THIS MO.     3    CLEAR  (SCALE 0-3)  15
DPTR FM NORMAL   -14    PTCLDY (SCALE 4-7)  14
TOTAL FM JUL 1    19    CLOUDY (SCALE 8-10)  0
DPTR FM NORMAL    -9

[CDD (BASE 65) ]
TOTAL THIS MO.   134
DPTR FM NORMAL   -20    [PRESSURE DATA]
TOTAL FM JAN 1   387    HIGHEST SLP M ON M
DPTR FM NORMAL  -100    LOWEST  SLP 29.63 ON 19

[REMARKS]




U.S. Dept. of Commerce
NOAA National Weather Service
1325 East West Highway
Silver Spring, MD 20910
E-mail: w-nws.webmaster@noaa.gov
Page last modified: May 16, 2007
NATIONAL WEATHER SERVICE: for Safety, for Work, for Fun - FOR LIFE