000
CXUS52 KMLB 011212
CF6ORL
PRELIMINARY LOCAL CLIMATOLOGICAL DATA (WS FORM: F-6)

                                          STATION:   ORLANDO EXECUTIVE
                                          MONTH:     MARCH
                                          YEAR:      2010
                                          LATITUDE:   28 32 N
                                          LONGITUDE:  81 20 W

  TEMPERATURE IN F:       :PCPN:    SNOW:  WIND      :SUNSHINE: SKY     :PK WND
================================================================================
1   2   3   4   5  6A  6B    7    8   9   10  11  12  13   14  15   16   17  18
                                     12Z  AVG MX 2MIN
DY MAX MIN AVG DEP HDD CDD  WTR  SNW DPTH SPD SPD DIR MIN PSBL S-S WX    SPD DR
================================================================================

 1  71  44  58   M   7   0 0.00  0.0    0  4.4 13 150   M    M   0        18  10
 2  73  48  61   M   4   0 0.47  0.0    0 16.4 31 270   M    M   5 13     40 270
 3  59  45  52   M  13   0 0.00  0.0    0 15.7 30 290   M    M   5        40 300
 4  59  41  50   M  15   0 0.00  0.0    0 10.7 18 310   M    M   0        24 270
 5  62  40  51   M  14   0 0.00  0.0    0  6.7 16 290   M    M   0        21 290
 6  65  42  54   M  11   0 0.00  0.0    0  6.2 13  60   M    M   0        17  40
 7  70  41  56   M   9   0 0.00  0.0    0  4.6 12  90   M    M   0        16  70
 8  73  47  60   M   5   0 0.00  0.0    0  2.0 12  70   M    M   0        13  80
 9  72  52  62   M   3   0 0.00  0.0    0  5.4 14 150   M    M   2        18 150
10  80  51  66   M   0   1 0.00  0.0    0  7.6 18 130   M    M   1 1      25 120
11  70  65  68   M   0   3 2.87  0.0    0  9.0 21  20   M    M   7 123    28 170
12  66  62  64   M   1   0 1.08  0.0    0  8.6 20 180   M    M  10 13     26 170
13  72  56  64   M   1   0 0.09  0.0    0 15.3 28 280   M    M   2 1      40 260
14  73  54  64   M   1   0 0.00  0.0    0 14.9 29 250   M    M   1        36 280
15  73  53  63   M   2   0 0.00  0.0    0 13.2 28 290   M    M   1 8      36 260
16  67  51  59   M   6   0 0.00  0.0    0  6.1 13  60   M    M   0        16 330
17  69  53  61   M   4   0 0.00  0.0    0  5.8 21 290   M    M   5        29 280
18  65  52  59   M   6   0    T  0.0    0  9.8 22 280   M    M   9 1      26 280
19  73  49  61   M   4   0 0.00  0.0    0  6.8 16 310   M    M   0 8      22 300
20  75  49  62   M   3   0 0.00  0.0    0  4.0 15 180   M    M   1        23 150
21  71  56  64   M   1   0 1.45  0.0    0  9.7 24 160   M    M   6 123    31 150
22  70  54  62   M   3   0    T  0.0    0 11.4 24 250   M    M   5        36 260
23  72  55  64   M   1   0 0.00  0.0    0 10.4 18 290   M    M   4        23 310
24  76  50  63   M   2   0 0.00  0.0    0  4.1 14 130   M    M   0 1      16 120
25  79  56  68   M   0   3 0.48  0.0    0  6.9 28 310   M    M   3 13     37 310
26  81  61  71   M   0   6 0.01  0.0    0 11.8 23 240   M    M   3        28 240
27  79  56  68   M   0   3 0.00  0.0    0  9.9 21  70   M    M   1        25  90
28  76  60  68   M   0   3 0.87  0.0    0  8.9 22 150   M    M   4 13     29 130
29  75  57  66   M   0   1 0.80  0.0    0 12.0 25 290   M    M   5 1      35 270
30  74  52  63   M   2   0 0.00  0.0    0 10.3 22 300   M    M   0        29 280
31  78  52  65   M   0   0 0.00  0.0    0  5.0 14 290   M    M   0        20 280
================================================================================
SM 2218 1604       118  20  8.12     0.0 273.6          M       80
================================================================================
AV 71.5 51.7                               8.8 FASTST   M    M   3    MAX(MPH)
                                 MISC ---->  # 31 270               # 40  270
================================================================================
NOTES:
# LAST OF SEVERAL OCCURRENCES

COLUMN 17 PEAK WIND IN M.P.H.

PRELIMINARY LOCAL CLIMATOLOGICAL DATA (WS FORM: F-6) , PAGE 2

                                          STATION:  ORLANDO EXECUTIVE
                                          MONTH:    MARCH
                                          YEAR:     2010
                                          LATITUDE:   28 32 N
                                          LONGITUDE:  81 20 W

[TEMPERATURE DATA]      [PRECIPITATION DATA]       SYMBOLS USED IN COLUMN 16

AVERAGE MONTHLY: 61.6   TOTAL FOR MONTH:   8.12    1 = FOG OR MIST
DPTR FM NORMAL:     M   DPTR FM NORMAL:       M    2 = FOG REDUCING VISIBILITY
HIGHEST:    81 ON 26    GRTST 24HR  2.87 ON 11-11      TO 1/4 MILE OR LESS
LOWEST:     40 ON  5                               3 = THUNDER
                        SNOW, ICE PELLETS, HAIL    4 = ICE PELLETS
                        TOTAL MONTH:   0.0 INCH    5 = HAIL
                        GRTST 24HR     0.0         6 = FREEZING RAIN OR DRIZZLE
                        GRTST DEPTH:   0           7 = DUSTSTORM OR SANDSTORM:
                                                       VSBY 1/2 MILE OR LESS
                                                   8 = SMOKE OR HAZE
[NO. OF DAYS WITH]      [WEATHER - DAYS WITH]      9 = BLOWING SNOW
                                                   X = TORNADO
MAX 32 OR BELOW:   0    0.01 INCH OR MORE:   9
MAX 90 OR ABOVE:   0    0.10 INCH OR MORE:   7
MIN 32 OR BELOW:   0    0.50 INCH OR MORE:   5
MIN  0 OR BELOW:   0    1.00 INCH OR MORE:   3

[HDD (BASE 65) ]
TOTAL THIS MO.   118    CLEAR  (SCALE 0-3)  20
DPTR FM NORMAL     M    PTCLDY (SCALE 4-7)   9
TOTAL FM JUL 1   915    CLOUDY (SCALE 8-10)  2
DPTR FM NORMAL     M

[CDD (BASE 65) ]
TOTAL THIS MO.    20
DPTR FM NORMAL     M    [PRESSURE DATA]
TOTAL FM JAN 1    60    HIGHEST SLP 30.30 ON  7
DPTR FM NORMAL     M    LOWEST  SLP 29.56 ON  2

[REMARKS]
#FINAL-03-10#




U.S. Dept. of Commerce
NOAA National Weather Service
1325 East West Highway
Silver Spring, MD 20910
E-mail: w-nws.webmaster@noaa.gov
Page last modified: May 16, 2007
NATIONAL WEATHER SERVICE: for Safety, for Work, for Fun - FOR LIFE