000
CXUS52 KMLB 011342
CF6ORL
PRELIMINARY LOCAL CLIMATOLOGICAL DATA (WS FORM: F-6)

                                          STATION:   ORLANDO EXECUTIVE
                                          MONTH:     APRIL
                                          YEAR:      2010
                                          LATITUDE:   28 32 N
                                          LONGITUDE:  81 20 W

  TEMPERATURE IN F:       :PCPN:    SNOW:  WIND      :SUNSHINE: SKY     :PK WND
================================================================================
1   2   3   4   5  6A  6B    7    8   9   10  11  12  13   14  15   16   17  18
                                     12Z  AVG MX 2MIN
DY MAX MIN AVG DEP HDD CDD  WTR  SNW DPTH SPD SPD DIR MIN PSBL S-S WX    SPD DR
================================================================================

 1  82  56  69   M   0   4 0.00  0.0    0  3.8 12 110   M    M   0 1      14 100
 2  83  57  70   M   0   5 0.00  0.0    0  4.6 16 130   M    M   0 1      20 110
 3  83  59  71   M   0   6 0.00  0.0    0  5.2 14 110   M    M   0 1      17 110
 4  82  57  70   M   0   5 0.00  0.0    0  5.3 17  80   M    M   1 12     21  90
 5  82  60  71   M   0   6 0.00  0.0    0  4.9 15  70   M    M   0        20  80
 6  82  58  70   M   0   5 0.00  0.0    0  6.7 15 120   M    M   0        18 110
 7  82  59  71   M   0   6 0.00  0.0    0  7.2 17 110   M    M   1        22 180
 8  84  66  75   M   0  10 0.00  0.0    0  9.5 21 250   M    M   3        25 250
 9  83  62  73   M   0   8 0.04  0.0    0  8.9 20 290   M    M   4 1      24 290
10  77  60  69   M   0   4 0.00  0.0    0  8.7 20  80   M    M   0        23  60
11  80  63  72   M   0   7 0.00  0.0    0  9.2 20  60   M    M   3        26  70
12  79  63  71   M   0   6 0.00  0.0    0 10.7 24  80   M    M   3        32  80
13  81  63  72   M   0   7 0.09  0.0    0 10.2 25  90   M    M   5 8      31  80
14  79  63  71   M   0   6 0.00  0.0    0 12.2 25  70   M    M   2        32  80
15  79  63  71   M   0   6    T  0.0    0 10.2 22  60   M    M   3        31  80
16  80  62  71   M   0   6 0.00  0.0    0  7.8 18 100   M    M   2        23 100
17  80  59  70   M   0   5 0.00  0.0    0  3.9 14 110   M    M   5        17 120
18  75  64  70   M   0   5 0.24  0.0    0  2.8  9  60   M    M   8 1      10 120
19  80  62  71   M   0   6 0.22  0.0    0  5.2 17  20   M    M   6 18     22  30
20  81  62  72   M   0   7 0.12  0.0    0  4.5 15  90   M    M   4 123    17 110
21  82  62  72   M   0   7 0.27  0.0    0  6.7 15 280   M    M   4 13     18 280
22  82  63  73   M   0   8 0.00  0.0    0  6.0 16 110   M    M   1        18 120
23  85  62  74   M   0   9 0.00  0.0    0  7.3 18 120   M    M   1        22 130
24  87  65  76   M   0  11 0.00  0.0    0  9.3 17 190   M    M   0        23 160
25  87  67  77   M   0  12 1.57  0.0    0 12.9 29 260   M    M   6 13     43 280
26  85  66  76   M   0  11 0.36  0.0    0 13.4 24 270   M    M   4 13     30 260
27  84  65  75   M   0  10 0.00  0.0    0 13.4 23 260   M    M   0        32 260
28  76  58  67   M   0   2 0.00  0.0    0  8.7 20 320   M    M   0        29 310
29  82  57  70   M   0   5 0.00  0.0    0  6.4 16 130   M    M   0        20 130
30  83  67  75   M   0  10 0.00  0.0    0 10.6 17 140   M    M   4        22 150
================================================================================
SM 2447 1850         0 205  2.91     0.0 236.2          M       70
================================================================================
AV 81.6 61.7                               7.9 FASTST   M    M   2    MAX(MPH)
                                 MISC ---->  # 29 260               # 43  280
================================================================================
NOTES:
# LAST OF SEVERAL OCCURRENCES

COLUMN 17 PEAK WIND IN M.P.H.

PRELIMINARY LOCAL CLIMATOLOGICAL DATA (WS FORM: F-6) , PAGE 2

                                          STATION:  ORLANDO EXECUTIVE
                                          MONTH:    APRIL
                                          YEAR:     2010
                                          LATITUDE:   28 32 N
                                          LONGITUDE:  81 20 W

[TEMPERATURE DATA]      [PRECIPITATION DATA]       SYMBOLS USED IN COLUMN 16

AVERAGE MONTHLY: 71.6   TOTAL FOR MONTH:   2.91    1 = FOG OR MIST
DPTR FM NORMAL:     M   DPTR FM NORMAL:       M    2 = FOG REDUCING VISIBILITY
HIGHEST:    87 ON 25,24 GRTST 24HR  1.93 ON 25-26      TO 1/4 MILE OR LESS
LOWEST:     56 ON  1                               3 = THUNDER
                        SNOW, ICE PELLETS, HAIL    4 = ICE PELLETS
                        TOTAL MONTH:   0.0 INCH    5 = HAIL
                        GRTST 24HR     0.0         6 = FREEZING RAIN OR DRIZZLE
                        GRTST DEPTH:   0           7 = DUSTSTORM OR SANDSTORM:
                                                       VSBY 1/2 MILE OR LESS
                                                   8 = SMOKE OR HAZE
[NO. OF DAYS WITH]      [WEATHER - DAYS WITH]      9 = BLOWING SNOW
                                                   X = TORNADO
MAX 32 OR BELOW:   0    0.01 INCH OR MORE:   8
MAX 90 OR ABOVE:   0    0.10 INCH OR MORE:   6
MIN 32 OR BELOW:   0    0.50 INCH OR MORE:   1
MIN  0 OR BELOW:   0    1.00 INCH OR MORE:   1

[HDD (BASE 65) ]
TOTAL THIS MO.     0    CLEAR  (SCALE 0-3)  20
DPTR FM NORMAL     M    PTCLDY (SCALE 4-7)   9
TOTAL FM JUL 1   915    CLOUDY (SCALE 8-10)  1
DPTR FM NORMAL     M

[CDD (BASE 65) ]
TOTAL THIS MO.   205
DPTR FM NORMAL     M    [PRESSURE DATA]
TOTAL FM JAN 1   265    HIGHEST SLP 30.34 ON 14
DPTR FM NORMAL     M    LOWEST  SLP 29.52 ON 26

[REMARKS]
#FINAL-04-10#




U.S. Dept. of Commerce
NOAA National Weather Service
1325 East West Highway
Silver Spring, MD 20910
E-mail: w-nws.webmaster@noaa.gov
Page last modified: May 16, 2007
NATIONAL WEATHER SERVICE: for Safety, for Work, for Fun - FOR LIFE