750
CXUS52 KMLB 011549
CF6ORL
PRELIMINARY LOCAL CLIMATOLOGICAL DATA (WS FORM: F-6)

                                          STATION:   ORLANDO EXEC
                                          MONTH:     NOVEMBER
                                          YEAR:      2014
                                          LATITUDE:   28 32 N
                                          LONGITUDE:  81 20 W

  TEMPERATURE IN F:       :PCPN:    SNOW:  WIND      :SUNSHINE: SKY     :PK WND
================================================================================
1   2   3   4   5  6A  6B    7    8   9   10  11  12  13   14  15   16   17  18
                                     12Z  AVG MX 2MIN
DY MAX MIN AVG DEP HDD CDD  WTR  SNW DPTH SPD SPD DIR MIN PSBL S-S WX    SPD DR
================================================================================

 1  63  51  57 -15   8   0 0.00  0.0    0 13.9 30 300   M    M   2        37 300
 2  67  45  56 -16   9   0 0.00  0.0    0  8.0 14 310   M    M   0        19 320
 3  76  50  63  -8   2   0 0.00  0.0    0  7.8 17  70   M    M   2        25 100
 4  81  57  69  -2   0   4 0.00  0.0    0  6.7 21  80   M    M   3        25  80
 5  83  63  73   2   0   8 0.00  0.0    0  5.5 16  70   M    M   1        20  80
 6  85  63  74   3   0   9 0.00  0.0    0  5.2 14 260   M    M   2        19 280
 7  77  59  68  -2   0   3 0.00  0.0    0  7.4 16 310   M    M   1        21 300
 8  79  57  68  -2   0   3 0.04  0.0    0  6.0 14 350   M    M   3 1      18 350
 9  69  59  64  -6   1   0 0.26  0.0    0  7.4 14 340   M    M   7 1      19 350
10  71  62  67  -3   0   2 0.04  0.0    0  8.9 16 340   M    M   7 1      21 330
11  81  59  70   0   0   5 0.00  0.0    0 10.4 17 320   M    M   0        25 340
12  80  59  70   1   0   5 0.00  0.0    0  3.9  9 310   M    M   0        13 340
13  83  58  71   2   0   6 0.00  0.0    0  2.6 12 280   M    M   0        14 280
14  70  56  63  -6   2   0 0.00  0.0    0  6.2 12 290   M    M   4 18     15  60
15  77  50  64  -5   1   0 0.00  0.0    0  6.4 15  30   M    M   0        19  40
16  83  56  70   1   0   5 0.00  0.0    0  5.3 15 110   M    M   1 1      18 170
17  84  68  76   8   0  11 0.28  0.0    0 10.3 35 280   M    M   4 13     47 270
18  69  46  58 -10   7   0 0.03  0.0    0 10.1 20 310   M    M   7 1      24 310
19  61  41  51 -17  14   0 0.00  0.0    0 10.0 16  10   M    M   3        21 340
20  66  46  56 -12   9   0 0.00  0.0    0  7.2 14  20   M    M   0        18  30
21  77  54  66  -2   0   1    T  0.0    0 10.3 21  80   M    M   3        27  50
22  72  65  69   1   0   4 0.04  0.0    0 10.6 17 100   M    M  10 18     22 110
23  85  71  78  10   0  13 0.01  0.0    0 11.2 23 190   M    M   7 18     30 190
24  87  74  81  14   0  16 0.00  0.0    0  8.7 16 240   M    M   5        20 200
25  75  70  73   6   0   8 5.25  0.0    0  4.1  9 350   M    M   7 13      M  M
26  72  52  62  -5   3   0 0.01  0.0    0  9.2 26 290   M    M   4 1      34 290
27  70  47  59  -8   6   0 0.00  0.0    0  8.4 22 310   M    M   0        29 310
28  62  43  53 -14  12   0 0.00  0.0    0  8.6 15  20   M    M   0        20  30
29  73  47  60  -6   5   0 0.00  0.0    0  5.4 13  70   M    M   1        16  70
30  78  54  66   0   0   1 0.00  0.0    0  5.6 16  80   M    M   1        20  80
================================================================================
SM 2256 1682        79 104  5.96     0.0 231.3          M       85
================================================================================
AV 75.2 56.1                               7.7 FASTST   M    M   3    MAX(MPH)
                                 MISC ---->  # 35 280               # 47  270
================================================================================
NOTES:
# LAST OF SEVERAL OCCURRENCES

COLUMN 17 PEAK WIND IN M.P.H.

PRELIMINARY LOCAL CLIMATOLOGICAL DATA (WS FORM: F-6) , PAGE 2

                                          STATION:  ORLANDO EXEC
                                          MONTH:    NOVEMBER
                                          YEAR:     2014
                                          LATITUDE:   28 32 N
                                          LONGITUDE:  81 20 W

[TEMPERATURE DATA]      [PRECIPITATION DATA]       SYMBOLS USED IN COLUMN 16

AVERAGE MONTHLY: 65.6   TOTAL FOR MONTH:   5.96    1 = FOG OR MIST
DPTR FM NORMAL:  -3.3   DPTR FM NORMAL:    3.54    2 = FOG REDUCING VISIBILITY
HIGHEST:    87 ON 24    GRTST 24HR  5.25 ON 25-25      TO 1/4 MILE OR LESS
LOWEST:     41 ON 19                               3 = THUNDER
                        SNOW, ICE PELLETS, HAIL    4 = ICE PELLETS
                        TOTAL MONTH:   0.0 INCH    5 = HAIL
                        GRTST 24HR     0.0         6 = FREEZING RAIN OR DRIZZLE
                        GRTST DEPTH:   0           7 = DUSTSTORM OR SANDSTORM:
                                                       VSBY 1/2 MILE OR LESS
                                                   8 = SMOKE OR HAZE
[NO. OF DAYS WITH]      [WEATHER - DAYS WITH]      9 = BLOWING SNOW
                                                   X = TORNADO
MAX 32 OR BELOW:   0    0.01 INCH OR MORE:   9
MAX 90 OR ABOVE:   0    0.10 INCH OR MORE:   3
MIN 32 OR BELOW:   0    0.50 INCH OR MORE:   1
MIN  0 OR BELOW:   0    1.00 INCH OR MORE:   1

[HDD (BASE 65) ]
TOTAL THIS MO.    79    CLEAR  (SCALE 0-3)  17
DPTR FM NORMAL    45    PTCLDY (SCALE 4-7)  12
TOTAL FM JUL 1    79    CLOUDY (SCALE 8-10)  1
DPTR FM NORMAL    40

[CDD (BASE 65) ]
TOTAL THIS MO.   104
DPTR FM NORMAL   -46    [PRESSURE DATA]
TOTAL FM JAN 1  3620    HIGHEST SLP 30.39 ON 19
DPTR FM NORMAL   128    LOWEST  SLP 29.84 ON 26

[REMARKS]
KORL TIPPING BUCKET FAILED ON 25TH-26TH, ORWF1 COOP PRECIPITATION USED.
#FINAL-11-14#




U.S. Dept. of Commerce
NOAA National Weather Service
1325 East West Highway
Silver Spring, MD 20910
E-mail: w-nws.webmaster@noaa.gov
Page last modified: May 16, 2007
NATIONAL WEATHER SERVICE: for Safety, for Work, for Fun - FOR LIFE