241
CXUS52 KMLB 231220
CF6ORL
PRELIMINARY LOCAL CLIMATOLOGICAL DATA (WS FORM: F-6)

                                          STATION:   ORLANDO EXEC
                                          MONTH:     APRIL
                                          YEAR:      2014
                                          LATITUDE:   28 32 N
                                          LONGITUDE:  81 20 W

  TEMPERATURE IN F:       :PCPN:    SNOW:  WIND      :SUNSHINE: SKY     :PK WND
================================================================================
1   2   3   4   5  6A  6B    7    8   9   10  11  12  13   14  15   16   17  18
                                     12Z  AVG MX 2MIN
DY MAX MIN AVG DEP HDD CDD  WTR  SNW DPTH SPD SPD DIR MIN PSBL S-S WX    SPD DR
================================================================================

 1  83  51  67  -3   0   2 0.00  0.0    0  2.8 14 110   M    M   0        17 130
 2  85  57  71   1   0   6 0.00  0.0    0  5.8 17 100   M    M   0        21  80
 3  85  60  73   3   0   8 0.00  0.0    0  7.4 15 120   M    M   0        17 210
 4  84  65  75   5   0  10 0.00  0.0    0  7.7 17 190   M    M   1        21 240
 5  84  65  75   5   0  10 0.00  0.0    0  5.1 15 110   M    M   3        19 110
 6  87  67  77   7   0  12 0.00  0.0    0  7.1 16 170   M    M   1        20 180
 7  90  70  80  10   0  15 0.08  0.0    0 12.8 31 220   M    M   1 1      40 230
 8  79  63  71   0   0   6 0.77  0.0    0 13.4 30 230   M    M   8 1      38 230
 9  75  58  67  -4   0   2 0.01  0.0    0  8.6 18 280   M    M   3        25 270
10  79  58  69  -2   0   4 0.00  0.0    0  5.7 16 110   M    M   2        21 130
11  79  58  69  -2   0   4 0.06  0.0    0  6.8 16  80   M    M   4 8      19  70
12  82  63  73   2   0   8 0.00  0.0    0  8.2 18  80   M    M   2        22  80
13  83  67  75   4   0  10 0.01  0.0    0  9.7 20  70   M    M   5        25  90
14  88  68  78   6   0  13 0.00  0.0    0  7.9 16 140   M    M   3        23 170
15  87  66  77   5   0  12 1.88  0.0    0 10.5 24 280   M    M   5 13     32 280
16  75  51  63  -9   2   0 0.00  0.0    0 11.3 22  30   M    M   6        26  30
17  77  63  70  -2   0   5 0.00  0.0    0 12.8 25  70   M    M   7        30  80
18  81  69  75   3   0  10 0.09  0.0    0  9.3 31 250   M    M   6 138    42 240
19  79  64  72   0   0   7 0.00  0.0    0 11.9 22 240   M    M   7        28 240
20  70  61  66  -7   0   1 0.02  0.0    0  9.0 15  10   M    M  10 18     21 350
21  73  60  67  -6   0   2 0.00  0.0    0  7.9 15  10   M    M   8        21  20
22  81  58  70  -3   0   5 0.00  0.0    0  6.9 15 270   M    M   2        19 260
================================================================================
SM 1786 1362         2 152  2.92     0.0 188.6          M       84
================================================================================
AV 81.2 61.9                               8.6 FASTST   M    M   4    MAX(MPH)
                                 MISC ---->  # 31 220               # 42  240
================================================================================
NOTES:
# LAST OF SEVERAL OCCURRENCES

COLUMN 17 PEAK WIND IN M.P.H.

PRELIMINARY LOCAL CLIMATOLOGICAL DATA (WS FORM: F-6) , PAGE 2

                                          STATION:  ORLANDO EXEC
                                          MONTH:    APRIL
                                          YEAR:     2014
                                          LATITUDE:   28 32 N
                                          LONGITUDE:  81 20 W

[TEMPERATURE DATA]      [PRECIPITATION DATA]       SYMBOLS USED IN COLUMN 16

AVERAGE MONTHLY: 71.5   TOTAL FOR MONTH:   2.92    1 = FOG OR MIST
DPTR FM NORMAL:   0.3   DPTR FM NORMAL:    1.09    2 = FOG REDUCING VISIBILITY
HIGHEST:    90 ON  7    GRTST 24HR  1.88 ON 15-15      TO 1/4 MILE OR LESS
LOWEST:     51 ON 16, 1                            3 = THUNDER
                        SNOW, ICE PELLETS, HAIL    4 = ICE PELLETS
                        TOTAL MONTH:   0.0 INCH    5 = HAIL
                        GRTST 24HR     0.0         6 = FREEZING RAIN OR DRIZZLE
                        GRTST DEPTH:   0           7 = DUSTSTORM OR SANDSTORM:
                                                       VSBY 1/2 MILE OR LESS
                                                   8 = SMOKE OR HAZE
[NO. OF DAYS WITH]      [WEATHER - DAYS WITH]      9 = BLOWING SNOW
                                                   X = TORNADO
MAX 32 OR BELOW:   0    0.01 INCH OR MORE:   8
MAX 90 OR ABOVE:   1    0.10 INCH OR MORE:   2
MIN 32 OR BELOW:   0    0.50 INCH OR MORE:   2
MIN  0 OR BELOW:   0    1.00 INCH OR MORE:   1

[HDD (BASE 65) ]
TOTAL THIS MO.     2    CLEAR  (SCALE 0-3)  11
DPTR FM NORMAL    -9    PTCLDY (SCALE 4-7)  10
TOTAL FM JUL 1   411    CLOUDY (SCALE 8-10)  1
DPTR FM NORMAL  -119

[CDD (BASE 65) ]
TOTAL THIS MO.   152
DPTR FM NORMAL     6    [PRESSURE DATA]
TOTAL FM JAN 1   395    HIGHEST SLP M ON M
DPTR FM NORMAL    28    LOWEST  SLP 29.69 ON  8

[REMARKS]




U.S. Dept. of Commerce
NOAA National Weather Service
1325 East West Highway
Silver Spring, MD 20910
E-mail: w-nws.webmaster@noaa.gov
Page last modified: May 16, 2007
NATIONAL WEATHER SERVICE: for Safety, for Work, for Fun - FOR LIFE