244
CXUS52 KMLB 301115
CF6ORL
PRELIMINARY LOCAL CLIMATOLOGICAL DATA (WS FORM: F-6)

                                          STATION:   ORLANDO EXEC
                                          MONTH:     AUGUST
                                          YEAR:      2014
                                          LATITUDE:   28 32 N
                                          LONGITUDE:  81 20 W

  TEMPERATURE IN F:       :PCPN:    SNOW:  WIND      :SUNSHINE: SKY     :PK WND
================================================================================
1   2   3   4   5  6A  6B    7    8   9   10  11  12  13   14  15   16   17  18
                                     12Z  AVG MX 2MIN
DY MAX MIN AVG DEP HDD CDD  WTR  SNW DPTH SPD SPD DIR MIN PSBL S-S WX    SPD DR
================================================================================

 1  93  76  85   1   0  20 0.00  0.0    0  5.2 14 100   M    M   3        17  90
 2  94  77  86   2   0  21 0.00  0.0    0  6.0 18  80   M    M   1        24  70
 3  94  79  87   3   0  22 0.23  0.0    0  4.4 20  30   M    M   3 138    25  60
 4  91  76  84   0   0  19 1.59  0.0    0  5.3 23  80   M    M   4 138    26  80
 5  90  75  83  -1   0  18    T  0.0    0  6.7 18  80   M    M   1 3      23  70
 6  95  77  86   2   0  21 0.48  0.0    0  3.4 17 130   M    M   3 13     22 130
 7  93  77  85   1   0  20 0.14  0.0    0  3.8 21 230   M    M   3 138    23 250
 8  94  75  85   1   0  20 0.01  0.0    0  5.4 31 160   M    M   2 3      37 160
 9  93  76  85   1   0  20 0.08  0.0    0  6.8 26 270   M    M   1 3      32 250
10  92  77  85   1   0  20 0.00  0.0    0  7.4 29 270   M    M   1 3      38 270
11  90  76  83  -1   0  18 0.08  0.0    0  8.5 24 260   M    M   1 13     29 270
12  93  75  84   0   0  19 0.18  0.0    0  8.5 25 270   M    M   1 13     37 280
13  94  76  85   1   0  20 1.59  0.0    0  8.5 23 200   M    M   1 138    28 190
14  93  76  85   1   0  20 0.01  0.0    0  6.6 20 240   M    M   1 3      23 230
15  88  76  82  -2   0  17 0.01  0.0    0  5.6 17 260   M    M   1 3      21 290
16  91  75  83  -1   0  18 0.30  0.0    0  7.1 28 250   M    M   2 38     36 250
17  94  74  84   0   0  19 0.00  0.0    0  6.0 21 180   M    M   1 3      27 180
18  95  79  87   3   0  22 0.00  0.0    0  4.3 22 280   M    M   1 3      28 270
19  95  77  86   2   0  21 0.00  0.0    0  6.5 13 310   M    M   1        18 290
20  96  78  87   4   0  22 0.00  0.0    0  4.9 13 280   M    M   1        17 310
21  96  79  88   5   0  23    T  0.0    0  4.0 20 150   M    M   3 3      24 150
22  98  79  89   6   0  24 0.00  0.0    0  3.9 18  70   M    M   1 3      24  30
23  97  77  87   4   0  22 0.00  0.0    0  4.5 15  10   M    M   1 3      19  20
24  99  78  89   6   0  24    T  0.0    0  6.9 26  20   M    M   2 3      32  20
25  92  79  86   3   0  21    T  0.0    0 12.6 26  80   M    M   3        32  80
26  92  77  85   2   0  20 0.00  0.0    0 10.5 22  70   M    M   2        27  60
27  93  77  85   2   0  20    T  0.0    0  8.1 20  80   M    M   4        22  20
28  94  74  84   1   0  19 0.00  0.0    0  5.1 18  80   M    M   2        22  80
29  93  75  84   1   0  19 1.19  0.0    0  5.9 24 180   M    M   4 1238   29 190
================================================================================
SM 2712 2222         0 589  5.89     0.0 182.4          M       55
================================================================================
AV 93.5 76.6                               6.3 FASTST   M    M   2    MAX(MPH)
                                 MISC ---->  # 31 160               # 38  270
================================================================================
NOTES:
# LAST OF SEVERAL OCCURRENCES

COLUMN 17 PEAK WIND IN M.P.H.

PRELIMINARY LOCAL CLIMATOLOGICAL DATA (WS FORM: F-6) , PAGE 2

                                          STATION:  ORLANDO EXEC
                                          MONTH:    AUGUST
                                          YEAR:     2014
                                          LATITUDE:   28 32 N
                                          LONGITUDE:  81 20 W

[TEMPERATURE DATA]      [PRECIPITATION DATA]       SYMBOLS USED IN COLUMN 16

AVERAGE MONTHLY: 85.1   TOTAL FOR MONTH:   5.89    1 = FOG OR MIST
DPTR FM NORMAL:   1.4   DPTR FM NORMAL:   -1.40    2 = FOG REDUCING VISIBILITY
HIGHEST:    99 ON 24    GRTST 24HR  1.60 ON 13-14      TO 1/4 MILE OR LESS
LOWEST:     74 ON 28,17                            3 = THUNDER
                        SNOW, ICE PELLETS, HAIL    4 = ICE PELLETS
                        TOTAL MONTH:   0.0 INCH    5 = HAIL
                        GRTST 24HR     0.0         6 = FREEZING RAIN OR DRIZZLE
                        GRTST DEPTH:   0           7 = DUSTSTORM OR SANDSTORM:
                                                       VSBY 1/2 MILE OR LESS
                                                   8 = SMOKE OR HAZE
[NO. OF DAYS WITH]      [WEATHER - DAYS WITH]      9 = BLOWING SNOW
                                                   X = TORNADO
MAX 32 OR BELOW:   0    0.01 INCH OR MORE:  13
MAX 90 OR ABOVE:  28    0.10 INCH OR MORE:   8
MIN 32 OR BELOW:   0    0.50 INCH OR MORE:   3
MIN  0 OR BELOW:   0    1.00 INCH OR MORE:   3

[HDD (BASE 65) ]
TOTAL THIS MO.     0    CLEAR  (SCALE 0-3)  25
DPTR FM NORMAL     0    PTCLDY (SCALE 4-7)   4
TOTAL FM JUL 1     0    CLOUDY (SCALE 8-10)  0
DPTR FM NORMAL     0

[CDD (BASE 65) ]
TOTAL THIS MO.   589
DPTR FM NORMAL    49    [PRESSURE DATA]
TOTAL FM JAN 1  2602    HIGHEST SLP M ON M
DPTR FM NORMAL   138    LOWEST  SLP 29.80 ON 24

[REMARKS]




U.S. Dept. of Commerce
NOAA National Weather Service
1325 East West Highway
Silver Spring, MD 20910
E-mail: w-nws.webmaster@noaa.gov
Page last modified: May 16, 2007
NATIONAL WEATHER SERVICE: for Safety, for Work, for Fun - FOR LIFE