910
CXUS51 KBOX 011239
CF6ORH
PRELIMINARY LOCAL CLIMATOLOGICAL DATA (WS FORM: F-6)

                                          STATION:   WORCESTER MA
                                          MONTH:     NOVEMBER
                                          YEAR:      2014
                                          LATITUDE:   42 16 N
                                          LONGITUDE:  71 52 W

  TEMPERATURE IN F:       :PCPN:    SNOW:  WIND      :SUNSHINE: SKY     :PK WND
================================================================================
1   2   3   4   5  6A  6B    7    8   9   10  11  12  13   14  15   16   17  18
                                     12Z  AVG MX 2MIN
DY MAX MIN AVG DEP HDD CDD  WTR  SNW DPTH SPD SPD DIR MIN PSBL S-S WX    SPD DR
================================================================================

 1  41  35  38  -7  27   0 0.40  0.0    M 15.0 24  20   M    M  10 1      33  10
 2  39  33  36  -9  29   0 0.00  0.0    M 21.2 36 310   M    M   4        48 300
 3  49  29  39  -5  26   0 0.00  0.0    M 14.7 24 300   M    M   0        33 320
 4  60  41  51   7  14   0 0.00  0.0    M  9.7 16 230   M    M   4        20 230
 5  61  44  53   9  12   0 0.00  0.0    M  9.1 22 270   M    M   1        31 250
 6  49  42  46   2  19   0 0.34  0.0    M  5.9 12  30   M    M   8 12     16  40
 7  44  33  39  -4  26   0 0.00  0.0    M 14.3 26 300   M    M   9 1      35 300
 8  44  29  37  -6  28   0 0.00  0.0    M 10.1 21 290   M    M   1        29 280
 9  50  37  44   1  21   0 0.00  0.0    M  7.4 14 230   M    M   5        18 220
10  56  37  47   5  18   0 0.00  0.0    M  6.7 12 230   M    M   0        13 240
11  59  40  50   8  15   0 0.00  0.0    M  8.1 18 190   M    M   4 12     23 210
12  63  37  50   8  15   0 0.00  0.0    M  8.2 21 290   M    M   6 12     28 300
13  46  29  38  -3  27   0 0.06    T    M  6.2 14 310   M    M   4 1      18 330
14  38  26  32  -9  33   0 0.10  0.8    M 10.2 21 290   M    M   5 1      27 310
15  35  22  29 -12  36   0 0.00  0.0    M  8.0 17 320   M    M   2        21 310
16  37  22  30 -10  35   0 0.00  0.0    M  8.1 17 210   M    M   6        23 210
17  50  32  41   1  24   0 1.35    T    M  7.5 20 260   M    M  10 126    24 250
18  40  20  30 -10  35   0 0.00  0.0    M 14.3 26 300   M    M   4        37 240
19  30  17  24 -15  41   0 0.00  0.0    M 14.1 25 250   M    M   1        31 290
20  42  25  34  -5  31   0 0.00  0.0    M 14.5 31 240   M    M   4        41 240
21  30  20  25 -14  40   0 0.00  0.0    M 14.5 30 310   M    M   1        39 300
22  39  19  29  -9  36   0 0.00  0.0    M 16.5 32 240   M    M   1        40 250
23  55  35  45   7  20   0    T  0.0    M 10.9 28 250   M    M   3        33 260
24  62  41  52  15  13   0 0.86  0.0    M 14.8 26 220   M    M   8 12     36 200
25  61  39  50  13  15   0 0.00  0.0    M 13.1 25 250   M    M   0        32 250
26  41  30  36  -1  29   0 1.38  5.3    M 11.9 25  20   M    M   8 126    35  20
27  31  26  29  -7  36   0 0.07  1.1    M  9.4 18 360   M    M  10 1      28 360
28  30  18  24 -12  41   0    T    T    M 10.9 23 300   M    M   5 1      29 300
29  28  14  21 -15  44   0 0.00  0.0    M  6.8 13 210   M    M   3        16 210
30  50  28  39   4  26   0    T  0.0    M 11.9 21 220   M    M   9        26 220
================================================================================
SM 1360  900       812   0  4.56     7.2 334.0          M      136
================================================================================
AV 45.3 30.0                              11.1 FASTST   M    M   5    MAX(MPH)
                                 MISC ---->  # 36 310               # 48  300
================================================================================
NOTES:
# LAST OF SEVERAL OCCURRENCES

COLUMN 17 PEAK WIND IN M.P.H.

PRELIMINARY LOCAL CLIMATOLOGICAL DATA (WS FORM: F-6) , PAGE 2

                                          STATION:  WORCESTER MA
                                          MONTH:    NOVEMBER
                                          YEAR:     2014
                                          LATITUDE:   42 16 N
                                          LONGITUDE:  71 52 W

[TEMPERATURE DATA]      [PRECIPITATION DATA]       SYMBOLS USED IN COLUMN 16

AVERAGE MONTHLY: 37.7   TOTAL FOR MONTH:   4.56    1 = FOG OR MIST
DPTR FM NORMAL:  -2.6   DPTR FM NORMAL:    0.28    2 = FOG REDUCING VISIBILITY
HIGHEST:    63 ON 12    GRTST 24HR  1.44 ON 26-27      TO 1/4 MILE OR LESS
LOWEST:     14 ON 29                               3 = THUNDER
                        SNOW, ICE PELLETS, HAIL    4 = ICE PELLETS
                        TOTAL MONTH:   7.2 INCHES  5 = HAIL
                        GRTST 24HR   5.3 ON   M    6 = FREEZING RAIN OR DRIZZLE
                        GRTST DEPTH:  M  ON   M    7 = DUSTSTORM OR SANDSTORM:
                                                       VSBY 1/2 MILE OR LESS
                                                   8 = SMOKE OR HAZE
[NO. OF DAYS WITH]      [WEATHER - DAYS WITH]      9 = BLOWING SNOW
                                                   X = TORNADO
MAX 32 OR BELOW:   5    0.01 INCH OR MORE:   8
MAX 90 OR ABOVE:   0    0.10 INCH OR MORE:   6
MIN 32 OR BELOW:  17    0.50 INCH OR MORE:   3
MIN  0 OR BELOW:   0    1.00 INCH OR MORE:   2

[HDD (BASE 65) ]
TOTAL THIS MO.   812    CLEAR  (SCALE 0-3)   9
DPTR FM NORMAL    71    PTCLDY (SCALE 4-7)  16
TOTAL FM JUL 1  1378    CLOUDY (SCALE 8-10)  5
DPTR FM NORMAL   -24

[CDD (BASE 65) ]
TOTAL THIS MO.     0
DPTR FM NORMAL     0    [PRESSURE DATA]
TOTAL FM JAN 1   426    HIGHEST SLP 30.42 ON 22
DPTR FM NORMAL   -45    LOWEST  SLP 29.43 ON 17

[REMARKS]
#FINAL-11-14#




U.S. Dept. of Commerce
NOAA National Weather Service
1325 East West Highway
Silver Spring, MD 20910
E-mail: w-nws.webmaster@noaa.gov
Page last modified: May 16, 2007
NATIONAL WEATHER SERVICE: for Safety, for Work, for Fun - FOR LIFE