135
CXUS51 KBOX 011200
CF6ORH
PRELIMINARY LOCAL CLIMATOLOGICAL DATA (WS FORM: F-6)

                                          STATION:   WORCESTER MA
                                          MONTH:     JULY
                                          YEAR:      2014
                                          LATITUDE:   42 16 N
                                          LONGITUDE:  71 52 W

  TEMPERATURE IN F:       :PCPN:    SNOW:  WIND      :SUNSHINE: SKY     :PK WND
================================================================================
1   2   3   4   5  6A  6B    7    8   9   10  11  12  13   14  15   16   17  18
                                     12Z  AVG MX 2MIN
DY MAX MIN AVG DEP HDD CDD  WTR  SNW DPTH SPD SPD DIR MIN PSBL S-S WX    SPD DR
================================================================================

 1  85  65  75   6   0  10 0.00  0.0    M 13.7 22 210   M    M   1        29 210
 2  88  68  78   9   0  13 0.16  0.0    M 11.5 22 210   M    M   2 13     28 200
 3  87  66  77   8   0  12 0.69  0.0    M  8.4 23 240   M    M   6 13     28 240
 4  71  59  65  -4   0   0 0.88  0.0    M 10.0 21 320   M    M   8 1      28 320
 5  75  57  66  -4   0   1    T  0.0    M 16.0 26 310   M    M   2        38 320
 6  80  58  69  -1   0   4 0.00  0.0    M 12.8 23 220   M    M   0        30 230
 7  83  64  74   4   0   9 0.14  0.0    M 12.3 24 220   M    M   4 138    31 210
 8  85  66  76   6   0  11    T  0.0    M 14.0 17 200   M    M   1        25 200
 9  83  63  73   3   0   8 0.02  0.0    M 13.0 29 250   M    M   3 3      39 260
10  76  62  69  -1   0   4 0.00  0.0    M  6.9 15 310   M    M   0        19 310
11  79  60  70   0   0   5 0.00  0.0    M  6.2 12 140   M    M   1        14  70
12  82  60  71   1   0   6 0.00  0.0    M  7.5 15 220   M    M   1        20 200
13  80  63  72   2   0   7 0.11  0.0    M 14.6 22 210   M    M   4 1      30 210
14  80  69  75   5   0  10 0.14  0.0    M  8.6 17 210   M    M   8 13     24 210
15  81  67  74   4   0   9 2.59  0.0    M 10.2 35 210   M    M   8 13     48 210
16  73  64  69  -1   0   4 0.01  0.0    M  7.9 13 230   M    M   6        19 220
17  78  61  70  -1   0   5 0.00  0.0    M  8.6 15 320   M    M   1        18 310
18  76  58  67  -4   0   2 0.00  0.0    M  5.1 12 310   M    M   0 8      14 310
19  73  58  66  -5   0   1    T  0.0    M  4.7 10 160   M    M   2        14 150
20  76  60  68  -3   0   3 0.00  0.0    M  4.8 10  80   M    M   2        14  80
21  79  57  68  -3   0   3 0.00  0.0    M  4.9  9 250   M    M   1 1      12 360
22  85  62  74   3   0   9 0.00  0.0    M  9.7 16 230   M    M   1        20 230
23  87  67  77   6   0  12 0.10  0.0    M 10.9 22 290   M    M   2 13     31 300
24  77  65  71   0   0   6 0.00  0.0    M  7.6 14 320   M    M   7 1      18 320
25  77  55  66  -5   0   1 0.00  0.0    M  7.1 13 310   M    M   1 8      17 300
26  79  60  70  -1   0   5 0.00  0.0    M  9.8 20 250   M    M   1        25 260
27  76  63  70  -1   0   5 1.08  0.0    M  8.4 17 190   M    M   7 13     22 200
28  79  63  71   0   0   6 0.36  0.0    M 11.5 26 280   M    M   6 123    36 250
29  72  58  65  -5   0   0 0.00  0.0    M  9.5 21 290   M    M   4        28 290
30  74  57  66  -4   0   1 0.00  0.0    M  5.6 12 240   M    M   4        14 270
31  77  56  67  -3   0   2 0.00  0.0    M  9.8 17 220   M    M   2        22 230
================================================================================
SM 2453 1911         0 174  6.28     0.0 291.6          M       96
================================================================================
AV 79.1 61.6                               9.4 FASTST   M    M   3    MAX(MPH)
                                 MISC ---->  # 35 210               # 48  210
================================================================================
NOTES:
# LAST OF SEVERAL OCCURRENCES

COLUMN 17 PEAK WIND IN M.P.H.

PRELIMINARY LOCAL CLIMATOLOGICAL DATA (WS FORM: F-6) , PAGE 2

                                          STATION:  WORCESTER MA
                                          MONTH:    JULY
                                          YEAR:     2014
                                          LATITUDE:   42 16 N
                                          LONGITUDE:  71 52 W

[TEMPERATURE DATA]      [PRECIPITATION DATA]       SYMBOLS USED IN COLUMN 16

AVERAGE MONTHLY: 70.4   TOTAL FOR MONTH:   6.28    1 = FOG OR MIST
DPTR FM NORMAL:   0.2   DPTR FM NORMAL:    2.05    2 = FOG REDUCING VISIBILITY
HIGHEST:    88 ON  2    GRTST 24HR  2.60 ON 15-16      TO 1/4 MILE OR LESS
LOWEST:     55 ON 25                               3 = THUNDER
                        SNOW, ICE PELLETS, HAIL    4 = ICE PELLETS
                        TOTAL MONTH:   0.0 INCH    5 = HAIL
                        GRTST 24HR     0.0         6 = FREEZING RAIN OR DRIZZLE
                        GRTST DEPTH:  M  ON   M    7 = DUSTSTORM OR SANDSTORM:
                                                       VSBY 1/2 MILE OR LESS
                                                   8 = SMOKE OR HAZE
[NO. OF DAYS WITH]      [WEATHER - DAYS WITH]      9 = BLOWING SNOW
                                                   X = TORNADO
MAX 32 OR BELOW:   0    0.01 INCH OR MORE:  12
MAX 90 OR ABOVE:   0    0.10 INCH OR MORE:  10
MIN 32 OR BELOW:   0    0.50 INCH OR MORE:   4
MIN  0 OR BELOW:   0    1.00 INCH OR MORE:   2

[HDD (BASE 65) ]
TOTAL THIS MO.     0    CLEAR  (SCALE 0-3)  19
DPTR FM NORMAL   -14    PTCLDY (SCALE 4-7)  10
TOTAL FM JUL 1     0    CLOUDY (SCALE 8-10)  2
DPTR FM NORMAL   -14

[CDD (BASE 65) ]
TOTAL THIS MO.   174
DPTR FM NORMAL    -1    [PRESSURE DATA]
TOTAL FM JAN 1   266    HIGHEST SLP 30.29 ON 19
DPTR FM NORMAL   -15    LOWEST  SLP 29.46 ON 28

[REMARKS]
#FINAL-07-14#




U.S. Dept. of Commerce
NOAA National Weather Service
1325 East West Highway
Silver Spring, MD 20910
E-mail: w-nws.webmaster@noaa.gov
Page last modified: May 16, 2007
NATIONAL WEATHER SERVICE: for Safety, for Work, for Fun - FOR LIFE