784
CXUS51 KBOX 011200
CF6ORH
PRELIMINARY LOCAL CLIMATOLOGICAL DATA (WS FORM: F-6)

                                          STATION:   WORCESTER MA
                                          MONTH:     JANUARY
                                          YEAR:      2015
                                          LATITUDE:   42 16 N
                                          LONGITUDE:  71 52 W

  TEMPERATURE IN F:       :PCPN:    SNOW:  WIND      :SUNSHINE: SKY     :PK WND
================================================================================
1   2   3   4   5  6A  6B    7    8   9   10  11  12  13   14  15   16   17  18
                                     12Z  AVG MX 2MIN
DY MAX MIN AVG DEP HDD CDD  WTR  SNW DPTH SPD SPD DIR MIN PSBL S-S WX    SPD DR
================================================================================

 1  30  13  22  -3  43   0 0.00  0.0    M 14.9 23 240   M    M   0        30 240
 2  34  26  30   5  35   0 0.00  0.0    M 14.5 29 280   M    M   5        39 280
 3  30  20  25   0  40   0 0.58    M    M  6.6 18 300   M    M   4 126    24 140
 4  47  30  39  14  26   0 0.42  2.2    M 11.8 23 240   M    M  10 126    30 280
 5  40  10  25   1  40   0    T  0.0    M 22.6 37 290   M    M   3        49 280
 6  13   7  10 -14  55   0 0.03  0.6    M  5.9 15 270   M    M   5 1      19 250
 7  19   7  13 -11  52   0    T    T    M 14.1 30 290   M    M   3 8      47 280
 8  17  -6   6 -18  59   0 0.00  0.0    M 14.8 24 300   M    M   0        35 290
 9  28  16  22  -2  43   0 0.09  2.1    M 16.1 30 240   M    M   6 8      39 240
10  18   8  13 -11  52   0 0.00  0.0    M 10.6 20 260   M    M   1        26 260
11  27   6  17  -7  48   0 0.00  0.0    M 10.1 16 240   M    M   7        20 220
12  34  27  31   7  34   0 0.26  0.3    M 11.4 22 240   M    M  10 16     27 250
13  31   8  20  -4  45   0 0.00  0.0    M  8.6 21 330   M    M   1        28 320
14  23  10  17  -7  48   0    T    T    M  4.5  9 320   M    M   9        12 330
15  27  18  23  -1  42   0    T    T    M  7.8 21 270   M    M   8 18     27 270
16  32   9  21  -3  44   0    T    T    M 17.8 36 290   M    M   2 8      47 280
17  21   2  12 -12  53   0 0.00  0.0    M  9.1 23 300   M    M   0        27 300
18  47  19  33   9  32   0 1.30  0.0    M 11.4 28 140   M    M   9 12     38 160
19  36  26  31   7  34   0 0.00  0.0    M 15.6 29 280   M    M   5        35 270
20  32  20  26   2  39   0 0.00  0.0    M 12.9 22 250   M    M   3        32 250
21  32  15  24   0  41   0 0.00  0.0    M  6.1 18 310   M    M   2        24 290
22  33  23  28   4  37   0 0.00  0.0    M  7.9 20 280   M    M   9        25 300
23  32  14  23  -1  42   0 0.00  0.0    M 10.5 21 280   M    M   0        27 280
24  31  28  30   6  35   0 0.61  6.2    M 11.5 26 290   M    M   8 126    34 290
25  31  15  23  -1  42   0    T    T    M 13.6 25 290   M    M   4 1      33 280
26  18   7  13 -11  52   0 0.13  2.6    M 11.9 26  40   M    M   7 1      40  40
27  18   9  14 -10  51   0 1.55 31.9    M 20.3 31  10   M    M  10 12     55 360
28  22   7  15  -9  50   0    T    T    M 15.6 25 310   M    M   3 9      35 310
29  30   8  19  -5  46   0    T    T    M  6.2 13 310   M    M   2        16 310
30  30  11  21  -3  44   0 0.06  0.6    M 12.9 37 310   M    M   8 19     48 320
31  16   M   M   M   M   M    T    T    M 24.5 33 310   M    M   3 9      53 300
================================================================================
SM  879  413      1304   0  5.03    46.5 382.1          M      147
================================================================================
AV 28.4 13.8                              12.3 FASTST   M    M   5    MAX(MPH)
                                 MISC ---->  # 37 290               # 55  360
================================================================================
NOTES:
# LAST OF SEVERAL OCCURRENCES

COLUMN 17 PEAK WIND IN M.P.H.

PRELIMINARY LOCAL CLIMATOLOGICAL DATA (WS FORM: F-6) , PAGE 2

                                          STATION:  WORCESTER MA
                                          MONTH:    JANUARY
                                          YEAR:     2015
                                          LATITUDE:   42 16 N
                                          LONGITUDE:  71 52 W

[TEMPERATURE DATA]      [PRECIPITATION DATA]       SYMBOLS USED IN COLUMN 16

AVERAGE MONTHLY: 21.1   TOTAL FOR MONTH:   5.03    1 = FOG OR MIST
DPTR FM NORMAL:  -3.0   DPTR FM NORMAL:    1.54    2 = FOG REDUCING VISIBILITY
HIGHEST:    47 ON 18, 4 GRTST 24HR  1.55 ON 27-27      TO 1/4 MILE OR LESS
LOWEST:     -6 ON  8                               3 = THUNDER
                        SNOW, ICE PELLETS, HAIL    4 = ICE PELLETS
                        TOTAL MONTH:  46.5 INCHES  5 = HAIL
                        GRTST 24HR  31.9 ON   M    6 = FREEZING RAIN OR DRIZZLE
                        GRTST DEPTH:  M  ON   M    7 = DUSTSTORM OR SANDSTORM:
                                                       VSBY 1/2 MILE OR LESS
                                                   8 = SMOKE OR HAZE
[NO. OF DAYS WITH]      [WEATHER - DAYS WITH]      9 = BLOWING SNOW
                                                   X = TORNADO
MAX 32 OR BELOW:  24    0.01 INCH OR MORE:  10
MAX 90 OR ABOVE:   0    0.10 INCH OR MORE:   7
MIN 32 OR BELOW:  30    0.50 INCH OR MORE:   4
MIN  0 OR BELOW:   1    1.00 INCH OR MORE:   2

[HDD (BASE 65) ]
TOTAL THIS MO.  1304    CLEAR  (SCALE 0-3)  12
DPTR FM NORMAL    35    PTCLDY (SCALE 4-7)  11
TOTAL FM JUL 1  3646    CLOUDY (SCALE 8-10)  8
DPTR FM NORMAL  -127

[CDD (BASE 65) ]
TOTAL THIS MO.     0
DPTR FM NORMAL     0    [PRESSURE DATA]
TOTAL FM JAN 1     0    HIGHEST SLP 30.65 ON 13
DPTR FM NORMAL     0    LOWEST  SLP 29.19 ON 24

[REMARKS]
#FINAL-01-15#




U.S. Dept. of Commerce
NOAA National Weather Service
1325 East West Highway
Silver Spring, MD 20910
E-mail: w-nws.webmaster@noaa.gov
Page last modified: May 16, 2007
NATIONAL WEATHER SERVICE: for Safety, for Work, for Fun - FOR LIFE