759
CXUS51 KAKQ 011010
CF6ORF
PRELIMINARY LOCAL CLIMATOLOGICAL DATA (WS FORM: F-6)

                                          STATION:   NORFOLK VA
                                          MONTH:     NOVEMBER
                                          YEAR:      2014
                                          LATITUDE:   36 54 N
                                          LONGITUDE:  76 12 W

  TEMPERATURE IN F:       :PCPN:    SNOW:  WIND      :SUNSHINE: SKY     :PK WND
================================================================================
1   2   3   4   5  6A  6B    7    8   9   10  11  12  13   14  15   16   17  18
                                     12Z  AVG MX 2MIN
DY MAX MIN AVG DEP HDD CDD  WTR  SNW DPTH SPD SPD DIR MIN PSBL S-S WX    SPD DR
================================================================================

 1  54  50  52  -5  13   0 0.07  0.0    0 17.9 33 360   M    M   9 1      50 360
 2  52  41  47 -10  18   0 0.02  0.0    0 12.7 30 350   M    M   6        44 350
 3  62  35  49  -7  16   0 0.00  0.0    0  6.9 18 340   M    M   0        27 360
 4  72  46  59   3   6   0 0.00  0.0    0 10.8 15 220   M    M   0        19 220
 5  68  53  61   5   4   0 0.00  0.0    0  8.9 18 210   M    M   0        25 240
 6  68  52  60   4   5   0 0.39  0.0    0 11.4 21 200   M    M   4 1      32 350
 7  61  48  55   0  10   0 0.00  0.0    0  8.2 18 350   M    M   1        24 310
 8  59  37  48  -7  17   0 0.00  0.0    0  5.5 15 230   M    M   0        20 230
 9  58  44  51  -4  14   0 0.00  0.0    0  3.2  8  30   M    M   0 1      10  30
10  64  40  52  -2  13   0 0.00  0.0    0  4.7 15  70   M    M   0 1      19  60
11  61  54  58   4   7   0 0.06  0.0    0  5.7 15 360   M    M   8 1      20 360
12  71  55  63   9   2   0 0.00  0.0    0  6.5 21  20   M    M   4 12     26  20
13  55  44  50  -4  15   0 0.01  0.0    0 13.4 21  20   M    M   9 18     27 350
14  45  37  41 -12  24   0    T  0.0    0 11.7 22 350   M    M   6        32 360
15  45  31  38 -15  27   0 0.00  0.0    0  6.8 16 350   M    M   0        22 350
16  53  31  42 -11  23   0 0.19  0.0    0  1.8 10 220   M    M   9 1      14 150
17  74  49  62  10   3   0 0.01  0.0    0 12.1 30 190   M    M   8 1      37 180
18  54  31  43  -9  22   0 0.00  0.0    0  7.9 14 310   M    M   3 8      25 320
19  41  28  35 -17  30   0 0.00  0.0    0  9.0 20 220   M    M   0        22 210
20  58  34  46  -6  19   0 0.00  0.0    0 12.0 26 240   M    M   0        37 240
21  45  28  37 -14  28   0 0.00  0.0    0  8.1 18 350   M    M   0        23 360
22  51  25  38 -13  27   0 0.00  0.0    0  6.4 15 210   M    M   0        18 210
23  65  34  50  -1  15   0 0.14  0.0    0  6.6 18 170   M    M   3 1      28 150
24  76  64  70  20   0   5 0.33  0.0    0 18.8 29 220   M    M   7 1      36 190
25  65  52  59   9   6   0 0.28  0.0    0  8.1 15 210   M    M   7        18 210
26  53  40  47  -3  18   0 1.79  0.0    0 17.6 33  30   M    M  10 1      47  10
27  44  34  39 -10  26   0 0.15  0.0    0  5.6 20 350   M    M   8 1      24 350
28  44  29  37 -12  28   0 0.00  0.0    0  7.1 21 350   M    M   1        30 360
29  49  27  38 -11  27   0 0.00  0.0    0  6.7 15 210   M    M   0        22 240
30  68  35  52   4  13   0 0.00  0.0    0 13.3 28 220   M    M   0        35 230
================================================================================
SM 1735 1208       476   5  3.44     0.0 275.4          M      103
================================================================================
AV 57.8 40.3                               9.2 FASTST   M    M   3    MAX(MPH)
                                 MISC ---->  # 33 360               # 50  360
================================================================================
NOTES:
# LAST OF SEVERAL OCCURRENCES

COLUMN 17 PEAK WIND IN M.P.H.

PRELIMINARY LOCAL CLIMATOLOGICAL DATA (WS FORM: F-6) , PAGE 2

                                          STATION:  NORFOLK VA
                                          MONTH:    NOVEMBER
                                          YEAR:     2014
                                          LATITUDE:   36 54 N
                                          LONGITUDE:  76 12 W

[TEMPERATURE DATA]      [PRECIPITATION DATA]       SYMBOLS USED IN COLUMN 16

AVERAGE MONTHLY: 49.0   TOTAL FOR MONTH:   3.44    1 = FOG OR MIST
DPTR FM NORMAL:  -3.9   DPTR FM NORMAL:    0.29    2 = FOG REDUCING VISIBILITY
HIGHEST:    76 ON 24    GRTST 24HR  1.89 ON 25-26      TO 1/4 MILE OR LESS
LOWEST:     25 ON 22                               3 = THUNDER
                        SNOW, ICE PELLETS, HAIL    4 = ICE PELLETS
                        TOTAL MONTH:   0.0 INCH    5 = HAIL
                        GRTST 24HR     0.0         6 = FREEZING RAIN OR DRIZZLE
                        GRTST DEPTH:   0           7 = DUSTSTORM OR SANDSTORM:
                                                       VSBY 1/2 MILE OR LESS
                                                   8 = SMOKE OR HAZE
[NO. OF DAYS WITH]      [WEATHER - DAYS WITH]      9 = BLOWING SNOW
                                                   X = TORNADO
MAX 32 OR BELOW:   0    0.01 INCH OR MORE:  12
MAX 90 OR ABOVE:   0    0.10 INCH OR MORE:   7
MIN 32 OR BELOW:   8    0.50 INCH OR MORE:   1
MIN  0 OR BELOW:   0    1.00 INCH OR MORE:   1

[HDD (BASE 65) ]
TOTAL THIS MO.   476    CLEAR  (SCALE 0-3)  17
DPTR FM NORMAL   103    PTCLDY (SCALE 4-7)   9
TOTAL FM JUL 1   563    CLOUDY (SCALE 8-10)  4
DPTR FM NORMAL    33

[CDD (BASE 65) ]
TOTAL THIS MO.     5
DPTR FM NORMAL    -3    [PRESSURE DATA]
TOTAL FM JAN 1  1724    HIGHEST SLP 30.57 ON 22
DPTR FM NORMAL    96    LOWEST  SLP 29.53 ON 17

[REMARKS]
#FINAL-11-14#




U.S. Dept. of Commerce
NOAA National Weather Service
1325 East West Highway
Silver Spring, MD 20910
E-mail: w-nws.webmaster@noaa.gov
Page last modified: May 16, 2007
NATIONAL WEATHER SERVICE: for Safety, for Work, for Fun - FOR LIFE