892
CXUS51 KAKQ 311010
CF6ORF
PRELIMINARY LOCAL CLIMATOLOGICAL DATA (WS FORM: F-6)

                                          STATION:   NORFOLK VA
                                          MONTH:     JULY
                                          YEAR:      2014
                                          LATITUDE:   36 54 N
                                          LONGITUDE:  76 12 W

  TEMPERATURE IN F:       :PCPN:    SNOW:  WIND      :SUNSHINE: SKY     :PK WND
================================================================================
1   2   3   4   5  6A  6B    7    8   9   10  11  12  13   14  15   16   17  18
                                     12Z  AVG MX 2MIN
DY MAX MIN AVG DEP HDD CDD  WTR  SNW DPTH SPD SPD DIR MIN PSBL S-S WX    SPD DR
================================================================================

 1  95  72  84   5   0  19 0.00  0.0    0 10.2 17 200   M    M   2        22 200
 2  97  76  87   8   0  22    T  0.0    0 14.6 23 200   M    M   2        27 220
 3  96  78  87   8   0  22    T  0.0    0 13.9 22 210   M    M   3        29 150
 4  84  73  79   0   0  14 1.46  0.0    0 13.2 28 350   M    M   4 8      37 320
 5  80  65  73  -6   0   8    T  0.0    0  8.2 18 360   M    M   0        26  10
 6  86  62  74  -6   0   9 0.00  0.0    0  9.5 18 210   M    M   1        23 200
 7  92  71  82   2   0  17 0.00  0.0    0 14.0 24 220   M    M   1        30 220
 8  95  75  85   5   0  20 0.00  0.0    0 17.2 22 210   M    M   1        36 200
 9  94  72  83   3   0  18 1.35  0.0    0 12.7 31 240   M    M   4        43 290
10  83  71  77  -3   0  12 2.40  0.0    0  6.0 21 250   M    M   6 1      27 250
11  81  72  77  -3   0  12 0.00  0.0    0  4.4 14  40   M    M   4        16 100
12  83  69  76  -4   0  11 0.00  0.0    0  5.6 14  40   M    M   0        18  90
13  92  70  81   1   0  16 0.00  0.0    0 10.0 20 200   M    M   1        25 220
14  94  75  85   5   0  20 0.00  0.0    0 14.4 21 210   M    M   1        26 220
15  93  74  84   4   0  19 0.20  0.0    0 13.7 35 190   M    M   4 13     45 210
16  77  72  75  -5   0  10 0.07  0.0    0  6.0 17  20   M    M   8 1      23 360
17  82  69  76  -4   0  11 0.00  0.0    0  5.1 14  10   M    M   1        17 350
18  83  68  76  -4   0  11 0.00  0.0    0  8.5 15  60   M    M   0        20  40
19  79  72  76  -4   0  11 0.00  0.0    0 10.3 17  60   M    M   5        22  60
20  83  73  78  -2   0  13 0.00  0.0    0  6.4 14  70   M    M   5        16  80
21  79  73  76  -4   0  11 0.00  0.0    0  5.7 10 100   M    M   8        17 120
22  84  73  79  -1   0  14 0.00  0.0    0  6.2 15  60   M    M   2        19 120
23  91  74  83   3   0  18 0.00  0.0    0  7.3 18 220   M    M   3        23 220
24  82  72  77  -3   0  12 0.93  0.0    0  7.7 22  20   M    M   6 1      28  30
25  81  69  75  -5   0  10 0.04  0.0    0  7.0 16  10   M    M   2 1      21 360
26  88  67  78  -2   0  13 1.42  0.0    0  7.5 25  20   M    M   3 1      30 350
27  85  74  80   0   0  15    T  0.0    0  9.7 18 210   M    M   2        23 230
28  87  76  82   2   0  17 0.00  0.0    0 10.0 21 230   M    M   1        27 220
29  78  69  74  -6   0   9 0.00  0.0    0  7.4 15 360   M    M   1        25 350
30  80  66  73  -6   0   8 0.00  0.0    0  5.1 12  20   M    M   3        16  30
================================================================================
SM 2584 2142         0 422  7.87     0.0 277.5          M       84
================================================================================
AV 86.1 71.4                               9.2 FASTST   M    M   3    MAX(MPH)
                                 MISC ---->  # 35 190               # 45  210
================================================================================
NOTES:
# LAST OF SEVERAL OCCURRENCES

COLUMN 17 PEAK WIND IN M.P.H.

PRELIMINARY LOCAL CLIMATOLOGICAL DATA (WS FORM: F-6) , PAGE 2

                                          STATION:  NORFOLK VA
                                          MONTH:    JULY
                                          YEAR:     2014
                                          LATITUDE:   36 54 N
                                          LONGITUDE:  76 12 W

[TEMPERATURE DATA]      [PRECIPITATION DATA]       SYMBOLS USED IN COLUMN 16

AVERAGE MONTHLY: 78.8   TOTAL FOR MONTH:   7.87    1 = FOG OR MIST
DPTR FM NORMAL:  -1.0   DPTR FM NORMAL:    2.93    2 = FOG REDUCING VISIBILITY
HIGHEST:    97 ON  2    GRTST 24HR  3.58 ON  9-10      TO 1/4 MILE OR LESS
LOWEST:     62 ON  6                               3 = THUNDER
                        SNOW, ICE PELLETS, HAIL    4 = ICE PELLETS
                        TOTAL MONTH:   0.0 INCH    5 = HAIL
                        GRTST 24HR     0.0         6 = FREEZING RAIN OR DRIZZLE
                        GRTST DEPTH:   0           7 = DUSTSTORM OR SANDSTORM:
                                                       VSBY 1/2 MILE OR LESS
                                                   8 = SMOKE OR HAZE
[NO. OF DAYS WITH]      [WEATHER - DAYS WITH]      9 = BLOWING SNOW
                                                   X = TORNADO
MAX 32 OR BELOW:   0    0.01 INCH OR MORE:   8
MAX 90 OR ABOVE:  10    0.10 INCH OR MORE:   6
MIN 32 OR BELOW:   0    0.50 INCH OR MORE:   5
MIN  0 OR BELOW:   0    1.00 INCH OR MORE:   4

[HDD (BASE 65) ]
TOTAL THIS MO.     0    CLEAR  (SCALE 0-3)  18
DPTR FM NORMAL     0    PTCLDY (SCALE 4-7)  12
TOTAL FM JUL 1     0    CLOUDY (SCALE 8-10)  0
DPTR FM NORMAL     0

[CDD (BASE 65) ]
TOTAL THIS MO.   422
DPTR FM NORMAL   -20    [PRESSURE DATA]
TOTAL FM JAN 1   982    HIGHEST SLP M ON M
DPTR FM NORMAL    59    LOWEST  SLP 29.63 ON 28

[REMARKS]




U.S. Dept. of Commerce
NOAA National Weather Service
1325 East West Highway
Silver Spring, MD 20910
E-mail: w-nws.webmaster@noaa.gov
Page last modified: May 16, 2007
NATIONAL WEATHER SERVICE: for Safety, for Work, for Fun - FOR LIFE