411
CXUS54 KMRX 012242
CF6OQT
PRELIMINARY LOCAL CLIMATOLOGICAL DATA (WS FORM: F-6)

                                          STATION:   OAK_RIDGE_(ASOS)
                                          MONTH:     NOVEMBER
                                          YEAR:      2014
                                          LATITUDE:   36  1 N
                                          LONGITUDE:  84 14 W

  TEMPERATURE IN F:       :PCPN:    SNOW:  WIND      :SUNSHINE: SKY     :PK WND
================================================================================
1   2   3   4   5  6A  6B    7    8   9   10  11  12  13   14  15   16   17  18
                                     12Z  AVG MX 2MIN
DY MAX MIN AVG DEP HDD CDD  WTR  SNW DPTH SPD SPD DIR MIN PSBL S-S WX    SPD DR
================================================================================

 1  42  37  40 -14  25   0    T    M    M  6.4 14 320   M    M   M        24 320
 2  53  28  41 -13  24   0 0.00    M    M  2.4 12  60   M    M   M        18  60
 3  64  30  47  -6  18   0 0.00    M    M  1.0  8 210   M    M   M 1      11 190
 4  70  39  55   2  10   0 0.00    M    M  2.6  9 230   M    M   M        16 220
 5  58  49  54   1  11   0 0.22    M    M  0.4  5  90   M    M   M 1       7 240
 6  67  47  57   5   8   0 0.26    M    M  6.8 20 260   M    M   M 1      33 260
 7  51  36  44  -8  21   0    T    M    M  2.7 13 350   M    M   M        18  10
 8  59  34  47  -5  18   0 0.00    M    M  1.3 10 270   M    M   M 12     14 270
 9  62  34  48  -3  17   0 0.00    M    M  0.5  6 140   M    M   M 12      8 140
10  68  37  53   2  12   0 0.00    M    M  1.6  8 270   M    M   M 12     12 270
11  71  38  55   5  10   0 0.00    M    M  2.8 13 200   M    M   M        19 210
12  61  40  51   1  14   0    T    M    M  3.3 10  70   M    M   M        14  70
13  40  31  36 -14  29   0    T    M    M  3.3 12 340   M    M   M        18 330
14  37  25  31 -18  34   0 0.00    M    M  4.5 10  80   M    M   M        17  90
15  46  23  35 -14  30   0 0.00    M    M  1.8  9  80   M    M   M        16  70
16  41  34  38 -11  27   0 0.46    M    M  0.6  7  80   M    M   M 1       9 130
17  46  26  36 -12  29   0 0.84    M    M  3.2 13 270   M    M   M 1      19 270
18  33  20  27 -21  38   0    T    M    M  5.1 14 270   M    M   M        21 270
19  46  17  32 -16  33   0 0.00    M    M  3.7 15 210   M    M   M        23 220
20  54  31  43  -4  22   0 0.00    M    M  3.9 15 280   M    M   M        22 210
21  52  28  40  -7  25   0 0.00    M    M  1.6  9  70   M    M   M        13  70
22  63  27  45  -2  20   0 0.00    M    M  1.2  9 260   M    M   M        17 260
23  62  42  52   6  13   0 0.39    M    M  2.5 17 210   M    M   M 1      25 190
24  71  50  61  15   4   0 0.00    M    M  9.2 20 210   M    M   M        32 210
25  59  35  47   1  18   0 0.00    M    M  0.5  7 200   M    M   M        11 190
26  54  40  47   2  18   0 0.01    M    M  2.6 12 210   M    M   M 1      20 190
27  42  33  38  -7  27   0 0.18    M    M  4.2 13 260   M    M   M 1      20 270
28  44  25  35 -10  30   0 0.00    M    M  1.8  7 190   M    M   M         9 180
29  51  30  41  -3  24   0 0.00    M    M  3.6  8 260   M    M   M        13 230
30  63  49  56  12   9   0 0.00    M    M  4.4 15 200   M    M   M        22 220
================================================================================
SM 1630 1015       618   0  2.36    M     89.5          M        M
================================================================================
AV 54.3 33.8                               3.0 FASTST   M    M   7    MAX(MPH)
                                 MISC ---->  # 20 260               # 33  260
================================================================================
NOTES:
# LAST OF SEVERAL OCCURRENCES

COLUMN 17 PEAK WIND IN M.P.H.

PRELIMINARY LOCAL CLIMATOLOGICAL DATA (WS FORM: F-6) , PAGE 2

                                          STATION:  OAK_RIDGE_(ASOS)
                                          MONTH:    NOVEMBER
                                          YEAR:     2014
                                          LATITUDE:   36  1 N
                                          LONGITUDE:  84 14 W

[TEMPERATURE DATA]      [PRECIPITATION DATA]       SYMBOLS USED IN COLUMN 16

AVERAGE MONTHLY: 44.1   TOTAL FOR MONTH:   2.36    1 = FOG OR MIST
DPTR FM NORMAL:  -4.8   DPTR FM NORMAL:   -2.13    2 = FOG REDUCING VISIBILITY
HIGHEST:    71 ON 24,11 GRTST 24HR  1.29 ON 16-17      TO 1/4 MILE OR LESS
LOWEST:     17 ON 19                               3 = THUNDER
                        SNOW, ICE PELLETS, HAIL    4 = ICE PELLETS
                        TOTAL MONTH:    M          5 = HAIL
                        GRTST 24HR    M  ON   M    6 = FREEZING RAIN OR DRIZZLE
                        GRTST DEPTH:  M  ON   M    7 = DUSTSTORM OR SANDSTORM:
                                                       VSBY 1/2 MILE OR LESS
                                                   8 = SMOKE OR HAZE
[NO. OF DAYS WITH]      [WEATHER - DAYS WITH]      9 = BLOWING SNOW
                                                   X = TORNADO
MAX 32 OR BELOW:   0    0.01 INCH OR MORE:   7
MAX 90 OR ABOVE:   0    0.10 INCH OR MORE:   6
MIN 32 OR BELOW:  13    0.50 INCH OR MORE:   1
MIN  0 OR BELOW:   0    1.00 INCH OR MORE:   0

[HDD (BASE 65) ]
TOTAL THIS MO.   618    CLEAR  (SCALE 0-3)   0
DPTR FM NORMAL   135    PTCLDY (SCALE 4-7)   0
TOTAL FM JUL 1   783    CLOUDY (SCALE 8-10)  0
DPTR FM NORMAL    80

[CDD (BASE 65) ]
TOTAL THIS MO.     0
DPTR FM NORMAL    -2    [PRESSURE DATA]
TOTAL FM JAN 1  1603    HIGHEST SLP 30.53 ON 21
DPTR FM NORMAL   121    LOWEST  SLP 29.55 ON 23

[REMARKS]
#FINAL-11-14#




U.S. Dept. of Commerce
NOAA National Weather Service
1325 East West Highway
Silver Spring, MD 20910
E-mail: w-nws.webmaster@noaa.gov
Page last modified: May 16, 2007
NATIONAL WEATHER SERVICE: for Safety, for Work, for Fun - FOR LIFE