323
CXUS54 KMRX 291000
CF6OQT
PRELIMINARY LOCAL CLIMATOLOGICAL DATA (WS FORM: F-6)

                                          STATION:   OAK_RIDGE_(ASOS)
                                          MONTH:     JULY
                                          YEAR:      2014
                                          LATITUDE:   36  1 N
                                          LONGITUDE:  84 14 W

  TEMPERATURE IN F:       :PCPN:    SNOW:  WIND      :SUNSHINE: SKY     :PK WND
================================================================================
1   2   3   4   5  6A  6B    7    8   9   10  11  12  13   14  15   16   17  18
                                     12Z  AVG MX 2MIN
DY MAX MIN AVG DEP HDD CDD  WTR  SNW DPTH SPD SPD DIR MIN PSBL S-S WX    SPD DR
================================================================================

 1  91  72  82   4   0  17 0.00    M    M  4.0 10 200   M    M   M        18 190
 2  92  74  83   5   0  18 0.00    M    M  3.3  8 260   M    M   M 1      14 250
 3  85  65  75  -3   0  10 0.00    M    M  3.0 10 310   M    M   2        17 330
 4  83  62  73  -5   0   8 0.00    M    M  2.6 13  80   M    M   0        18  80
 5  86  57  72  -6   0   7 0.00    M    M  2.1  9  80   M    M   1        13  90
 6  88  62  75  -3   0  10 0.00    M    M  2.3  8 260   M    M   2        14 210
 7  90  64  77  -1   0  12 0.00    M    M  4.1 15 190   M    M   M        23 190
 8  87  70  79   1   0  14 0.37    M    M  4.0 13 220   M    M   4 18     21 230
 9  82  69  76  -2   0  11 0.97    M    M  2.7 10 260   M    M   M 1      14 260
10  87  68  78   0   0  13 0.00    M    M  1.2  7  60   M    M   M 1       9 360
11  91  65  78  -1   0  13 0.00    M    M  1.4  8  90   M    M   M 12     10  70
12  93  65  79   0   0  14 0.00    M    M  1.4  9 160   M    M   M        13 170
13  91  72  82   3   0  17 0.45    M    M  3.2 17 260   M    M   2 1      31 260
14  92  73  83   4   0  18    T    M    M  4.6 12 260   M    M   M        20 180
15  85  65  75  -4   0  10 0.03  0.0    0  3.5 10 310   M    M   M        17 280
16  80  58  69 -10   0   4 0.00  0.0    0  2.0  9  80   M    M   M        17  80
17  83  56  70  -9   0   5 0.00    M    M  1.3  9  80   M    M   2        14  50
18  71  63  67 -12   0   2 0.62    M    M  1.2  6 260   M    M   M 1      10 210
19  74  63  69 -10   0   4 1.18    M    M  1.3  6  70   M    M  10 1       9  70
20  85  69  77  -2   0  12 0.09    M    M  0.5  7 150   M    M   M 1      10 210
21  89  69  79   0   0  14 0.00    M    M  0.8  6  80   M    M   M 1       8  90
22  89  71  80   1   0  15 0.00    M    M  1.8  7 170   M    M   M 12     10 160
23  88  70  79   0   0  14 2.01    M    M  2.3 15 320   M    M   7 1      24 330
24  88  65  77  -2   0  12    T    M    M  3.3 12 360   M    M   M 1      19 360
25  86  62  74  -5   0   9 0.00    M    M  1.9 10 190   M    M   M 1      13 280
26  88  63  76  -3   0  11 0.00  0.0    0  2.8  9 220   M    M   M 12     14 200
27  93  69  81   2   0  16 2.24  0.0    0  4.8 17 280   M    M   M 12     28  40
28  83  69  76  -3   0  11    T  0.0    0  3.2 13 260   M    M   5 1      19 260
================================================================================
SM 2420 1850         0 321  7.96     0.0  70.6          M       35
================================================================================
AV 86.4 66.1                               2.5 FASTST   M    M   4    MAX(MPH)
                                 MISC ---->  # 17 260               # 31  260
================================================================================
NOTES:
# LAST OF SEVERAL OCCURRENCES

COLUMN 17 PEAK WIND IN M.P.H.

PRELIMINARY LOCAL CLIMATOLOGICAL DATA (WS FORM: F-6) , PAGE 2

                                          STATION:  OAK_RIDGE_(ASOS)
                                          MONTH:    JULY
                                          YEAR:     2014
                                          LATITUDE:   36  1 N
                                          LONGITUDE:  84 14 W

[TEMPERATURE DATA]      [PRECIPITATION DATA]       SYMBOLS USED IN COLUMN 16

AVERAGE MONTHLY: 76.2   TOTAL FOR MONTH:   7.96    1 = FOG OR MIST
DPTR FM NORMAL:  -2.4   DPTR FM NORMAL:    3.09    2 = FOG REDUCING VISIBILITY
HIGHEST:    93 ON 27,12 GRTST 24HR  2.24 ON 27-27      TO 1/4 MILE OR LESS
LOWEST:     56 ON 17                               3 = THUNDER
                        SNOW, ICE PELLETS, HAIL    4 = ICE PELLETS
                        TOTAL MONTH:   0.0 INCH    5 = HAIL
                        GRTST 24HR     0.0         6 = FREEZING RAIN OR DRIZZLE
                        GRTST DEPTH:   0           7 = DUSTSTORM OR SANDSTORM:
                                                       VSBY 1/2 MILE OR LESS
                                                   8 = SMOKE OR HAZE
[NO. OF DAYS WITH]      [WEATHER - DAYS WITH]      9 = BLOWING SNOW
                                                   X = TORNADO
MAX 32 OR BELOW:   0    0.01 INCH OR MORE:   9
MAX 90 OR ABOVE:   8    0.10 INCH OR MORE:   7
MIN 32 OR BELOW:   0    0.50 INCH OR MORE:   5
MIN  0 OR BELOW:   0    1.00 INCH OR MORE:   3

[HDD (BASE 65) ]
TOTAL THIS MO.     0    CLEAR  (SCALE 0-3)   6
DPTR FM NORMAL     0    PTCLDY (SCALE 4-7)   3
TOTAL FM JUL 1     0    CLOUDY (SCALE 8-10)  1
DPTR FM NORMAL     0

[CDD (BASE 65) ]
TOTAL THIS MO.   321
DPTR FM NORMAL   -62    [PRESSURE DATA]
TOTAL FM JAN 1   900    HIGHEST SLP M ON M
DPTR FM NORMAL    68    LOWEST  SLP 29.82 ON 15

[REMARKS]




U.S. Dept. of Commerce
NOAA National Weather Service
1325 East West Highway
Silver Spring, MD 20910
E-mail: w-nws.webmaster@noaa.gov
Page last modified: May 16, 2007
NATIONAL WEATHER SERVICE: for Safety, for Work, for Fun - FOR LIFE