946
CXUS54 KMRX 191000
CF6OQT
PRELIMINARY LOCAL CLIMATOLOGICAL DATA (WS FORM: F-6)

                                          STATION:   OAK_RIDGE_(ASOS)
                                          MONTH:     AUGUST
                                          YEAR:      2014
                                          LATITUDE:   36  1 N
                                          LONGITUDE:  84 14 W

  TEMPERATURE IN F:       :PCPN:    SNOW:  WIND      :SUNSHINE: SKY     :PK WND
================================================================================
1   2   3   4   5  6A  6B    7    8   9   10  11  12  13   14  15   16   17  18
                                     12Z  AVG MX 2MIN
DY MAX MIN AVG DEP HDD CDD  WTR  SNW DPTH SPD SPD DIR MIN PSBL S-S WX    SPD DR
================================================================================

 1  86  65  76  -2   0  11    T    M    M  1.5  8  80   M    M   M 1      12  80
 2  85  68  77  -1   0  12 1.70    M    M  1.8 21 230   M    M   M 1      30 240
 3  87  64  76  -2   0  11 0.00    M    M  1.8  9  70   M    M   M 12     16  70
 4  87  62  75  -3   0  10 0.00    M    M  1.8  9  80   M    M   0 1      14  90
 5  90  64  77  -1   0  12 0.00    M    M  1.2  7 310   M    M   1        11 280
 6  90  66  78   0   0  13 0.00    M    M  2.2 10 190   M    M   2 1      18 190
 7  89  69  79   1   0  14 0.00    M    M  1.4  9  70   M    M   2 12     13  70
 8  82  70  76  -2   0  11 0.27    M    M  2.2  9  90   M    M   6 1      12 210
 9  85  72  79   1   0  14 0.00    M    M  1.9  7 160   M    M   7 1      11 210
10  83  73  78   0   0  13 0.26    M    M  1.7  9 180   M    M   7 1      13 230
11  86  70  78   0   0  13 0.40    M    M  3.3 10 280   M    M   M 1      20 210
12  87  69  78   0   0  13 0.00    M    M  3.2 12 280   M    M   6        19 280
13  80  59  70  -8   0   5 0.00    M    M  1.3  8  10   M    M   2        15  10
14  84  59  72  -6   0   7 0.00    M    M  0.6  8  90   M    M   3 12     12  80
15  87  61  74  -4   0   9 0.00    M    M  0.7  9 100   M    M   2 12     12 150
16  85  63  74  -4   0   9 0.00    M    M  0.8  7 210   M    M   0 1       9 280
17  84  68  76  -2   0  11 0.51    M    M  1.3 14 320   M    M   3 1      20 310
18  84  71  78   0   0  13    T    M    M  3.8 10 210   M    M   M        16 230
================================================================================
SM 1541 1193         0 201  3.14    M     32.5          M       41
================================================================================
AV 85.6 66.3                               1.8 FASTST   M    M   3    MAX(MPH)
                                 MISC ---->  # 21 230               # 30  240
================================================================================
NOTES:
# LAST OF SEVERAL OCCURRENCES

COLUMN 17 PEAK WIND IN M.P.H.

PRELIMINARY LOCAL CLIMATOLOGICAL DATA (WS FORM: F-6) , PAGE 2

                                          STATION:  OAK_RIDGE_(ASOS)
                                          MONTH:    AUGUST
                                          YEAR:     2014
                                          LATITUDE:   36  1 N
                                          LONGITUDE:  84 14 W

[TEMPERATURE DATA]      [PRECIPITATION DATA]       SYMBOLS USED IN COLUMN 16

AVERAGE MONTHLY: 75.9   TOTAL FOR MONTH:   3.14    1 = FOG OR MIST
DPTR FM NORMAL:  -2.1   DPTR FM NORMAL:    1.46    2 = FOG REDUCING VISIBILITY
HIGHEST:    90 ON  6, 5 GRTST 24HR  1.70 ON  2- 2      TO 1/4 MILE OR LESS
LOWEST:     59 ON 14,13                            3 = THUNDER
                        SNOW, ICE PELLETS, HAIL    4 = ICE PELLETS
                        TOTAL MONTH:    M          5 = HAIL
                        GRTST 24HR    M  ON   M    6 = FREEZING RAIN OR DRIZZLE
                        GRTST DEPTH:  M  ON   M    7 = DUSTSTORM OR SANDSTORM:
                                                       VSBY 1/2 MILE OR LESS
                                                   8 = SMOKE OR HAZE
[NO. OF DAYS WITH]      [WEATHER - DAYS WITH]      9 = BLOWING SNOW
                                                   X = TORNADO
MAX 32 OR BELOW:   0    0.01 INCH OR MORE:   5
MAX 90 OR ABOVE:   2    0.10 INCH OR MORE:   5
MIN 32 OR BELOW:   0    0.50 INCH OR MORE:   2
MIN  0 OR BELOW:   0    1.00 INCH OR MORE:   1

[HDD (BASE 65) ]
TOTAL THIS MO.     0    CLEAR  (SCALE 0-3)   9
DPTR FM NORMAL     0    PTCLDY (SCALE 4-7)   4
TOTAL FM JUL 1     0    CLOUDY (SCALE 8-10)  0
DPTR FM NORMAL     0

[CDD (BASE 65) ]
TOTAL THIS MO.   201
DPTR FM NORMAL   -34    [PRESSURE DATA]
TOTAL FM JAN 1  1114    HIGHEST SLP M ON M
DPTR FM NORMAL    12    LOWEST  SLP 29.83 ON 12

[REMARKS]




U.S. Dept. of Commerce
NOAA National Weather Service
1325 East West Highway
Silver Spring, MD 20910
E-mail: w-nws.webmaster@noaa.gov
Page last modified: May 16, 2007
NATIONAL WEATHER SERVICE: for Safety, for Work, for Fun - FOR LIFE