180
CXUS56 KSGX 291445
CF6ONT
PRELIMINARY LOCAL CLIMATOLOGICAL DATA (WS FORM: F-6)

                                          STATION:   ONTARIO INTL AIRPORT CA
                                          MONTH:     JANUARY
                                          YEAR:      2015
                                          LATITUDE:   34  2 N
                                          LONGITUDE: 117 37 W

  TEMPERATURE IN F:       :PCPN:    SNOW:  WIND      :SUNSHINE: SKY     :PK WND
================================================================================
1   2   3   4   5  6A  6B    7    8   9   10  11  12  13   14  15   16   17  18
                                     12Z  AVG MX 2MIN
DY MAX MIN AVG DEP HDD CDD  WTR  SNW DPTH SPD SPD DIR MIN PSBL S-S WX    SPD DR
================================================================================

 1  55  31  43 -11  22   0 0.00  0.0    0  3.2  9 270   M    M   0        14 270
 2  58  30  44 -10  21   0 0.00  0.0    0  2.9  9 240   M    M   0        12 210
 3  60  34  47  -7  18   0 0.00  0.0    0  1.3  6  40   M    M   1 8       9 250
 4  69  36  53  -1  12   0 0.00  0.0    0  1.9  8 360   M    M   3 8       9  10
 5  81  41  61   7   4   0 0.00  0.0    0  3.8 12  90   M    M   3        14  80
 6  85  47  66  12   0   1 0.00  0.0    0  2.2  8  10   M    M   0        10 330
 7  81  48  65  11   0   0 0.00  0.0    0  2.6  9 280   M    M   6        12 280
 8  74  48  61   7   4   0 0.00  0.0    0  3.1 15 240   M    M   6        19 260
 9  65  49  57   3   8   0    T    M    0  1.4  9 240   M    M   8 8      11 240
10  62  47  55   1  10   0 0.05    M    0  1.7  8 320   M    M   8 18     10 340
11  58  50  54   0  11   0 0.52  0.0    0  1.9  9 330   M    M   9 1      24 210
12  64  47  56   2   9   0 0.00  0.0    0  2.3  9 240   M    M   7 128    12 230
13  69  52  61   6   4   0 0.00  0.0    0 10.3 25  40   M    M   4 128    37  50
14  70  46  58   3   7   0 0.00  0.0    0  4.4 15  60   M    M   2        24  80
15  74  42  58   3   7   0 0.00  0.0    0  1.7  8 350   M    M   2         9 280
16  76  43  60   5   5   0 0.00  0.0    0  2.5  8 230   M    M   2        10  50
17  78  43  61   6   4   0 0.00  0.0    0  2.3  7 260   M    M   2         9 290
18  74  48  61   6   4   0 0.00  0.0    0  2.9  9 230   M    M   6        11 250
19  74  46  60   5   5   0 0.00  0.0    0  2.0  9 210   M    M   5 8      12 230
20  66  48  57   2   8   0 0.00  0.0    0  2.9 10 260   M    M   7 18      M  M
21  75  50  63   8   2   0 0.00  0.0    0  8.5 24  60   M    M   3 18     33  50
22  74  43  59   4   6   0 0.00  0.0    0  4.1 21  60   M    M   6        27  60
23  77  39  58   3   7   0 0.00  0.0    0  8.9 29  70   M    M   2        40  80
24  77  65  71  17   0   6 0.00  0.0    0 22.1 45  20   M    M   0 8      65  20
25  81  58  70  16   0   5 0.00  0.0    0  9.4 25  50   M    M   4 8      36  50
26  78  54  66  12   0   1 0.36  0.0    0  4.2 16 130   M    M   9 1      22 130
27  71  54  63   9   2   0    T  0.0    0  2.7 10 220   M    M   6 18     14 260
28  75  51  63   9   2   0 0.00  0.0    0  2.9 10 330   M    M   8 8      15 330
================================================================================
SM 2001 1290       182  13  0.93     0.0 120.1          M      119
================================================================================
AV 71.5 46.1                               4.3 FASTST   M    M   4    MAX(MPH)
                                 MISC ---->  # 45  20               # 65   20
================================================================================
NOTES:
# LAST OF SEVERAL OCCURRENCES

COLUMN 17 PEAK WIND IN M.P.H.

PRELIMINARY LOCAL CLIMATOLOGICAL DATA (WS FORM: F-6) , PAGE 2

                                          STATION:  ONTARIO INTL AIRPORT CA
                                          MONTH:    JANUARY
                                          YEAR:     2015
                                          LATITUDE:   34  2 N
                                          LONGITUDE: 117 37 W

[TEMPERATURE DATA]      [PRECIPITATION DATA]       SYMBOLS USED IN COLUMN 16

AVERAGE MONTHLY: 58.8   TOTAL FOR MONTH:   0.93    1 = FOG OR MIST
DPTR FM NORMAL:   4.4   DPTR FM NORMAL:   -2.12    2 = FOG REDUCING VISIBILITY
HIGHEST:    85 ON  6    GRTST 24HR  0.57 ON 10-11      TO 1/4 MILE OR LESS
LOWEST:     30 ON  2                               3 = THUNDER
                        SNOW, ICE PELLETS, HAIL    4 = ICE PELLETS
                        TOTAL MONTH:   0.0 INCH    5 = HAIL
                        GRTST 24HR     0.0         6 = FREEZING RAIN OR DRIZZLE
                        GRTST DEPTH:   0           7 = DUSTSTORM OR SANDSTORM:
                                                       VSBY 1/2 MILE OR LESS
                                                   8 = SMOKE OR HAZE
[NO. OF DAYS WITH]      [WEATHER - DAYS WITH]      9 = BLOWING SNOW
                                                   X = TORNADO
MAX 32 OR BELOW:   0    0.01 INCH OR MORE:   3
MAX 90 OR ABOVE:   0    0.10 INCH OR MORE:   2
MIN 32 OR BELOW:   2    0.50 INCH OR MORE:   1
MIN  0 OR BELOW:   0    1.00 INCH OR MORE:   0

[HDD (BASE 65) ]
TOTAL THIS MO.   182    CLEAR  (SCALE 0-3)  12
DPTR FM NORMAL  -126    PTCLDY (SCALE 4-7)  12
TOTAL FM JUL 1   503    CLOUDY (SCALE 8-10)  4
DPTR FM NORMAL  -365

[CDD (BASE 65) ]
TOTAL THIS MO.    13
DPTR FM NORMAL    13    [PRESSURE DATA]
TOTAL FM JAN 1    13    HIGHEST SLP M ON M
DPTR FM NORMAL    13    LOWEST  SLP 29.92 ON 25

[REMARKS]




U.S. Dept. of Commerce
NOAA National Weather Service
1325 East West Highway
Silver Spring, MD 20910
E-mail: w-nws.webmaster@noaa.gov
Page last modified: May 16, 2007
NATIONAL WEATHER SERVICE: for Safety, for Work, for Fun - FOR LIFE