652
CXUS56 KSGX 311445
CF6ONT
PRELIMINARY LOCAL CLIMATOLOGICAL DATA (WS FORM: F-6)

                                          STATION:   ONTARIO INTL AIRPORT CA
                                          MONTH:     JULY
                                          YEAR:      2014
                                          LATITUDE:   34  2 N
                                          LONGITUDE: 117 37 W

  TEMPERATURE IN F:       :PCPN:    SNOW:  WIND      :SUNSHINE: SKY     :PK WND
================================================================================
1   2   3   4   5  6A  6B    7    8   9   10  11  12  13   14  15   16   17  18
                                     12Z  AVG MX 2MIN
DY MAX MIN AVG DEP HDD CDD  WTR  SNW DPTH SPD SPD DIR MIN PSBL S-S WX    SPD DR
================================================================================

 1  92  63  78   2   0  13 0.00  0.0    0  7.6 17 250   M    M   1 18     22 270
 2  92  63  78   2   0  13 0.00  0.0    0  6.8 17 260   M    M   1 18     23 260
 3  99  64  82   6   0  17 0.00  0.0    0  6.9 18 270   M    M   0 18     22 270
 4  96  68  82   6   0  17 0.00  0.0    0  8.2 21 270   M    M   2 8      26 270
 5  98  70  84   7   0  19 0.00  0.0    0  6.5 18 230   M    M   3 8      24 250
 6  96  70  83   6   0  18 0.00  0.0    0  5.7 18 270   M    M   2        25 230
 7  98  70  84   7   0  19 0.00  0.0    0  6.5 18 230   M    M   1        25 270
 8  95  66  81   4   0  16 0.00  0.0    0  7.6 20 270   M    M   1        24 270
 9  94  65  80   3   0  15 0.00  0.0    0  8.8 20 270   M    M   1 18     25 280
10  92  64  78   1   0  13 0.00  0.0    0  7.3 20 270   M    M   2 18     36 290
11  90  63  77  -1   0  12 0.00  0.0    0  8.2 18 270   M    M   3 18     26 260
12  90  64  77  -1   0  12 0.00  0.0    0  6.2 17 240   M    M   6        23 240
13  95  67  81   3   0  16 0.00  0.0    0  7.8 20 270   M    M   4        24 270
14  91  69  80   2   0  15    T  0.0    0  7.0 21 240   M    M   8        27 240
15  88  68  78   0   0  13 0.00  0.0    0  8.9 22 260   M    M   5 8      28 250
16  89  65  77  -1   0  12 0.00  0.0    0  8.1 20 240   M    M   5 8      23 250
17  84  63  74  -4   0   9 0.00  0.0    0  7.6 20 230   M    M   5 8      26 230
18  86  60  73  -5   0   8 0.00  0.0    0  6.2 18 240   M    M   5        22 230
19  85  64  75  -3   0  10    T  0.0    0  7.1 18 230   M    M   7        25 230
20  87  65  76  -2   0  11 0.00  0.0    0  7.2 17 270   M    M   4        22 230
21  89  63  76  -2   0  11 0.00  0.0    0  6.3 17 270   M    M   2        23 270
22  94  63  79   1   0  14 0.00  0.0    0  5.9 17 280   M    M   1        23 220
23  99  67  83   5   0  18 0.00  0.0    0  4.7 17 260   M    M   1        23 270
24 105  69  87   9   0  22 0.00  0.0    0  5.5 18 270   M    M   2        23 280
25  97  69  83   4   0  18 0.00  0.0    0  8.0 16 230   M    M   5        22 270
26  96  71  84   5   0  19 0.00  0.0    0  6.5 18 260   M    M   7        24 260
27  96  70  83   4   0  18 0.00  0.0    0  6.8 17 280   M    M   8        24 270
28  96  73  85   6   0  20 0.00  0.0    0  6.8 17 270   M    M   7        20 280
29  95  71  83   4   0  18 0.00  0.0    0  5.5 15 230   M    M   6        20 240
30  98  70  84   5   0  19 0.00  0.0    0  6.5 16 240   M    M   4        22 240
================================================================================
SM 2802 1997         0 455    T      0.0 208.7          M      109
================================================================================
AV 93.4 66.6                               7.0 FASTST   M    M   4    MAX(MPH)
                                 MISC ---->  # 22 260               # 36  290
================================================================================
NOTES:
# LAST OF SEVERAL OCCURRENCES

COLUMN 17 PEAK WIND IN M.P.H.

PRELIMINARY LOCAL CLIMATOLOGICAL DATA (WS FORM: F-6) , PAGE 2

                                          STATION:  ONTARIO INTL AIRPORT CA
                                          MONTH:    JULY
                                          YEAR:     2014
                                          LATITUDE:   34  2 N
                                          LONGITUDE: 117 37 W

[TEMPERATURE DATA]      [PRECIPITATION DATA]       SYMBOLS USED IN COLUMN 16

AVERAGE MONTHLY: 80.0   TOTAL FOR MONTH:      T    1 = FOG OR MIST
DPTR FM NORMAL:   2.3   DPTR FM NORMAL:   -0.09    2 = FOG REDUCING VISIBILITY
HIGHEST:   105 ON 24    GRTST 24HR    T  ON 19-19      TO 1/4 MILE OR LESS
LOWEST:     60 ON 18                               3 = THUNDER
                        SNOW, ICE PELLETS, HAIL    4 = ICE PELLETS
                        TOTAL MONTH:   0.0 INCH    5 = HAIL
                        GRTST 24HR     0.0         6 = FREEZING RAIN OR DRIZZLE
                        GRTST DEPTH:   0           7 = DUSTSTORM OR SANDSTORM:
                                                       VSBY 1/2 MILE OR LESS
                                                   8 = SMOKE OR HAZE
[NO. OF DAYS WITH]      [WEATHER - DAYS WITH]      9 = BLOWING SNOW
                                                   X = TORNADO
MAX 32 OR BELOW:   0    0.01 INCH OR MORE:   0
MAX 90 OR ABOVE:  23    0.10 INCH OR MORE:   0
MIN 32 OR BELOW:   0    0.50 INCH OR MORE:   0
MIN  0 OR BELOW:   0    1.00 INCH OR MORE:   0

[HDD (BASE 65) ]
TOTAL THIS MO.     0    CLEAR  (SCALE 0-3)  14
DPTR FM NORMAL     0    PTCLDY (SCALE 4-7)  16
TOTAL FM JUL 1     0    CLOUDY (SCALE 8-10)  0
DPTR FM NORMAL     0

[CDD (BASE 65) ]
TOTAL THIS MO.   455
DPTR FM NORMAL    73    [PRESSURE DATA]
TOTAL FM JAN 1  1135    HIGHEST SLP M ON M
DPTR FM NORMAL   364    LOWEST  SLP 29.71 ON 24

[REMARKS]




U.S. Dept. of Commerce
NOAA National Weather Service
1325 East West Highway
Silver Spring, MD 20910
E-mail: w-nws.webmaster@noaa.gov
Page last modified: May 16, 2007
NATIONAL WEATHER SERVICE: for Safety, for Work, for Fun - FOR LIFE