924
CXUS56 KSGX 011445
CF6ONT
PRELIMINARY LOCAL CLIMATOLOGICAL DATA (WS FORM: F-6)

                                          STATION:   ONTARIO INTL AIRPORT CA
                                          MONTH:     NOVEMBER
                                          YEAR:      2014
                                          LATITUDE:   34  2 N
                                          LONGITUDE: 117 37 W

  TEMPERATURE IN F:       :PCPN:    SNOW:  WIND      :SUNSHINE: SKY     :PK WND
================================================================================
1   2   3   4   5  6A  6B    7    8   9   10  11  12  13   14  15   16   17  18
                                     12Z  AVG MX 2MIN
DY MAX MIN AVG DEP HDD CDD  WTR  SNW DPTH SPD SPD DIR MIN PSBL S-S WX    SPD DR
================================================================================

 1  63  51  57  -7   8   0 0.55  0.0    0  7.1 18 290   M    M   7 1      22 280
 2  67  47  57  -7   8   0 0.00  0.0    0  3.2 15 220   M    M   2        18 220
 3  73  46  60  -4   5   0 0.00  0.0    0  4.6 21  40   M    M   1        31  50
 4  79  50  65   2   0   0 0.00  0.0    0  7.5 21 280   M    M   2        29  70
 5  86  54  70   7   0   5 0.00  0.0    0  6.3 22  40   M    M   0        28  40
 6  90  54  72   9   0   7 0.00  0.0    0  3.1  9  20   M    M   0        12  30
 7  89  58  74  12   0   9 0.00  0.0    0  3.5 10 230   M    M   0        13 240
 8  91  56  74  12   0   9 0.00  0.0    0  3.0  9 250   M    M   1        11 240
 9  86  54  70   8   0   5 0.00  0.0    0  4.4 13 260   M    M   1 18     16 260
10  73  57  65   3   0   0 0.00  0.0    0  4.5 12 260   M    M   5 18     16 260
11  66  59  63   2   2   0 0.00  0.0    0  4.7 12 260   M    M  10 8      14 260
12  67  58  63   2   2   0 0.00  0.0    0  6.2 12 260   M    M   9        16 260
13  67  56  62   1   3   0 0.00  0.0    0  3.1 10 240   M    M   9 8      13 280
14  70  58  64   4   1   0 0.00  0.0    0  3.5 13 260   M    M   8 8      16 220
15  70  58  64   4   1   0 0.00  0.0    0  5.5 16 250   M    M   8 18     21 250
16  75  52  64   4   1   0 0.00  0.0    0 11.2 36  50   M    M   5 18     46  40
17  78  49  64   5   1   0 0.00  0.0    0  2.9 15  80   M    M   6        21  80
18  77  46  62   3   3   0 0.00  0.0    0  1.9  9 240   M    M   8        11 230
19  74  48  61   2   4   0 0.00  0.0    0  4.2 14 270   M    M   5        24 270
20  68  47  58   0   7   0    T    M    0  4.6 14 270   M    M   5 8      17 260
21  70  54  62   4   3   0 0.17  0.0    0  4.0 14 290   M    M   4 13     17 290
22  72  47  60   2   5   0 0.00  0.0    0  4.1 10 250   M    M   5        17 270
23  80  49  65   7   0   0 0.00  0.0    0 10.8 39  30   M    M   5 18     51  30
24  77  45  61   4   4   0 0.00  0.0    0 11.8 30  40   M    M   4        39  40
25  78  45  62   5   3   0 0.00  0.0    0  3.8  8 240   M    M   0        11 310
26  87  48  68  11   0   3 0.00  0.0    0  3.4  9 280   M    M   0        12 280
27  88  49  69  13   0   4 0.00  0.0    0  2.8  8  30   M    M   3         9  40
28  83  49  66  10   0   1 0.00  0.0    0  3.2 10 270   M    M   1        12 220
29  77  49  63   7   2   0 0.00  0.0    0  2.6 14 250   M    M   3 18     18 250
30  65  51  58   2   7   0 0.33  0.0    0  4.6 13 270   M    M   8 1      14 260
================================================================================
SM 2286 1544        70  43  1.05     0.0 146.1          M      125
================================================================================
AV 76.2 51.5                               4.9 FASTST   M    M   4    MAX(MPH)
                                 MISC ---->  # 39  30               # 51   30
================================================================================
NOTES:
# LAST OF SEVERAL OCCURRENCES

COLUMN 17 PEAK WIND IN M.P.H.

PRELIMINARY LOCAL CLIMATOLOGICAL DATA (WS FORM: F-6) , PAGE 2

                                          STATION:  ONTARIO INTL AIRPORT CA
                                          MONTH:    NOVEMBER
                                          YEAR:     2014
                                          LATITUDE:   34  2 N
                                          LONGITUDE: 117 37 W

[TEMPERATURE DATA]      [PRECIPITATION DATA]       SYMBOLS USED IN COLUMN 16

AVERAGE MONTHLY: 63.8   TOTAL FOR MONTH:   1.05    1 = FOG OR MIST
DPTR FM NORMAL:   4.0   DPTR FM NORMAL:   -0.16    2 = FOG REDUCING VISIBILITY
HIGHEST:    91 ON  8    GRTST 24HR  0.73 ON 31- 1      TO 1/4 MILE OR LESS
LOWEST:     45 ON 25,24                            3 = THUNDER
                        SNOW, ICE PELLETS, HAIL    4 = ICE PELLETS
                        TOTAL MONTH:   0.0 INCH    5 = HAIL
                        GRTST 24HR     0.0         6 = FREEZING RAIN OR DRIZZLE
                        GRTST DEPTH:   0           7 = DUSTSTORM OR SANDSTORM:
                                                       VSBY 1/2 MILE OR LESS
                                                   8 = SMOKE OR HAZE
[NO. OF DAYS WITH]      [WEATHER - DAYS WITH]      9 = BLOWING SNOW
                                                   X = TORNADO
MAX 32 OR BELOW:   0    0.01 INCH OR MORE:   3
MAX 90 OR ABOVE:   2    0.10 INCH OR MORE:   3
MIN 32 OR BELOW:   0    0.50 INCH OR MORE:   1
MIN  0 OR BELOW:   0    1.00 INCH OR MORE:   0

[HDD (BASE 65) ]
TOTAL THIS MO.    70    CLEAR  (SCALE 0-3)  12
DPTR FM NORMAL  -107    PTCLDY (SCALE 4-7)  14
TOTAL FM JUL 1    70    CLOUDY (SCALE 8-10)  4
DPTR FM NORMAL  -152

[CDD (BASE 65) ]
TOTAL THIS MO.    43
DPTR FM NORMAL    21    [PRESSURE DATA]
TOTAL FM JAN 1  2397    HIGHEST SLP 30.39 ON 25
DPTR FM NORMAL   692    LOWEST  SLP 29.77 ON  9

[REMARKS]
#FINAL-11-14#




U.S. Dept. of Commerce
NOAA National Weather Service
1325 East West Highway
Silver Spring, MD 20910
E-mail: w-nws.webmaster@noaa.gov
Page last modified: May 16, 2007
NATIONAL WEATHER SERVICE: for Safety, for Work, for Fun - FOR LIFE