237
CXUS56 KSGX 291445
CF6ONT
PRELIMINARY LOCAL CLIMATOLOGICAL DATA (WS FORM: F-6)

                                          STATION:   ONTARIO INTL AIRPORT CA
                                          MONTH:     AUGUST
                                          YEAR:      2014
                                          LATITUDE:   34  2 N
                                          LONGITUDE: 117 37 W

  TEMPERATURE IN F:       :PCPN:    SNOW:  WIND      :SUNSHINE: SKY     :PK WND
================================================================================
1   2   3   4   5  6A  6B    7    8   9   10  11  12  13   14  15   16   17  18
                                     12Z  AVG MX 2MIN
DY MAX MIN AVG DEP HDD CDD  WTR  SNW DPTH SPD SPD DIR MIN PSBL S-S WX    SPD DR
================================================================================

 1 100  67  84   5   0  19 0.00  0.0    0  7.2 18 260   M    M   1        23 250
 2  89  68  79   0   0  14 0.09  0.0    0  4.3 14 130   M    M   7 18     26 210
 3  90  73  82   3   0  17 0.04  0.0    0  4.6 18 260   M    M   8 13     23 250
 4  91  68  80   1   0  15 0.00  0.0    0  5.5 18 220   M    M   4 8      25 210
 5  93  62  78  -1   0  13 0.00  0.0    0  6.5 18 250   M    M   0        23 250
 6  88  60  74  -5   0   9 0.00  0.0    0  7.6 17 270   M    M   2 18     22 270
 7  88  61  75  -4   0  10 0.00  0.0    0  6.2 16 260   M    M   2 18     22 250
 8  91  63  77  -2   0  12 0.00  0.0    0  7.6 17 250   M    M   3 18     23 250
 9  92  63  78  -1   0  13 0.00  0.0    0  7.0 18 270   M    M   1 18     24 240
10  96  65  81   2   0  16 0.00  0.0    0  6.7 20 270   M    M   2 18     26 280
11  97  67  82   3   0  17 0.00  0.0    0  7.3 18 280   M    M   4        24 270
12  94  68  81   2   0  16 0.00  0.0    0  8.1 20 240   M    M   4        27 270
13  93  65  79   0   0  14 0.00  0.0    0  8.0 18 260   M    M   2 18     23 260
14  96  64  80   1   0  15 0.00  0.0    0  6.2 18 260   M    M   0        25 280
15  98  67  83   4   0  18 0.00  0.0    0  5.5 17 270   M    M   1        25 230
16  99  69  84   5   0  19 0.00  0.0    0  5.4 18 260   M    M   1        25 250
17  98  67  83   4   0  18 0.00  0.0    0  4.9 16 240   M    M   1        22 210
18  98  67  83   4   0  18 0.00  0.0    0  7.4 21 270   M    M   1 8      26 270
19  86  66  76  -3   0  11 0.00  0.0    0  7.4 17 230   M    M   6 8      23 250
20  88  63  76  -3   0  11    T  0.0    0  5.3 17  70   M    M   5 38     23  70
21  92  64  78  -1   0  13 0.00  0.0    0  6.2 18 260   M    M   2        22 270
22  91  66  79   0   0  14 0.00  0.0    0  7.1 18 260   M    M   1        25 270
23  90  63  77  -2   0  12 0.00  0.0    0  5.8 16 230   M    M   0 18     22 270
24  91  62  77  -2   0  12 0.00  0.0    0  6.9 17 240   M    M   4 18     23 250
25  88  65  77  -2   0  12 0.00  0.0    0  5.4 17 260   M    M   8 8      22 270
26  93  65  79   0   0  14 0.00  0.0    0  5.5 18 270   M    M   2        24 270
27  97  68  83   4   0  18 0.00  0.0    0  5.3 21 230   M    M   0        24 230
28 100  69  85   6   0  20 0.00  0.0    0  5.6 21 260   M    M   0        25 290
================================================================================
SM 2607 1835         0 410  0.13     0.0 176.5          M       72
================================================================================
AV 93.1 65.5                               6.3 FASTST   M    M   3    MAX(MPH)
                                 MISC ---->  # 21 270               # 27  270
================================================================================
NOTES:
# LAST OF SEVERAL OCCURRENCES

COLUMN 17 PEAK WIND IN M.P.H.

PRELIMINARY LOCAL CLIMATOLOGICAL DATA (WS FORM: F-6) , PAGE 2

                                          STATION:  ONTARIO INTL AIRPORT CA
                                          MONTH:    AUGUST
                                          YEAR:     2014
                                          LATITUDE:   34  2 N
                                          LONGITUDE: 117 37 W

[TEMPERATURE DATA]      [PRECIPITATION DATA]       SYMBOLS USED IN COLUMN 16

AVERAGE MONTHLY: 79.3   TOTAL FOR MONTH:   0.13    1 = FOG OR MIST
DPTR FM NORMAL:   0.3   DPTR FM NORMAL:    0.00    2 = FOG REDUCING VISIBILITY
HIGHEST:   100 ON 28, 1 GRTST 24HR  0.13 ON  2- 3      TO 1/4 MILE OR LESS
LOWEST:     60 ON  6                               3 = THUNDER
                        SNOW, ICE PELLETS, HAIL    4 = ICE PELLETS
                        TOTAL MONTH:   0.0 INCH    5 = HAIL
                        GRTST 24HR     0.0         6 = FREEZING RAIN OR DRIZZLE
                        GRTST DEPTH:   0           7 = DUSTSTORM OR SANDSTORM:
                                                       VSBY 1/2 MILE OR LESS
                                                   8 = SMOKE OR HAZE
[NO. OF DAYS WITH]      [WEATHER - DAYS WITH]      9 = BLOWING SNOW
                                                   X = TORNADO
MAX 32 OR BELOW:   0    0.01 INCH OR MORE:   2
MAX 90 OR ABOVE:  22    0.10 INCH OR MORE:   0
MIN 32 OR BELOW:   0    0.50 INCH OR MORE:   0
MIN  0 OR BELOW:   0    1.00 INCH OR MORE:   0

[HDD (BASE 65) ]
TOTAL THIS MO.     0    CLEAR  (SCALE 0-3)  19
DPTR FM NORMAL     0    PTCLDY (SCALE 4-7)   9
TOTAL FM JUL 1     0    CLOUDY (SCALE 8-10)  0
DPTR FM NORMAL     0

[CDD (BASE 65) ]
TOTAL THIS MO.   410
DPTR FM NORMAL    18    [PRESSURE DATA]
TOTAL FM JAN 1  1565    HIGHEST SLP M ON M
DPTR FM NORMAL   389    LOWEST  SLP 29.77 ON 18

[REMARKS]




U.S. Dept. of Commerce
NOAA National Weather Service
1325 East West Highway
Silver Spring, MD 20910
E-mail: w-nws.webmaster@noaa.gov
Page last modified: May 16, 2007
NATIONAL WEATHER SERVICE: for Safety, for Work, for Fun - FOR LIFE