826
CXUS56 KSGX 241445
CF6ONT
PRELIMINARY LOCAL CLIMATOLOGICAL DATA (WS FORM: F-6)

                                          STATION:   ONTARIO INTL AIRPORT CA
                                          MONTH:     APRIL
                                          YEAR:      2014
                                          LATITUDE:   34  2 N
                                          LONGITUDE: 117 37 W

  TEMPERATURE IN F:       :PCPN:    SNOW:  WIND      :SUNSHINE: SKY     :PK WND
================================================================================
1   2   3   4   5  6A  6B    7    8   9   10  11  12  13   14  15   16   17  18
                                     12Z  AVG MX 2MIN
DY MAX MIN AVG DEP HDD CDD  WTR  SNW DPTH SPD SPD DIR MIN PSBL S-S WX    SPD DR
================================================================================

 1  63  48  56  -4   9   0 0.13  0.0    0 11.5 23 220   M    M   8 1      28 230
 2  60  47  54  -6  11   0 0.15  0.0    0  8.8 21 230   M    M   6 1      26 220
 3  71  44  58  -2   7   0 0.00  0.0    0  5.1 18 230   M    M   5        22 260
 4  66  49  58  -2   7   0 0.00  0.0    0  6.3 17 230   M    M   8        22 230
 5  70  47  59  -1   6   0 0.00  0.0    0  5.5 20 260   M    M   4        27 240
 6  83  47  65   4   0   0 0.00  0.0    0  5.5 22  70   M    M   0        31  50
 7  92  52  72  11   0   7 0.00  0.0    0  5.5 18 240   M    M   0        25 230
 8  93  58  76  15   0  11 0.00  0.0    0  4.8 15 270   M    M   5        21 220
 9  93  61  77  16   0  12 0.00  0.0    0  4.3 17 270   M    M   7        23 260
10  90  56  73  12   0   8 0.00  0.0    0  5.4 16 220   M    M   6        20 200
11  86  55  71  10   0   6 0.00  0.0    0  7.4 18 230   M    M   3 18     23 250
12  71  54  63   1   2   0 0.00  0.0    0  7.6 21 230   M    M   6 18     24 220
13  71  54  63   1   2   0 0.00  0.0    0  7.1 15 260   M    M   6        22 260
14  89  50  70   8   0   5 0.00  0.0    0  5.5 15 280   M    M   1 18     18 220
15  84  57  71   9   0   6 0.00  0.0    0  5.9 17 220   M    M   3        26 240
16  80  52  66   4   0   1 0.00  0.0    0  6.9 18 230   M    M   2 18     23 250
17  77  54  66   4   0   1 0.00  0.0    0  7.6 17 220   M    M   7 18     23 240
18  75  58  67   4   0   2 0.00  0.0    0  6.8 17 250   M    M   8 8      22 260
19  79  55  67   4   0   2 0.00  0.0    0  6.7 16 280   M    M   4        24 270
20  85  55  70   7   0   5 0.00  0.0    0  5.6 17 250   M    M   1 18     22 240
21  88  57  73  10   0   8 0.00  0.0    0  6.5 17 270   M    M   4 8      23 270
22  73  54  64   1   1   0 0.00  0.0    0  7.9 17 230   M    M   5 18     24 240
23  76  52  64   0   1   0 0.00  0.0    0  6.9 16 260   M    M   6        24 260
================================================================================
SM 1815 1216        46  74  0.28     0.0 151.1          M      105
================================================================================
AV 78.9 52.9                               6.6 FASTST   M    M   5    MAX(MPH)
                                 MISC ---->  # 23 220               # 31   50
================================================================================
NOTES:
# LAST OF SEVERAL OCCURRENCES

COLUMN 17 PEAK WIND IN M.P.H.

PRELIMINARY LOCAL CLIMATOLOGICAL DATA (WS FORM: F-6) , PAGE 2

                                          STATION:  ONTARIO INTL AIRPORT CA
                                          MONTH:    APRIL
                                          YEAR:     2014
                                          LATITUDE:   34  2 N
                                          LONGITUDE: 117 37 W

[TEMPERATURE DATA]      [PRECIPITATION DATA]       SYMBOLS USED IN COLUMN 16

AVERAGE MONTHLY: 65.9   TOTAL FOR MONTH:   0.28    1 = FOG OR MIST
DPTR FM NORMAL:   4.3   DPTR FM NORMAL:   -0.46    2 = FOG REDUCING VISIBILITY
HIGHEST:    93 ON  9, 8 GRTST 24HR  0.26 ON  1- 2      TO 1/4 MILE OR LESS
LOWEST:     44 ON  3                               3 = THUNDER
                        SNOW, ICE PELLETS, HAIL    4 = ICE PELLETS
                        TOTAL MONTH:   0.0 INCH    5 = HAIL
                        GRTST 24HR     0.0         6 = FREEZING RAIN OR DRIZZLE
                        GRTST DEPTH:   0           7 = DUSTSTORM OR SANDSTORM:
                                                       VSBY 1/2 MILE OR LESS
                                                   8 = SMOKE OR HAZE
[NO. OF DAYS WITH]      [WEATHER - DAYS WITH]      9 = BLOWING SNOW
                                                   X = TORNADO
MAX 32 OR BELOW:   0    0.01 INCH OR MORE:   2
MAX 90 OR ABOVE:   4    0.10 INCH OR MORE:   2
MIN 32 OR BELOW:   0    0.50 INCH OR MORE:   0
MIN  0 OR BELOW:   0    1.00 INCH OR MORE:   0

[HDD (BASE 65) ]
TOTAL THIS MO.    46    CLEAR  (SCALE 0-3)   6
DPTR FM NORMAL   -57    PTCLDY (SCALE 4-7)  16
TOTAL FM JUL 1   805    CLOUDY (SCALE 8-10)  1
DPTR FM NORMAL  -667

[CDD (BASE 65) ]
TOTAL THIS MO.    74
DPTR FM NORMAL    46    [PRESSURE DATA]
TOTAL FM JAN 1   136    HIGHEST SLP M ON M
DPTR FM NORMAL    90    LOWEST  SLP 29.78 ON 16

[REMARKS]




U.S. Dept. of Commerce
NOAA National Weather Service
1325 East West Highway
Silver Spring, MD 20910
E-mail: w-nws.webmaster@noaa.gov
Page last modified: May 16, 2007
NATIONAL WEATHER SERVICE: for Safety, for Work, for Fun - FOR LIFE