613
CXUS56 KBOI 301002
CF6ONO
PRELIMINARY LOCAL CLIMATOLOGICAL DATA (WS FORM: F-6)

                                          STATION:   ONTARIO OR
                                          MONTH:     AUGUST
                                          YEAR:      2014
                                          LATITUDE:   44  1 N
                                          LONGITUDE: 117  1 W

  TEMPERATURE IN F:       :PCPN:    SNOW:  WIND      :SUNSHINE: SKY     :PK WND
================================================================================
1   2   3   4   5  6A  6B    7    8   9   10  11  12  13   14  15   16   17  18
                                     12Z  AVG MX 2MIN
DY MAX MIN AVG DEP HDD CDD  WTR  SNW DPTH SPD SPD DIR MIN PSBL S-S WX    SPD DR
================================================================================

 1  96  60  78   1   0  13 0.00    M    M  3.4 26 310   M    M   0 8      37 310
 2  96  63  80   3   0  15 0.00    M    M  2.9 15 320   M    M   0        19 330
 3  99  66  83   6   0  18    T    M    M  4.1 14 320   M    M   0 3      18 320
 4  91  69  80   3   0  15 0.02    M    M  6.4 20 150   M    M   0        28 140
 5  98  61  80   4   0  15 0.00    M    M  3.4 15 140   M    M   0        22 140
 6  88  62  75  -1   0  10 0.00    M    M  5.2 20 130   M    M   0        28 150
 7  93  59  76   0   0  11 0.00    M    M  2.6 12 350   M    M   0        13 350
 8  91  58  75  -1   0  10 0.07    M    M  5.0 22 330   M    M   0        28 320
 9  93  61  77   1   0  12 0.00    M    M  3.7 17 310   M    M   0        23 310
10  97  59  78   3   0  13 0.00    M    M  1.7  8 160   M    M   0        11 170
11  98  62  80   5   0  15 0.00    M    M  1.8 14 190   M    M   0        20 190
12  89  62  76   1   0  11 0.03    M    M  6.0 36 220   M    M   1 38     44 230
13  87  58  73  -1   0   8 0.20    M    M  3.9 21 150   M    M   2 13     26 150
14  84  59  72  -2   0   7    T    M    M  4.6 14 320   M    M   3 3      19 330
15  87  61  74   0   0   9 0.01    M    M  5.1 14 310   M    M   2        17 290
16  90  60  75   1   0  10 0.00    M    M  5.1 10 240   M    M   0        14  70
17  95  61  78   5   0  13 0.00    M    M  3.5 15 330   M    M   0        20 320
18  98  62  80   7   0  15 0.00    M    M  3.4  9 330   M    M   0        14 330
19  95  62  79   6   0  14    T    M    M  4.9 31 270   M    M   0 38     40 250
20  87  62  75   3   0  10 0.00    M    M  7.5 23 320   M    M   1 3      30 330
21  85  57  71  -1   0   6 0.00    M    M  5.4 16 310   M    M   0        23 310
22  86  52  69  -3   0   4    T    M    M  7.6 33 300   M    M   1 8      42 290
23  84  52  68  -3   0   3 0.00    M    M  6.4 18 310   M    M   2        31 330
24  82  51  67  -4   0   2 0.00    M    M  5.3 22 330   M    M   2        29 350
25  79  57  68  -3   0   3 0.13    M    M  4.5 13 100   M    M   4        19 210
26  86  51  69  -1   0   4 0.00    M    M  2.1  9 190   M    M   1        13 280
27  92  51  72   2   0   7 0.00    M    M  1.9  7 120   M    M   0        11 100
28  91  53  72   2   0   7 0.00    M    M  3.3 20 320   M    M   0        26 320
29  91  61  76   7   0  11    T    M    M  7.1 26 310   M    M   1        35 310
================================================================================
SM 2628 1712         0 291  0.46    M    127.8          M       20
================================================================================
AV 90.6 59.0                               4.4 FASTST   M    M   1    MAX(MPH)
                                 MISC ---->  # 36 220               # 44  230
================================================================================
NOTES:
# LAST OF SEVERAL OCCURRENCES

COLUMN 17 PEAK WIND IN M.P.H.

PRELIMINARY LOCAL CLIMATOLOGICAL DATA (WS FORM: F-6) , PAGE 2

                                          STATION:  ONTARIO OR
                                          MONTH:    AUGUST
                                          YEAR:     2014
                                          LATITUDE:   44  1 N
                                          LONGITUDE: 117  1 W

[TEMPERATURE DATA]      [PRECIPITATION DATA]       SYMBOLS USED IN COLUMN 16

AVERAGE MONTHLY: 74.8   TOTAL FOR MONTH:   0.46    1 = FOG OR MIST
DPTR FM NORMAL:   1.2   DPTR FM NORMAL:    0.30    2 = FOG REDUCING VISIBILITY
HIGHEST:    99 ON  3    GRTST 24HR  0.20 ON 13-13      TO 1/4 MILE OR LESS
LOWEST:     51 ON 27,26                            3 = THUNDER
                        SNOW, ICE PELLETS, HAIL    4 = ICE PELLETS
                        TOTAL MONTH:    M          5 = HAIL
                        GRTST 24HR    M  ON   M    6 = FREEZING RAIN OR DRIZZLE
                        GRTST DEPTH:  M  ON   M    7 = DUSTSTORM OR SANDSTORM:
                                                       VSBY 1/2 MILE OR LESS
                                                   8 = SMOKE OR HAZE
[NO. OF DAYS WITH]      [WEATHER - DAYS WITH]      9 = BLOWING SNOW
                                                   X = TORNADO
MAX 32 OR BELOW:   0    0.01 INCH OR MORE:   6
MAX 90 OR ABOVE:  17    0.10 INCH OR MORE:   2
MIN 32 OR BELOW:   0    0.50 INCH OR MORE:   0
MIN  0 OR BELOW:   0    1.00 INCH OR MORE:   0

[HDD (BASE 65) ]
TOTAL THIS MO.     0    CLEAR  (SCALE 0-3)  28
DPTR FM NORMAL    -5    PTCLDY (SCALE 4-7)   1
TOTAL FM JUL 1     0    CLOUDY (SCALE 8-10)  0
DPTR FM NORMAL   -10

[CDD (BASE 65) ]
TOTAL THIS MO.   291
DPTR FM NORMAL    32    [PRESSURE DATA]
TOTAL FM JAN 1   992    HIGHEST SLP M ON M
DPTR FM NORMAL   210    LOWEST  SLP 29.56 ON 19

[REMARKS]




U.S. Dept. of Commerce
NOAA National Weather Service
1325 East West Highway
Silver Spring, MD 20910
E-mail: w-nws.webmaster@noaa.gov
Page last modified: May 16, 2007
NATIONAL WEATHER SERVICE: for Safety, for Work, for Fun - FOR LIFE