729
CXUS56 KBOI 281002
CF6ONO
PRELIMINARY LOCAL CLIMATOLOGICAL DATA (WS FORM: F-6)

                                          STATION:   ONTARIO OR
                                          MONTH:     JULY
                                          YEAR:      2014
                                          LATITUDE:   44  1 N
                                          LONGITUDE: 117  1 W

  TEMPERATURE IN F:       :PCPN:    SNOW:  WIND      :SUNSHINE: SKY     :PK WND
================================================================================
1   2   3   4   5  6A  6B    7    8   9   10  11  12  13   14  15   16   17  18
                                     12Z  AVG MX 2MIN
DY MAX MIN AVG DEP HDD CDD  WTR  SNW DPTH SPD SPD DIR MIN PSBL S-S WX    SPD DR
================================================================================

 1  95  51  73   0   0   8 0.00    M    M  3.6  9 240   M    M   0        13  20
 2 100  55  78   5   0  13    T    M    M  6.6 37 300   M    M   1 8      50 300
 3  99  66  83  10   0  18    T    M    M  7.5 23 310   M    M   0        33 310
 4  99  69  84  10   0  19 0.00    M    M  6.4 18 310   M    M   0        23 310
 5  97  66  82   8   0  17 0.00    M    M  4.6 20 310   M    M   0        24 310
 6 103  64  84  10   0  19 0.00    M    M  7.6 24 330   M    M   0        32 320
 7 102  72  87  12   0  22 0.00    M    M  7.5 17 310   M    M   0        23 310
 8 101  72  87  12   0  22 0.00    M    M  6.3 21 320   M    M   0        27 310
 9  89  67  78   3   0  13    T    M    M  4.4 18 320   M    M   3        24 320
10  99  59  79   4   0  14 0.00    M    M  3.6 12 330   M    M   0        14 150
11 102  70  86  10   0  21 0.00    M    M  4.6 21 310   M    M   0        27 300
12 102  68  85   9   0  20 0.00    M    M  4.9 10 240   M    M   0         M  M
13 105  67  86  10   0  21    T    M    M  4.4 21 310   M    M   0        26 310
14 105  76  91  15   0  26    T    M    M  9.2 26 310   M    M   0        38 310
15 101  74  88  12   0  23 0.00    M    M 11.9 28 330   M    M   0        36 320
16 102  66  84   7   0  19 0.00    M    M  5.2 13 330   M    M   0        19  30
17 100  66  83   6   0  18 0.00    M    M  5.6 16 330   M    M   0 8      21 320
18  98  64  81   4   0  16 0.00    M    M  8.3 18 320   M    M   3        23 320
19  96  64  80   3   0  15 0.00    M    M  6.5 16 310   M    M   0        22 300
20  96  63  80   3   0  15 0.00    M    M  7.0 18 130   M    M   0 8      29 140
21  86  66  76  -1   0  11    T    M    M  5.3 21 310   M    M   0        27 300
22  93  62  78   1   0  13    T    M    M  5.9 25 310   M    M   1 3      34 310
23  93  61  77   0   0  12 0.01    M    M  8.7 28 310   M    M   1 3      36 310
24  80  57  69  -9   0   4 0.00    M    M  8.9 26 320   M    M   0        35 330
25  87  56  72  -6   0   7 0.00    M    M  4.9 16 320   M    M   0        21 320
26  96  55  76  -2   0  11 0.00    M    M  3.2 10 340   M    M   0        14  30
27 102  54  78   0   0  13 0.00    M    M  3.0  8 250   M    M   0        12 170
================================================================================
SM 2628 1730         0 430  0.01    M    165.6          M        9
================================================================================
AV 97.3 64.1                               6.1 FASTST   M    M   0    MAX(MPH)
                                 MISC ---->  # 37 300               # 50  300
================================================================================
NOTES:
# LAST OF SEVERAL OCCURRENCES

COLUMN 17 PEAK WIND IN M.P.H.

PRELIMINARY LOCAL CLIMATOLOGICAL DATA (WS FORM: F-6) , PAGE 2

                                          STATION:  ONTARIO OR
                                          MONTH:    JULY
                                          YEAR:     2014
                                          LATITUDE:   44  1 N
                                          LONGITUDE: 117  1 W

[TEMPERATURE DATA]      [PRECIPITATION DATA]       SYMBOLS USED IN COLUMN 16

AVERAGE MONTHLY: 80.7   TOTAL FOR MONTH:   0.01    1 = FOG OR MIST
DPTR FM NORMAL:   4.8   DPTR FM NORMAL:   -0.27    2 = FOG REDUCING VISIBILITY
HIGHEST:   105 ON 14,13 GRTST 24HR  0.01 ON 23-23      TO 1/4 MILE OR LESS
LOWEST:     51 ON  1                               3 = THUNDER
                        SNOW, ICE PELLETS, HAIL    4 = ICE PELLETS
                        TOTAL MONTH:    M          5 = HAIL
                        GRTST 24HR    M  ON   M    6 = FREEZING RAIN OR DRIZZLE
                        GRTST DEPTH:  M  ON   M    7 = DUSTSTORM OR SANDSTORM:
                                                       VSBY 1/2 MILE OR LESS
                                                   8 = SMOKE OR HAZE
[NO. OF DAYS WITH]      [WEATHER - DAYS WITH]      9 = BLOWING SNOW
                                                   X = TORNADO
MAX 32 OR BELOW:   0    0.01 INCH OR MORE:   1
MAX 90 OR ABOVE:  23    0.10 INCH OR MORE:   0
MIN 32 OR BELOW:   0    0.50 INCH OR MORE:   0
MIN  0 OR BELOW:   0    1.00 INCH OR MORE:   0

[HDD (BASE 65) ]
TOTAL THIS MO.     0    CLEAR  (SCALE 0-3)  27
DPTR FM NORMAL     0    PTCLDY (SCALE 4-7)   0
TOTAL FM JUL 1     0    CLOUDY (SCALE 8-10)  0
DPTR FM NORMAL     0

[CDD (BASE 65) ]
TOTAL THIS MO.   430
DPTR FM NORMAL   132    [PRESSURE DATA]
TOTAL FM JAN 1   635    HIGHEST SLP M ON M
DPTR FM NORMAL   162    LOWEST  SLP 29.62 ON 20

[REMARKS]




U.S. Dept. of Commerce
NOAA National Weather Service
1325 East West Highway
Silver Spring, MD 20910
E-mail: w-nws.webmaster@noaa.gov
Page last modified: May 16, 2007
NATIONAL WEATHER SERVICE: for Safety, for Work, for Fun - FOR LIFE