470
CXUS56 KBOI 011002
CF6ONO
PRELIMINARY LOCAL CLIMATOLOGICAL DATA (WS FORM: F-6)

                                          STATION:   ONTARIO OR
                                          MONTH:     NOVEMBER
                                          YEAR:      2014
                                          LATITUDE:   44  1 N
                                          LONGITUDE: 117  1 W

  TEMPERATURE IN F:       :PCPN:    SNOW:  WIND      :SUNSHINE: SKY     :PK WND
================================================================================
1   2   3   4   5  6A  6B    7    8   9   10  11  12  13   14  15   16   17  18
                                     12Z  AVG MX 2MIN
DY MAX MIN AVG DEP HDD CDD  WTR  SNW DPTH SPD SPD DIR MIN PSBL S-S WX    SPD DR
================================================================================

 1  53  44  49   6  16   0 0.61    M    M 14.6 33 310   M    M   6 1      41 310
 2  55  38  47   4  18   0 0.00    M    M  8.1 17 330   M    M   4        21 330
 3  56  37  47   5  18   0 0.00    M    M  1.4  8 100   M    M   9         9 100
 4  53  41  47   5  18   0 0.02    M    M  3.4 12 140   M    M   9        15 140
 5  61  37  49   7  16   0 0.00    M    M  2.5  7 350   M    M   1 1       9 350
 6  65  40  53  12  12   0 0.00    M    M  4.1 15 150   M    M   1 1      19 150
 7  63  37  50   9  15   0 0.00    M    M  7.5 20 320   M    M   1        23 320
 8  57  29  43   3  22   0 0.00    M    M  2.5  6 250   M    M   0        15 250
 9  50  34  42   2  23   0    T    M    M  4.5 21 240   M    M   3 128    28 250
10  51  34  43   4  22   0 0.00    M    M 14.3 29 310   M    M   1        38 310
11  46  28  37  -2  28   0 0.00    M    M  6.5 13 350   M    M   0 8      17 350
12  32  14  23 -16  42   0 0.00    M    M  6.9 18 130   M    M   0        23 120
13  28  15  22 -16  43   0 0.35    M    M  4.1 15 130   M    M   8 1      20 130
14  32  24  28 -10  37   0 0.11    M    M  8.6 33 310   M    M   8 1      40 310
15  29   2  16 -21  49   0 0.00    M    M  8.0 18 290   M    M   0 18     25 290
16  19  -1   9 -28  56   0    T    M    M  2.8  8 260   M    M   1 18     13 150
17  17  -3   7 -29  58   0    T    M    M  1.3  7 240   M    M   2 128    16 150
18  13  -3   5 -31  60   0    T    M    M  0.6  6 170   M    M   5 128    11 210
19  16   1   9 -27  56   0    T    M    M  0.6  6  90   M    M   6 128     7 100
20  27  15  21 -14  44   0 0.04    M    M  1.0  6 100   M    M   7 18      7 170
21  32  16  24 -11  41   0 0.13    M    M  1.6  8 280   M    M   7 168    10 250
22  41  30  36   2  29   0 0.06    M    M  4.4 17 280   M    M   5 168    23 320
23  41  23  32  -2  33   0 0.00    M    M  4.1 14 240   M    M   2 8      16 250
24  44  22  33  -1  32   0    T    M    M  2.9 14 250   M    M   1 1      16 250
25  46  33  40   7  25   0 0.00    M    M  1.8  7  50   M    M   7 1      10 260
26  54  33  44  11  21   0 0.00    M    M  3.5  9  30   M    M   0 18     10  30
27  45  37  41   9  24   0 0.07    M    M  2.6  9 260   M    M   5 1      11 250
28  56  35  46  14  19   0    T    M    M  3.3 12 190   M    M   8 12     14 210
29  58  32  45  13  20   0    T    M    M 12.1 28 330   M    M   7        38 320
30  37  20  29  -2  36   0 0.00    M    M  5.6 17 310   M    M   0        22 300
================================================================================
SM 1277  744       933   0  1.39    M    145.2          M      114
================================================================================
AV 42.6 24.8                               4.8 FASTST   M    M   4    MAX(MPH)
                                 MISC ---->  # 33 310               # 41  310
================================================================================
NOTES:
# LAST OF SEVERAL OCCURRENCES

COLUMN 17 PEAK WIND IN M.P.H.

PRELIMINARY LOCAL CLIMATOLOGICAL DATA (WS FORM: F-6) , PAGE 2

                                          STATION:  ONTARIO OR
                                          MONTH:    NOVEMBER
                                          YEAR:     2014
                                          LATITUDE:   44  1 N
                                          LONGITUDE: 117  1 W

[TEMPERATURE DATA]      [PRECIPITATION DATA]       SYMBOLS USED IN COLUMN 16

AVERAGE MONTHLY: 33.7   TOTAL FOR MONTH:   1.39    1 = FOG OR MIST
DPTR FM NORMAL:  -3.4   DPTR FM NORMAL:    0.29    2 = FOG REDUCING VISIBILITY
HIGHEST:    65 ON  6    GRTST 24HR  0.61 ON  1- 1      TO 1/4 MILE OR LESS
LOWEST:     -3 ON 18,17                            3 = THUNDER
                        SNOW, ICE PELLETS, HAIL    4 = ICE PELLETS
                        TOTAL MONTH:    M          5 = HAIL
                        GRTST 24HR    M  ON   M    6 = FREEZING RAIN OR DRIZZLE
                        GRTST DEPTH:  M  ON   M    7 = DUSTSTORM OR SANDSTORM:
                                                       VSBY 1/2 MILE OR LESS
                                                   8 = SMOKE OR HAZE
[NO. OF DAYS WITH]      [WEATHER - DAYS WITH]      9 = BLOWING SNOW
                                                   X = TORNADO
MAX 32 OR BELOW:  10    0.01 INCH OR MORE:   8
MAX 90 OR ABOVE:   0    0.10 INCH OR MORE:   4
MIN 32 OR BELOW:  17    0.50 INCH OR MORE:   1
MIN  0 OR BELOW:   3    1.00 INCH OR MORE:   0

[HDD (BASE 65) ]
TOTAL THIS MO.   933    CLEAR  (SCALE 0-3)  14
DPTR FM NORMAL    98    PTCLDY (SCALE 4-7)  13
TOTAL FM JUL 1  1281    CLOUDY (SCALE 8-10)  3
DPTR FM NORMAL  -147

[CDD (BASE 65) ]
TOTAL THIS MO.     0
DPTR FM NORMAL     0    [PRESSURE DATA]
TOTAL FM JAN 1  1088    HIGHEST SLP 30.64 ON 16
DPTR FM NORMAL   236    LOWEST  SLP 29.36 ON  1

[REMARKS]
#FINAL-11-14#




U.S. Dept. of Commerce
NOAA National Weather Service
1325 East West Highway
Silver Spring, MD 20910
E-mail: w-nws.webmaster@noaa.gov
Page last modified: May 16, 2007
NATIONAL WEATHER SERVICE: for Safety, for Work, for Fun - FOR LIFE