293
CXUS53 KARX 010930
CF6ONA
PRELIMINARY LOCAL CLIMATOLOGICAL DATA (WS FORM: F-6)

                                          STATION:   WINONA_MUNI_(AWOS) MN
                                          MONTH:     NOVEMBER
                                          YEAR:      2014
                                          LATITUDE:   44  4 N
                                          LONGITUDE:  91 42 W

  TEMPERATURE IN F:       :PCPN:    SNOW:  WIND      :SUNSHINE: SKY     :PK WND
================================================================================
1   2   3   4   5  6A  6B    7    8   9   10  11  12  13   14  15   16   17  18
                                     12Z  AVG MX 2MIN
DY MAX MIN AVG DEP HDD CDD  WTR  SNW DPTH SPD SPD DIR MIN PSBL S-S WX    SPD DR
================================================================================

 1  43  23  33   M  32   0 0.00  0.0    0  2.9  7 150   M    M   0         M  M
 2  57  36  47   M  18   0 0.00  0.0    0  7.4 12 160   M    M   2        25 170
 3  55  43  49   M  16   0 0.08  0.0    0  4.7 10 240   M    M   5 3      18 210
 4  55  41  48   M  17   0 0.01  0.0    0 10.9 16 300   M    M   5        24 300
 5  48  34  41   M  24   0 0.05  0.0    0  3.3  9 130   M    M   5 1       M  M
 6  41  32  37   M  28   0    T  0.0    0  7.9 15 330   M    M   9        24 350
 7  46  32  39   M  26   0    T  0.0    0  5.5 10 160   M    M   7        16 180
 8  46  37  42   M  23   0 0.00  0.0    0 13.8 23 330   M    M   6        31 320
 9  43  36  40   M  25   0 0.00  0.0    0  5.2 12 240   M    M   8         M  M
10  37  32  35   M  30   0 0.03    M    0  8.2 15 110   M    M  10 1      21 110
11  34  25  30   M  35   0 0.01    M    1 13.5 20 330   M    M  10        25 330
12  28  18  23   M  42   0    T    T    1  7.8 12 310   M    M   8        16 300
13  30  21  26   M  39   0    T    T    1  8.5 13 290   M    M  10        17 300
14  23  12  18   M  47   0 0.06  0.1    1  4.1  8 290   M    M   6         M  M
15  23  10  17   M  48   0    M    M    1  1.7  6 320   M    M   8         M  M
16  25  14  20   M  45   0    M    M    2  4.8 10 250   M    M   6        16 250
17  18  12  15   M  50   0 0.00  0.0    2 12.2 17 300   M    M   7        27 290
18  19  12  16   M  49   0 0.00  0.0    1  8.1 16 290   M    M   9        22 290
19  28  19  24   M  41   0 0.02  1.0    2 10.9 24 310   M    M   9        30 310
20  23   7  15   M  50   0 0.00  0.0    2 10.7 17 290   M    M   0        25 290
21  34   5  20   M  45   0 0.00  0.0    1  4.4 13 200   M    M   2        17 200
22  50  34  42   M  23   0 0.00  0.0    0  3.9  8 220   M    M  10 1       M  M
23  54  37  46   M  19   0 0.11  0.0    0  5.8 16 320   M    M  10 1      22 320
24  37  23  30   M  35   0    M    M    0 14.6 20 320   M    M  10        29 290
25  27  18  23   M  42   0 0.00  0.0    1  6.3 16 330   M    M   7        20 310
26  30  19  25   M  40   0    M    M    1  4.5  9 130   M    M   8 8       M  M
27  25   9  17   M  48   0    T    T    2  6.9 16 320   M    M   2        21 330
28  28  12  20   M  45   0    M    M    3  6.3 13 130   M    M   6 46      M  M
29  43  25  34   M  31   0 0.00  0.0    3  3.6  9 290   M    M   2 18      M  M
30  32  10  21   M  44   0 0.00  0.0    0 13.3 20 320   M    M   2 1      24 320
================================================================================
SM 1082  688      1057   0  0.37     1.1 221.7          M      189
================================================================================
AV 36.1 22.9                               7.4 FASTST   M    M   6    MAX(MPH)
                                 MISC ---->    24   M                 31    M
================================================================================
NOTES:
# LAST OF SEVERAL OCCURRENCES

COLUMN 17 PEAK WIND IN M.P.H.

PRELIMINARY LOCAL CLIMATOLOGICAL DATA (WS FORM: F-6) , PAGE 2

                                          STATION:  WINONA_MUNI_(AWOS) MN
                                          MONTH:    NOVEMBER
                                          YEAR:     2014
                                          LATITUDE:   44  4 N
                                          LONGITUDE:  91 42 W

[TEMPERATURE DATA]      [PRECIPITATION DATA]       SYMBOLS USED IN COLUMN 16

AVERAGE MONTHLY: 29.5   TOTAL FOR MONTH:   0.37    1 = FOG OR MIST
DPTR FM NORMAL:     M   DPTR FM NORMAL:       M    2 = FOG REDUCING VISIBILITY
HIGHEST:    57 ON  2    GRTST 24HR  0.11 ON 23-23      TO 1/4 MILE OR LESS
LOWEST:      5 ON 21                               3 = THUNDER
                        SNOW, ICE PELLETS, HAIL    4 = ICE PELLETS
                        TOTAL MONTH:   1.1 INCHES  5 = HAIL
                        GRTST 24HR   1.0 ON 19-19  6 = FREEZING RAIN OR DRIZZLE
                        GRTST DEPTH:   3 ON 29,28  7 = DUSTSTORM OR SANDSTORM:
                                                       VSBY 1/2 MILE OR LESS
                                                   8 = SMOKE OR HAZE
[NO. OF DAYS WITH]      [WEATHER - DAYS WITH]      9 = BLOWING SNOW
                                                   X = TORNADO
MAX 32 OR BELOW:  14    0.01 INCH OR MORE:   8
MAX 90 OR ABOVE:   0    0.10 INCH OR MORE:   1
MIN 32 OR BELOW:  22    0.50 INCH OR MORE:   0
MIN  0 OR BELOW:   0    1.00 INCH OR MORE:   0

[HDD (BASE 65) ]
TOTAL THIS MO.  1057    CLEAR  (SCALE 0-3)   7
DPTR FM NORMAL     M    PTCLDY (SCALE 4-7)  13
TOTAL FM JUL 1  1716    CLOUDY (SCALE 8-10) 10
DPTR FM NORMAL     M

[CDD (BASE 65) ]
TOTAL THIS MO.     0
DPTR FM NORMAL     M    [PRESSURE DATA]
TOTAL FM JAN 1   609    HIGHEST SLP M ON M
DPTR FM NORMAL     M    LOWEST  SLP M ON M

[REMARKS]
#FINAL-11-14#




U.S. Dept. of Commerce
NOAA National Weather Service
1325 East West Highway
Silver Spring, MD 20910
E-mail: w-nws.webmaster@noaa.gov
Page last modified: May 16, 2007
NATIONAL WEATHER SERVICE: for Safety, for Work, for Fun - FOR LIFE