776
CXUS56 KOTX 011500
CF6OMK
PRELIMINARY LOCAL CLIMATOLOGICAL DATA (WS FORM: F-6)

                                          STATION:   OMAK WA AIRPORT
                                          MONTH:     NOVEMBER
                                          YEAR:      2014
                                          LATITUDE:   48 27 N
                                          LONGITUDE: 119 31 W

  TEMPERATURE IN F:       :PCPN:    SNOW:  WIND      :SUNSHINE: SKY     :PK WND
================================================================================
1   2   3   4   5  6A  6B    7    8   9   10  11  12  13   14  15   16   17  18
                                     12Z  AVG MX 2MIN
DY MAX MIN AVG DEP HDD CDD  WTR  SNW DPTH SPD SPD DIR MIN PSBL S-S WX    SPD DR
================================================================================

 1  57  40  49   7  16   0    T    M    M 11.5 22  10   M    M   3        29  10
 2  54  32  43   2  22   0 0.00    M    M  4.1 15 290   M    M   2        17 290
 3  49  32  41   0  24   0 0.07    M    M  3.7 13 220   M    M   8        17 220
 4  58  45  52  11  13   0 0.01    M    M  6.9 14 170   M    M   6        20 160
 5  53  43  48   8  17   0 0.18    M    M  1.5  7 300   M    M   6 1       9 290
 6  60  44  52  12  13   0 0.07    M    M  6.7 20 170   M    M   7 1      26 150
 7  58  37  48   9  17   0 0.00    M    M  5.4 13 160   M    M   0        14 160
 8  45  30  38  -1  27   0 0.00    M    M  1.7  7 210   M    M   1         8 140
 9  48  34  41   2  24   0    T    M    M  6.5 20 350   M    M   4 1      31 360
10  50  31  41   3  24   0 0.00    M    M 10.3 23  20   M    M   3        29  20
11  38  19  29  -9  36   0 0.00    M    M  6.9 15  10   M    M   3        20  10
12  35  14  25 -12  40   0 0.00    M    M  7.0 13 360   M    M   0        17 360
13  34  13  24 -13  41   0 0.00    M    M 10.6 18 340   M    M   0        23 350
14  35  18  27  -9  38   0 0.00    M    M 13.3 21 360   M    M   0        28  20
15  33  18  26 -10  39   0 0.00    M    M 10.5 17  10   M    M   0        22  10
16  33  12  23 -13  42   0 0.00    M    M  4.0  8 290   M    M   0        11  30
17  33  10  22 -13  43   0 0.00    M    M  3.7  8 290   M    M   0         9 170
18  32  11  22 -13  43   0 0.00    M    M  1.1  6 250   M    M   3 8       6 300
19  40  24  32  -2  33   0 0.00    M    M  1.4  7 290   M    M   5 8       9 170
20  43  28  36   2  29   0 0.00    M    M  5.3 15 190   M    M   4        19 190
21  33  28  31  -3  34   0 0.70    M    M  3.4 10 190   M    M  10 18     17 150
22  39  16  28  -5  37   0 0.00    M    M  4.8 12 190   M    M   3 12     16 180
23  42  19  31  -2  34   0 0.00    M    M  4.1 13 180   M    M   5 128    16 180
24  39  17  28  -4  37   0 0.00    M    M  4.5 17 200   M    M   4 1      23 190
25  37  32  35   3  30   0 0.89    M    M  5.8 18 360   M    M  10 1      24 350
26  35  32  34   2  31   0    T    M    M  4.5 12 170   M    M  10 12     14 170
27  48  34  41  10  24   0 0.00    M    M 11.0 24 190   M    M   3 1      30 210
28  50  22  36   5  29   0 0.08    M    M 14.8 31 360   M    M   8 16     40 360
29  22  10  16 -14  49   0 0.00    M    M 21.3 35  20   M    M   3        45  10
30  19   8  14 -16  51   0 0.00    M    M 12.3 20 350   M    M   0        28 350
================================================================================
SM 1252  753       937   0  2.00    M    208.6          M      111
================================================================================
AV 41.7 25.1                               7.0 FASTST   M    M   4    MAX(MPH)
                                 MISC ---->  # 35  20               # 45   10
================================================================================
NOTES:
# LAST OF SEVERAL OCCURRENCES

COLUMN 17 PEAK WIND IN M.P.H.

PRELIMINARY LOCAL CLIMATOLOGICAL DATA (WS FORM: F-6) , PAGE 2

                                          STATION:  OMAK WA AIRPORT
                                          MONTH:    NOVEMBER
                                          YEAR:     2014
                                          LATITUDE:   48 27 N
                                          LONGITUDE: 119 31 W

[TEMPERATURE DATA]      [PRECIPITATION DATA]       SYMBOLS USED IN COLUMN 16

AVERAGE MONTHLY: 33.4   TOTAL FOR MONTH:   2.00    1 = FOG OR MIST
DPTR FM NORMAL:  -2.5   DPTR FM NORMAL:    0.19    2 = FOG REDUCING VISIBILITY
HIGHEST:    60 ON  6    GRTST 24HR  0.89 ON 25-25      TO 1/4 MILE OR LESS
LOWEST:      8 ON 30                               3 = THUNDER
                        SNOW, ICE PELLETS, HAIL    4 = ICE PELLETS
                        TOTAL MONTH:    M          5 = HAIL
                        GRTST 24HR    M  ON   M    6 = FREEZING RAIN OR DRIZZLE
                        GRTST DEPTH:  M  ON   M    7 = DUSTSTORM OR SANDSTORM:
                                                       VSBY 1/2 MILE OR LESS
                                                   8 = SMOKE OR HAZE
[NO. OF DAYS WITH]      [WEATHER - DAYS WITH]      9 = BLOWING SNOW
                                                   X = TORNADO
MAX 32 OR BELOW:   3    0.01 INCH OR MORE:   7
MAX 90 OR ABOVE:   0    0.10 INCH OR MORE:   3
MIN 32 OR BELOW:  23    0.50 INCH OR MORE:   2
MIN  0 OR BELOW:   0    1.00 INCH OR MORE:   0

[HDD (BASE 65) ]
TOTAL THIS MO.   937    CLEAR  (SCALE 0-3)  17
DPTR FM NORMAL    64    PTCLDY (SCALE 4-7)  10
TOTAL FM JUL 1  1397    CLOUDY (SCALE 8-10)  3
DPTR FM NORMAL  -136

[CDD (BASE 65) ]
TOTAL THIS MO.     0
DPTR FM NORMAL     0    [PRESSURE DATA]
TOTAL FM JAN 1   873    HIGHEST SLP 30.74 ON 16
DPTR FM NORMAL   208    LOWEST  SLP 29.28 ON 28

[REMARKS]
#FINAL-11-14#




U.S. Dept. of Commerce
NOAA National Weather Service
1325 East West Highway
Silver Spring, MD 20910
E-mail: w-nws.webmaster@noaa.gov
Page last modified: May 16, 2007
NATIONAL WEATHER SERVICE: for Safety, for Work, for Fun - FOR LIFE