170
CXUS56 KOTX 301500
CF6OMK
PRELIMINARY LOCAL CLIMATOLOGICAL DATA (WS FORM: F-6)

                                          STATION:   OMAK WA AIRPORT
                                          MONTH:     AUGUST
                                          YEAR:      2014
                                          LATITUDE:   48 27 N
                                          LONGITUDE: 119 31 W

  TEMPERATURE IN F:       :PCPN:    SNOW:  WIND      :SUNSHINE: SKY     :PK WND
================================================================================
1   2   3   4   5  6A  6B    7    8   9   10  11  12  13   14  15   16   17  18
                                     12Z  AVG MX 2MIN
DY MAX MIN AVG DEP HDD CDD  WTR  SNW DPTH SPD SPD DIR MIN PSBL S-S WX    SPD DR
================================================================================

 1  98  69  84   9   0  19 0.00    M    M  9.5 18 360   M    M   0        23 360
 2 100  61  81   6   0  16 0.00    M    M  6.4 31 310   M    M   0 8      42 320
 3 100  58  79   4   0  14    T    M    M  6.4 20 340   M    M   1 3      25 350
 4 101  69  85  10   0  20 0.00    M    M  9.8 18 350   M    M   0        24 360
 5 101  68  85  10   0  20 0.00    M    M  8.5 15  30   M    M   0        21 340
 6  96  65  81   6   0  16 0.00    M    M  7.3 17 360   M    M   2 8      22 350
 7  94  70  82   8   0  17 0.00    M    M  9.9 17 360   M    M   1 8      22 350
 8  91  66  79   5   0  14 0.00    M    M  8.1 15 360   M    M   0        22 360
 9  92  61  77   3   0  12 0.00    M    M  8.6 18 360   M    M   1        22 360
10  97  59  78   4   0  13 0.00    M    M  7.5 20 360   M    M   2 8      23 350
11 100  67  84  10   0  19 0.00    M    M  8.2 16 360   M    M   3 8      26  10
12  97  66  82   8   0  17 0.04    M    M  6.0 33 150   M    M   4 8      43 140
13  85  66  76   2   0  11 0.00    M    M  7.2 14 210   M    M   4        18 230
14  71  60  66  -7   0   1 0.27    M    M  6.8 15 200   M    M   6 1      19 210
15  80  60  70  -3   0   5 0.09    M    M  5.5 15 170   M    M   7 1      18 160
16  87  58  73   0   0   8 0.00    M    M  4.5 14  10   M    M   2        19  20
17  92  62  77   4   0  12 0.00    M    M  7.6 15 310   M    M   0        19 260
18  96  64  80   8   0  15 0.00    M    M  7.2 14 350   M    M   1        18 340
19  93  69  81   9   0  16    T    M    M  6.4 16 310   M    M   2        23 310
20  88  65  77   5   0  12    T    M    M 10.6 18  20   M    M   5        29 350
21  83  57  70  -2   0   5 0.31    M    M 11.5 28  20   M    M   6 13     38  10
22  78  55  67  -4   0   2 0.01    M    M 11.1 26 360   M    M   4        34 360
23  85  54  70  -1   0   5    T    M    M  7.8 17  10   M    M   1        23  10
24  79  57  68  -3   0   3 0.13    M    M  5.8 17 310   M    M   5        22 300
25  87  54  71   1   0   6 0.00    M    M  5.7 14 300   M    M   1        19 300
26  91  53  72   2   0   7 0.00    M    M  6.5 13 220   M    M   0        25 180
27  94  58  76   6   0  11 0.00    M    M  4.5 14 190   M    M   0        18 190
28  89  60  75   6   0  10 0.00    M    M  7.2 16  10   M    M   0        23  10
29  80  54  67  -2   0   2 0.00    M    M  7.0 15  10   M    M   0        21  10
================================================================================
SM 2625 1785         0 328  0.85    M    219.1          M       58
================================================================================
AV 90.5 61.6                               7.6 FASTST   M    M   2    MAX(MPH)
                                 MISC ---->  # 33 150               # 43  140
================================================================================
NOTES:
# LAST OF SEVERAL OCCURRENCES

COLUMN 17 PEAK WIND IN M.P.H.

PRELIMINARY LOCAL CLIMATOLOGICAL DATA (WS FORM: F-6) , PAGE 2

                                          STATION:  OMAK WA AIRPORT
                                          MONTH:    AUGUST
                                          YEAR:     2014
                                          LATITUDE:   48 27 N
                                          LONGITUDE: 119 31 W

[TEMPERATURE DATA]      [PRECIPITATION DATA]       SYMBOLS USED IN COLUMN 16

AVERAGE MONTHLY: 76.0   TOTAL FOR MONTH:   0.85    1 = FOG OR MIST
DPTR FM NORMAL:   3.3   DPTR FM NORMAL:    0.41    2 = FOG REDUCING VISIBILITY
HIGHEST:   101 ON  5, 4 GRTST 24HR  0.34 ON 14-15      TO 1/4 MILE OR LESS
LOWEST:     53 ON 26                               3 = THUNDER
                        SNOW, ICE PELLETS, HAIL    4 = ICE PELLETS
                        TOTAL MONTH:    M          5 = HAIL
                        GRTST 24HR    M  ON   M    6 = FREEZING RAIN OR DRIZZLE
                        GRTST DEPTH:  M  ON   M    7 = DUSTSTORM OR SANDSTORM:
                                                       VSBY 1/2 MILE OR LESS
                                                   8 = SMOKE OR HAZE
[NO. OF DAYS WITH]      [WEATHER - DAYS WITH]      9 = BLOWING SNOW
                                                   X = TORNADO
MAX 32 OR BELOW:   0    0.01 INCH OR MORE:   6
MAX 90 OR ABOVE:  17    0.10 INCH OR MORE:   3
MIN 32 OR BELOW:   0    0.50 INCH OR MORE:   0
MIN  0 OR BELOW:   0    1.00 INCH OR MORE:   0

[HDD (BASE 65) ]
TOTAL THIS MO.     0    CLEAR  (SCALE 0-3)  21
DPTR FM NORMAL    -9    PTCLDY (SCALE 4-7)   8
TOTAL FM JUL 1     2    CLOUDY (SCALE 8-10)  0
DPTR FM NORMAL   -22

[CDD (BASE 65) ]
TOTAL THIS MO.   328
DPTR FM NORMAL    92    [PRESSURE DATA]
TOTAL FM JAN 1   824    HIGHEST SLP M ON M
DPTR FM NORMAL   227    LOWEST  SLP  0.00 ON M

[REMARKS]




U.S. Dept. of Commerce
NOAA National Weather Service
1325 East West Highway
Silver Spring, MD 20910
E-mail: w-nws.webmaster@noaa.gov
Page last modified: May 16, 2007
NATIONAL WEATHER SERVICE: for Safety, for Work, for Fun - FOR LIFE