955
CXUS56 KOTX 221500
CF6OMK
PRELIMINARY LOCAL CLIMATOLOGICAL DATA (WS FORM: F-6)

                                          STATION:   OMAK WA AIRPORT
                                          MONTH:     APRIL
                                          YEAR:      2014
                                          LATITUDE:   48 27 N
                                          LONGITUDE: 119 31 W

  TEMPERATURE IN F:       :PCPN:    SNOW:  WIND      :SUNSHINE: SKY     :PK WND
================================================================================
1   2   3   4   5  6A  6B    7    8   9   10  11  12  13   14  15   16   17  18
                                     12Z  AVG MX 2MIN
DY MAX MIN AVG DEP HDD CDD  WTR  SNW DPTH SPD SPD DIR MIN PSBL S-S WX    SPD DR
================================================================================

 1  63  35  49   2  16   0 0.00    M    M 10.2 21 350   M    M   1        26  20
 2  62  27  45  -2  20   0 0.00    M    M  4.7 14 300   M    M   0        19 300
 3  57  29  43  -4  22   0 0.00    M    M  8.1 22 150   M    M   2        27 150
 4  62  37  50   2  15   0 0.00    M    M  7.2 15 170   M    M   3        19 170
 5  61  27  44  -4  21   0 0.00    M    M  7.2 16 190   M    M   6        21 230
 6  67  32  50   2  15   0 0.00    M    M  5.0 12 170   M    M   1        17 350
 7  69  39  54   6  11   0 0.00    M    M  5.1 16 170   M    M   1        20 160
 8  75  37  56   8   9   0    T    M    M  9.2 23 220   M    M   2        32 270
 9  63  36  50   1  15   0 0.00    M    M  7.0 20 360   M    M   0        25  10
10  67  34  51   2  14   0 0.00    M    M  6.6 16 160   M    M   0        20 160
11  70  33  52   3  13   0 0.00    M    M  7.3 20 300   M    M   2        30 270
12  64  38  51   2  14   0 0.00    M    M 15.1 28  20   M    M   1        35  20
13  65  32  49  -1  16   0 0.00    M    M  6.8 17  30   M    M   0        22 350
14  67  26  47  -3  18   0 0.00    M    M  6.4 17 150   M    M   0        25 180
15  66  40  53   3  12   0 0.00    M    M  7.9 20 270   M    M   3        28 340
16  62  40  51   1  14   0    T    M    M  7.6 18 140   M    M   8        23 150
17  60  49  55   5  10   0 0.02    M    M 10.9 22 150   M    M   9        26 150
18  64  35  50   0  15   0    T    M    M  8.6 21 210   M    M   3        25 220
19  63  27  45  -6  20   0 0.00    M    M  7.3 16 190   M    M   2        22 190
20  64  34  49  -2  16   0 0.00    M    M  9.2 24 150   M    M   1        32 160
21  65  38  52   1  13   0    T    M    M  4.6 13 310   M    M   6 8      15 300
================================================================================
SM 1356  725       319   0  0.02    M    162.0          M       51
================================================================================
AV 64.6 34.5                               7.7 FASTST   M    M   2    MAX(MPH)
                                 MISC ---->  # 28  20               # 35   20
================================================================================
NOTES:
# LAST OF SEVERAL OCCURRENCES

COLUMN 17 PEAK WIND IN M.P.H.

PRELIMINARY LOCAL CLIMATOLOGICAL DATA (WS FORM: F-6) , PAGE 2

                                          STATION:  OMAK WA AIRPORT
                                          MONTH:    APRIL
                                          YEAR:     2014
                                          LATITUDE:   48 27 N
                                          LONGITUDE: 119 31 W

[TEMPERATURE DATA]      [PRECIPITATION DATA]       SYMBOLS USED IN COLUMN 16

AVERAGE MONTHLY: 49.5   TOTAL FOR MONTH:   0.02    1 = FOG OR MIST
DPTR FM NORMAL:   0.5   DPTR FM NORMAL:   -0.71    2 = FOG REDUCING VISIBILITY
HIGHEST:    75 ON  8    GRTST 24HR  0.02 ON 17-17      TO 1/4 MILE OR LESS
LOWEST:     26 ON 14                               3 = THUNDER
                        SNOW, ICE PELLETS, HAIL    4 = ICE PELLETS
                        TOTAL MONTH:    M          5 = HAIL
                        GRTST 24HR    M  ON   M    6 = FREEZING RAIN OR DRIZZLE
                        GRTST DEPTH:  M  ON   M    7 = DUSTSTORM OR SANDSTORM:
                                                       VSBY 1/2 MILE OR LESS
                                                   8 = SMOKE OR HAZE
[NO. OF DAYS WITH]      [WEATHER - DAYS WITH]      9 = BLOWING SNOW
                                                   X = TORNADO
MAX 32 OR BELOW:   0    0.01 INCH OR MORE:   1
MAX 90 OR ABOVE:   0    0.10 INCH OR MORE:   0
MIN 32 OR BELOW:   7    0.50 INCH OR MORE:   0
MIN  0 OR BELOW:   0    1.00 INCH OR MORE:   0

[HDD (BASE 65) ]
TOTAL THIS MO.   319    CLEAR  (SCALE 0-3)  15
DPTR FM NORMAL   -16    PTCLDY (SCALE 4-7)   4
TOTAL FM JUL 1  6059    CLOUDY (SCALE 8-10)  2
DPTR FM NORMAL   134

[CDD (BASE 65) ]
TOTAL THIS MO.     0
DPTR FM NORMAL     0    [PRESSURE DATA]
TOTAL FM JAN 1     0    HIGHEST SLP M ON M
DPTR FM NORMAL     0    LOWEST  SLP  0.00 ON M

[REMARKS]




U.S. Dept. of Commerce
NOAA National Weather Service
1325 East West Highway
Silver Spring, MD 20910
E-mail: w-nws.webmaster@noaa.gov
Page last modified: May 16, 2007
NATIONAL WEATHER SERVICE: for Safety, for Work, for Fun - FOR LIFE