012
CXUS56 KOTX 301500
CF6OMK
PRELIMINARY LOCAL CLIMATOLOGICAL DATA (WS FORM: F-6)

                                          STATION:   OMAK WA AIRPORT
                                          MONTH:     JANUARY
                                          YEAR:      2015
                                          LATITUDE:   48 27 N
                                          LONGITUDE: 119 31 W

  TEMPERATURE IN F:       :PCPN:    SNOW:  WIND      :SUNSHINE: SKY     :PK WND
================================================================================
1   2   3   4   5  6A  6B    7    8   9   10  11  12  13   14  15   16   17  18
                                     12Z  AVG MX 2MIN
DY MAX MIN AVG DEP HDD CDD  WTR  SNW DPTH SPD SPD DIR MIN PSBL S-S WX    SPD DR
================================================================================

 1  26   9  18  -6  47   0 0.00    M    M  5.6 14 210   M    M   3 1      17 210
 2  27  12  20  -4  45   0    T    M    M  6.6 14 220   M    M   5        17 220
 3  26   9  18  -7  47   0    T    M    M  2.0  9 160   M    M   3        11 160
 4  28  22  25   0  40   0 0.10    M    M  5.9 12 210   M    M  10 1      16 200
 5  35  27  31   6  34   0 0.03    M    M  6.4 15 350   M    M  10 16     18  20
 6  35  31  33   8  32   0 0.00    M    M  3.4 10  10   M    M   8 1      13  10
 7  34  32  33   8  32   0 0.00    M    M  5.1 17 350   M    M  10 12     21 340
 8  40  30  35  10  30   0 0.00    M    M 10.4 22 350   M    M   7 1      28 360
 9  32  27  30   4  35   0    T    M    M  1.7  7 190   M    M   9 1       8 180
10  35  30  33   7  32   0    T    M    M  0.9  7 340   M    M  10 1       9 350
11  34  29  32   6  33   0 0.00    M    M  3.3  9  20   M    M  10        11 360
12  41  24  33   7  32   0 0.00    M    M  6.0 12 360   M    M   5        14  10
13  33  24  29   3  36   0 0.00    M    M  0.8  8 360   M    M   9         9 360
14  33  30  32   6  33   0 0.00    M    M  2.0  8 190   M    M  10 1      11 190
15  32  29  31   4  34   0 0.15    M    M  4.9 10 200   M    M  10 18     14 190
16  33  28  31   4  34   0 0.06    M    M  3.7 10 200   M    M  10 1      13 200
17  32  29  31   4  34   0 0.31    M    M  2.0  9 160   M    M  10 1      10 160
18  47  30  39  12  26   0 0.08    M    M 11.6 33 160   M    M   5 1      41 170
19  40  21  31   4  34   0 0.00    M    M  4.6 12 150   M    M   2        14 150
20  35  16  26  -2  39   0 0.00    M    M  1.7  8 330   M    M   1 12      M  M
21  28  21  25  -3  40   0 0.00    M    M  2.1  7 120   M    M  10 128    10 130
22  34  28  31   3  34   0    T    M    M  2.1 10 180   M    M  10 12     15 120
23  35  32  34   6  31   0    T    M    M  7.5 16 210   M    M  10 1      20 220
24  39  32  36   8  29   0    T    M    M  2.5  9 170   M    M  10 128    11 160
25  38  34  36   8  29   0 0.00    M    M  1.3  6 310   M    M  10 12      7 100
26  34  32  33   5  32   0 0.00    M    M  2.2  7 160   M    M  10 12      9 200
27  38  31  35   6  30   0 0.00    M    M  0.1  5 220   M    M  10 12      7 180
28  36  33  35   6  30   0 0.00    M    M  1.6  7 170   M    M  10 1       9 170
29  37  32  35   6  30   0 0.00    M    M  2.8  8 330   M    M  10 8      10 340
================================================================================
SM  997  764       994   0  0.73    M    110.8          M      237
================================================================================
AV 34.4 26.3                               3.8 FASTST   M    M   8    MAX(MPH)
                                 MISC ---->  # 33 160               # 41  170
================================================================================
NOTES:
# LAST OF SEVERAL OCCURRENCES

COLUMN 17 PEAK WIND IN M.P.H.

PRELIMINARY LOCAL CLIMATOLOGICAL DATA (WS FORM: F-6) , PAGE 2

                                          STATION:  OMAK WA AIRPORT
                                          MONTH:    JANUARY
                                          YEAR:     2015
                                          LATITUDE:   48 27 N
                                          LONGITUDE: 119 31 W

[TEMPERATURE DATA]      [PRECIPITATION DATA]       SYMBOLS USED IN COLUMN 16

AVERAGE MONTHLY: 30.4   TOTAL FOR MONTH:   0.73    1 = FOG OR MIST
DPTR FM NORMAL:   3.7   DPTR FM NORMAL:   -0.89    2 = FOG REDUCING VISIBILITY
HIGHEST:    47 ON 18    GRTST 24HR  0.39 ON 17-18      TO 1/4 MILE OR LESS
LOWEST:      9 ON  3, 1                            3 = THUNDER
                        SNOW, ICE PELLETS, HAIL    4 = ICE PELLETS
                        TOTAL MONTH:    M          5 = HAIL
                        GRTST 24HR    M  ON   M    6 = FREEZING RAIN OR DRIZZLE
                        GRTST DEPTH:  M  ON   M    7 = DUSTSTORM OR SANDSTORM:
                                                       VSBY 1/2 MILE OR LESS
                                                   8 = SMOKE OR HAZE
[NO. OF DAYS WITH]      [WEATHER - DAYS WITH]      9 = BLOWING SNOW
                                                   X = TORNADO
MAX 32 OR BELOW:   8    0.01 INCH OR MORE:   6
MAX 90 OR ABOVE:   0    0.10 INCH OR MORE:   3
MIN 32 OR BELOW:  27    0.50 INCH OR MORE:   0
MIN  0 OR BELOW:   0    1.00 INCH OR MORE:   0

[HDD (BASE 65) ]
TOTAL THIS MO.   994    CLEAR  (SCALE 0-3)   3
DPTR FM NORMAL  -117    PTCLDY (SCALE 4-7)   6
TOTAL FM JUL 1  3442    CLOUDY (SCALE 8-10) 20
DPTR FM NORMAL  -418

[CDD (BASE 65) ]
TOTAL THIS MO.     0
DPTR FM NORMAL     0    [PRESSURE DATA]
TOTAL FM JAN 1     0    HIGHEST SLP M ON M
DPTR FM NORMAL     0    LOWEST  SLP  0.00 ON M

[REMARKS]




U.S. Dept. of Commerce
NOAA National Weather Service
1325 East West Highway
Silver Spring, MD 20910
E-mail: w-nws.webmaster@noaa.gov
Page last modified: May 16, 2007
NATIONAL WEATHER SERVICE: for Safety, for Work, for Fun - FOR LIFE