642
CXUS53 KOAX 011000
CF6OMA
PRELIMINARY LOCAL CLIMATOLOGICAL DATA (WS FORM: F-6)

                                          STATION:   OMAHA EPPLEY, NEBRASKA
                                          MONTH:     SEPTEMBER
                                          YEAR:      2014
                                          LATITUDE:   41 17 N
                                          LONGITUDE:  95 54 W

  TEMPERATURE IN F:       :PCPN:    SNOW:  WIND      :SUNSHINE: SKY     :PK WND
================================================================================
1   2   3   4   5  6A  6B    7    8   9   10  11  12  13   14  15   16   17  18
                                     12Z  AVG MX 2MIN
DY MAX MIN AVG DEP HDD CDD  WTR  SNW DPTH SPD SPD DIR MIN PSBL S-S WX    SPD DR
================================================================================

 1  81  63  72   1   0   7    T  0.0    0  6.9 21 300   M    M   6        26 310
 2  82  57  70  -1   0   5 0.00  0.0    0  4.5 12 240   M    M   2        16 210
 3  87  65  76   5   0  11 0.00  0.0    0 14.0 29 190   M    M   5        37 170
 4  93  69  81  11   0  16 0.00  0.0    0 13.2 23 340   M    M   4        32 210
 5  69  55  62  -8   3   0 0.26  0.0    0  9.9 24 360   M    M   9 3      32 360
 6  75  50  63  -7   2   0 0.00  0.0    0  2.8 10  20   M    M   4 12     12  20
 7  76  53  65  -4   0   0 0.00  0.0    0  8.2 17 150   M    M   1 1      22 160
 8  85  61  73   4   0   8 0.00  0.0    0 14.9 26 140   M    M   4        31 160
 9  78  68  73   4   0   8 3.43  0.0    0 10.1 32  40   M    M   7 13     40 280
10  69  54  62  -6   3   0    T  0.0    0 15.9 25 340   M    M  10        32 340
11  57  52  55 -13  10   0 0.01  0.0    0  9.4 18  30   M    M  10        22  30
12  56  44  50 -17  15   0 0.41  0.0    0  7.1 17  10   M    M   8 1      21  10
13  62  41  52 -15  13   0 0.00  0.0    0  9.5 23 160   M    M   4 1      28 160
14  72  50  61  -6   4   0    T  0.0    0  7.8 16 150   M    M   7 3      19 190
15  65  47  56 -10   9   0 0.02  0.0    0  8.1 23  10   M    M   7 13     28 350
16  69  42  56 -10   9   0 0.00  0.0    0  6.8 14 170   M    M   4 12     18 170
17  80  57  69   4   0   4 0.00  0.0    0  5.0 12 110   M    M   4        15 110
18  77  59  68   3   0   3 0.00  0.0    0 10.4 18 140   M    M   4 18     22 150
19  85  61  73   9   0   8 0.00  0.0    0 16.4 25 170   M    M   5 18     31 160
20  86  61  74  10   0   9 0.27  0.0    0  7.7 22 350   M    M   5 13     29 340
21  73  52  63  -1   2   0 0.00  0.0    0  8.8 25 360   M    M   1        31 360
22  74  47  61  -2   4   0 0.00  0.0    0  5.2 14 170   M    M   4 1      17 150
23  73  60  67   4   0   2 0.05  0.0    0 14.3 26 170   M    M   9        34 160
24  72  60  66   4   0   1    T  0.0    0 12.3 21 170   M    M   7 3      25 170
25  83  58  71   9   0   6 0.00  0.0    0  4.6 10 140   M    M   0 1      18 230
26  85  61  73  12   0   8 0.00  0.0    0  9.5 21 160   M    M   2        27 170
27  82  60  71  10   0   6 0.00  0.0    0 10.6 22 160   M    M   2        26 160
28  83  58  71  11   0   6 0.00  0.0    0  6.3 14 190   M    M   1        19 150
29  84  60  72  12   0   7 0.00  0.0    0  5.2 12 360   M    M   2        15 360
30  76  63  70  10   0   5 1.66  0.0    0  8.7 25 120   M    M   8 13     30 120
================================================================================
SM 2289 1688        74 120  6.11     0.0 274.1          M      146
================================================================================
AV 76.3 56.3                               9.1 FASTST   M    M   5    MAX(MPH)
                                 MISC ---->  # 32  40               # 40  280
================================================================================
NOTES:
# LAST OF SEVERAL OCCURRENCES

COLUMN 17 PEAK WIND IN M.P.H.

PRELIMINARY LOCAL CLIMATOLOGICAL DATA (WS FORM: F-6) , PAGE 2

                                          STATION:  OMAHA EPPLEY, NEBRASKA
                                          MONTH:    SEPTEMBER
                                          YEAR:     2014
                                          LATITUDE:   41 17 N
                                          LONGITUDE:  95 54 W

[TEMPERATURE DATA]      [PRECIPITATION DATA]       SYMBOLS USED IN COLUMN 16

AVERAGE MONTHLY: 66.3   TOTAL FOR MONTH:   6.11    1 = FOG OR MIST
DPTR FM NORMAL:   0.6   DPTR FM NORMAL:    3.43    2 = FOG REDUCING VISIBILITY
HIGHEST:    93 ON  4    GRTST 24HR  3.43 ON  9- 9      TO 1/4 MILE OR LESS
LOWEST:     41 ON 13                               3 = THUNDER
                        SNOW, ICE PELLETS, HAIL    4 = ICE PELLETS
                        TOTAL MONTH:   0.0 INCH    5 = HAIL
                        GRTST 24HR     0.0         6 = FREEZING RAIN OR DRIZZLE
                        GRTST DEPTH:   0           7 = DUSTSTORM OR SANDSTORM:
                                                       VSBY 1/2 MILE OR LESS
                                                   8 = SMOKE OR HAZE
[NO. OF DAYS WITH]      [WEATHER - DAYS WITH]      9 = BLOWING SNOW
                                                   X = TORNADO
MAX 32 OR BELOW:   0    0.01 INCH OR MORE:   8
MAX 90 OR ABOVE:   1    0.10 INCH OR MORE:   5
MIN 32 OR BELOW:   0    0.50 INCH OR MORE:   2
MIN  0 OR BELOW:   0    1.00 INCH OR MORE:   2

[HDD (BASE 65) ]
TOTAL THIS MO.    74    CLEAR  (SCALE 0-3)   8
DPTR FM NORMAL   -21    PTCLDY (SCALE 4-7)  17
TOTAL FM JUL 1    78    CLOUDY (SCALE 8-10)  5
DPTR FM NORMAL   -25

[CDD (BASE 65) ]
TOTAL THIS MO.   120
DPTR FM NORMAL     3    [PRESSURE DATA]
TOTAL FM JAN 1  1143    HIGHEST SLP 30.48 ON 12
DPTR FM NORMAL    46    LOWEST  SLP 29.56 ON  9

[REMARKS]
#FINAL-09-14#




U.S. Dept. of Commerce
NOAA National Weather Service
1325 East West Highway
Silver Spring, MD 20910
E-mail: w-nws.webmaster@noaa.gov
Page last modified: May 16, 2007
NATIONAL WEATHER SERVICE: for Safety, for Work, for Fun - FOR LIFE