782
CXUS53 KOAX 100543
CF6OMA
PRELIMINARY LOCAL CLIMATOLOGICAL DATA (WS FORM: F-6)

                                          STATION:   OMAHA EPPLEY, NEBRASKA
                                          MONTH:     NOVEMBER
                                          YEAR:      2014
                                          LATITUDE:   41 17 N
                                          LONGITUDE:  95 54 W

  TEMPERATURE IN F:       :PCPN:    SNOW:  WIND      :SUNSHINE: SKY     :PK WND
================================================================================
1   2   3   4   5  6A  6B    7    8   9   10  11  12  13   14  15   16   17  18
                                     12Z  AVG MX 2MIN
DY MAX MIN AVG DEP HDD CDD  WTR  SNW DPTH SPD SPD DIR MIN PSBL S-S WX    SPD DR
================================================================================

 1  52  28  40  -6  25   0 0.00  0.0    0 16.0 26 150   M    M   4        33 150
 2  64  40  52   6  13   0 0.00  0.0    0 20.1 31 180   M    M   7        38 170
 3  67  45  56  10   9   0 0.04  0.0    0 14.8 25 170   M    M   9        30 310
 4  63  37  50   5  15   0 0.00  0.0    0  8.4 17 270   M    M   5        23 270
 5  67  38  53   8  12   0    T  0.0    0 11.2 23 320   M    M   6        29 320
 6  52  35  44   0  21   0 0.00  0.0    0 11.8 29 350   M    M   4        39 350
 7  62  34  48   4  17   0 0.00  0.0    0 15.4 37 320   M    M   6        46 320
 8  50  35  43   0  22   0 0.00  0.0    0 13.5 31 360   M    M   6        39 350
 9  59  36  48   6  17   0 0.00  0.0    0  6.2 14 160   M    M   8        17 170
10  60  24  42   0  23   0    T  0.1    0 19.0 38 340   M    M   8 1      45 350
11  28  19  24 -17  41   0 0.03  0.5    1 20.4 30 330   M    M   8 1      40 350
12  24  13  19 -22  46   0    T    T    T 16.1 23 320   M    M   7        29 310
13  28  12  20 -20  45   0    T    T    T 12.1 24 330   M    M   5        31 330
14  27   8  18 -22  47   0 0.00  0.0    T  5.7 14 150   M    M   5        17 160
15  29  20  25 -14  40   0 0.13  1.8    T 10.4 24 310   M    M  10 1      28 310
16  24   6  15 -24  50   0    T    T    2 12.0 24 320   M    M   6 1      30 320
17  20  10  15 -23  50   0 0.00  0.0    1 16.8 31 300   M    M   2        36 300
18  32   9  21 -17  44   0 0.00  0.0    1  9.4 17 170   M    M   5        21 170
19  35  22  29  -8  36   0    T    T    T 15.3 33 320   M    M   8        40 320
20  30  13  22 -14  43   0 0.00  0.0    T  4.4 12 310   M    M   4        13 330
21  40  17  29  -7  36   0    T  0.0    T 11.7 20 170   M    M   6 1      23 170
22  58  36  47  12  18   0    T  0.0    0 12.0 22 170   M    M   8 1      26 170
23  55  34  45  10  20   0    T  0.0    0 16.8 37 320   M    M   9 1      44 330
24  37  24  31  -3  34   0    T    T    0 20.4 33 330   M    M   6        41 320
25  43  18  31  -3  34   0    T    T    0 10.0 20 160   M    M   5        26 160
26  40  21  31  -2  34   0 0.02    T    0 19.9 36 330   M    M  10 1      44 330
27  25  15  20 -13  45   0 0.00  0.0    0  9.8 22 150   M    M   6        26 150
28  52  25  39   7  26   0 0.00  0.0    0 11.5 18 150   M    M   5        22 160
29  66  30  48  16  17   0 0.00  0.0    0 10.8 26 340   M    M   6        35 330
30  30  14  22  -9  43   0 0.00  0.0    0 22.7 35 350   M    M   8        40 350
================================================================================
SM 1319  718       923   0  0.22     2.4 404.6          M      192
================================================================================
AV 44.0 23.9                              13.5 FASTST   M    M   6    MAX(MPH)
                                 MISC ---->  # 38 340               # 46  320
================================================================================
NOTES:
# LAST OF SEVERAL OCCURRENCES

COLUMN 17 PEAK WIND IN M.P.H.

PRELIMINARY LOCAL CLIMATOLOGICAL DATA (WS FORM: F-6) , PAGE 2

                                          STATION:  OMAHA EPPLEY, NEBRASKA
                                          MONTH:    NOVEMBER
                                          YEAR:     2014
                                          LATITUDE:   41 17 N
                                          LONGITUDE:  95 54 W

[TEMPERATURE DATA]      [PRECIPITATION DATA]       SYMBOLS USED IN COLUMN 16

AVERAGE MONTHLY: 34.0   TOTAL FOR MONTH:   0.22    1 = FOG OR MIST
DPTR FM NORMAL:  -5.0   DPTR FM NORMAL:   -1.42    2 = FOG REDUCING VISIBILITY
HIGHEST:    67 ON  5, 3 GRTST 24HR  0.13 ON 15-15      TO 1/4 MILE OR LESS
LOWEST:      6 ON 16                               3 = THUNDER
                        SNOW, ICE PELLETS, HAIL    4 = ICE PELLETS
                        TOTAL MONTH:   2.4 INCHES  5 = HAIL
                        GRTST 24HR   1.8 ON   M    6 = FREEZING RAIN OR DRIZZLE
                        GRTST DEPTH:   2 ON 16     7 = DUSTSTORM OR SANDSTORM:
                                                       VSBY 1/2 MILE OR LESS
                                                   8 = SMOKE OR HAZE
[NO. OF DAYS WITH]      [WEATHER - DAYS WITH]      9 = BLOWING SNOW
                                                   X = TORNADO
MAX 32 OR BELOW:  11    0.01 INCH OR MORE:   4
MAX 90 OR ABOVE:   0    0.10 INCH OR MORE:   1
MIN 32 OR BELOW:  20    0.50 INCH OR MORE:   0
MIN  0 OR BELOW:   0    1.00 INCH OR MORE:   0

[HDD (BASE 65) ]
TOTAL THIS MO.   923    CLEAR  (SCALE 0-3)   1
DPTR FM NORMAL   138    PTCLDY (SCALE 4-7)  24
TOTAL FM JUL 1  1301    CLOUDY (SCALE 8-10)  5
DPTR FM NORMAL    31

[CDD (BASE 65) ]
TOTAL THIS MO.     0
DPTR FM NORMAL    -1    [PRESSURE DATA]
TOTAL FM JAN 1  1149    HIGHEST SLP 30.64 ON 30
DPTR FM NORMAL    36    LOWEST  SLP 29.37 ON 10

[REMARKS]
#FINAL-11-14#




U.S. Dept. of Commerce
NOAA National Weather Service
1325 East West Highway
Silver Spring, MD 20910
E-mail: w-nws.webmaster@noaa.gov
Page last modified: May 16, 2007
NATIONAL WEATHER SERVICE: for Safety, for Work, for Fun - FOR LIFE