756
CXUS53 KOAX 311000
CF6OMA
PRELIMINARY LOCAL CLIMATOLOGICAL DATA (WS FORM: F-6)

                                          STATION:   OMAHA EPPLEY, NEBRASKA
                                          MONTH:     JULY
                                          YEAR:      2014
                                          LATITUDE:   41 17 N
                                          LONGITUDE:  95 54 W

  TEMPERATURE IN F:       :PCPN:    SNOW:  WIND      :SUNSHINE: SKY     :PK WND
================================================================================
1   2   3   4   5  6A  6B    7    8   9   10  11  12  13   14  15   16   17  18
                                     12Z  AVG MX 2MIN
DY MAX MIN AVG DEP HDD CDD  WTR  SNW DPTH SPD SPD DIR MIN PSBL S-S WX    SPD DR
================================================================================

 1  81  61  71  -5   0   6 0.00  0.0    0 17.3 33 300   M    M   6        44 310
 2  72  55  64 -12   1   0    T  0.0    0 10.1 23 340   M    M   6        28 340
 3  79  53  66 -10   0   1 0.00  0.0    0  4.4 14 170   M    M   2        16 160
 4  83  62  73  -3   0   8 0.00  0.0    0 14.8 26 160   M    M   6        34 160
 5  86  66  76   0   0  11 1.40  0.0    0 11.4 26 340   M    M   8 13     35 350
 6  95  72  84   7   0  19 0.00  0.0    0  7.2 23 330   M    M   5 1      27 330
 7  90  68  79   2   0  14 0.32  0.0    0  5.0 25  90   M    M   5 3      39  90
 8  83  65  74  -3   0   9 0.00  0.0    0 11.0 25 330   M    M   2        31 340
 9  85  62  74  -3   0   9 0.00  0.0    0  4.3 12 190   M    M   4 1      14 180
10  85  66  76  -1   0  11 0.00  0.0    0 15.0 26 150   M    M   4        31 170
11  84  70  77   0   0  12 0.00  0.0    0 10.0 20 160   M    M   8        26 110
12  90  70  80   3   0  15 0.00  0.0    0  8.0 18 340   M    M   7        24 330
13  90  67  79   2   0  14    T  0.0    0  3.4 16  10   M    M   5        23 340
14  76  56  66 -11   0   1    T  0.0    0 12.8 28 330   M    M   5        35 330
15  74  50  62 -15   3   0 0.00  0.0    0  8.1 21 360   M    M   3        24  20
16  78  53  66 -11   0   1 0.00  0.0    0  2.9 10  80   M    M   6 1      12  70
17  79  60  70  -7   0   5 0.00  0.0    0  6.6 14 140   M    M   5        20 140
18  78  62  70  -7   0   5 0.00  0.0    0 11.8 22 170   M    M   6        27 170
19  83  62  73  -4   0   8 0.00  0.0    0 12.4 24 160   M    M   6        30 150
20  88  67  78   1   0  13 0.00  0.0    0 17.2 26 150   M    M   3        34 160
21  97  74  86   9   0  21 0.00  0.0    0 15.5 23 190   M    M   5        28 190
22  92  71  82   5   0  17    T  0.0    0 10.1 24 350   M    M   6        27 340
23  86  63  75  -2   0  10 0.00  0.0    0  7.0 13  50   M    M   2        18  80
24  84  66  75  -2   0  10    T  0.0    0 14.9 29 140   M    M   5        38 140
25  93  72  83   6   0  18    T  0.0    0 11.5 41 200   M    M   6 3      52 200
26  88  71  80   3   0  15    T  0.0    0  6.8 21  90   M    M   7        24 110
27  84  64  74  -3   0   9 0.00  0.0    0 12.7 28 330   M    M   2 1      35 310
28  80  58  69  -8   0   4 0.00  0.0    0  7.1 14 350   M    M   3        18 330
29  81  56  69  -7   0   4 0.00  0.0    0  5.4 14 360   M    M   4 18     18 360
30  84  54  69  -7   0   4 0.00  0.0    0  4.8 13  10   M    M   4 18     16  10
================================================================================
SM 2528 1896         4 274  1.72     0.0 289.5          M      146
================================================================================
AV 84.3 63.2                               9.6 FASTST   M    M   5    MAX(MPH)
                                 MISC ---->  # 41 200               # 52  200
================================================================================
NOTES:
# LAST OF SEVERAL OCCURRENCES

COLUMN 17 PEAK WIND IN M.P.H.

PRELIMINARY LOCAL CLIMATOLOGICAL DATA (WS FORM: F-6) , PAGE 2

                                          STATION:  OMAHA EPPLEY, NEBRASKA
                                          MONTH:    JULY
                                          YEAR:     2014
                                          LATITUDE:   41 17 N
                                          LONGITUDE:  95 54 W

[TEMPERATURE DATA]      [PRECIPITATION DATA]       SYMBOLS USED IN COLUMN 16

AVERAGE MONTHLY: 73.7   TOTAL FOR MONTH:   1.72    1 = FOG OR MIST
DPTR FM NORMAL:  -3.0   DPTR FM NORMAL:   -1.98    2 = FOG REDUCING VISIBILITY
HIGHEST:    97 ON 21    GRTST 24HR  1.40 ON  4- 5      TO 1/4 MILE OR LESS
LOWEST:     50 ON 15                               3 = THUNDER
                        SNOW, ICE PELLETS, HAIL    4 = ICE PELLETS
                        TOTAL MONTH:   0.0 INCH    5 = HAIL
                        GRTST 24HR     0.0         6 = FREEZING RAIN OR DRIZZLE
                        GRTST DEPTH:   0           7 = DUSTSTORM OR SANDSTORM:
                                                       VSBY 1/2 MILE OR LESS
                                                   8 = SMOKE OR HAZE
[NO. OF DAYS WITH]      [WEATHER - DAYS WITH]      9 = BLOWING SNOW
                                                   X = TORNADO
MAX 32 OR BELOW:   0    0.01 INCH OR MORE:   2
MAX 90 OR ABOVE:   7    0.10 INCH OR MORE:   2
MIN 32 OR BELOW:   0    0.50 INCH OR MORE:   1
MIN  0 OR BELOW:   0    1.00 INCH OR MORE:   1

[HDD (BASE 65) ]
TOTAL THIS MO.     4    CLEAR  (SCALE 0-3)   6
DPTR FM NORMAL     4    PTCLDY (SCALE 4-7)  24
TOTAL FM JUL 1     4    CLOUDY (SCALE 8-10)  0
DPTR FM NORMAL     4

[CDD (BASE 65) ]
TOTAL THIS MO.   274
DPTR FM NORMAL   -82    [PRESSURE DATA]
TOTAL FM JAN 1   684    HIGHEST SLP M ON M
DPTR FM NORMAL    16    LOWEST  SLP 29.67 ON 25

[REMARKS]




U.S. Dept. of Commerce
NOAA National Weather Service
1325 East West Highway
Silver Spring, MD 20910
E-mail: w-nws.webmaster@noaa.gov
Page last modified: May 16, 2007
NATIONAL WEATHER SERVICE: for Safety, for Work, for Fun - FOR LIFE