501
CXUS53 KOAX 011000
CF6OMA
PRELIMINARY LOCAL CLIMATOLOGICAL DATA (WS FORM: F-6)

                                          STATION:   OMAHA EPPLEY, NEBRASKA
                                          MONTH:     JANUARY
                                          YEAR:      2015
                                          LATITUDE:   41 17 N
                                          LONGITUDE:  95 54 W

  TEMPERATURE IN F:       :PCPN:    SNOW:  WIND      :SUNSHINE: SKY     :PK WND
================================================================================
1   2   3   4   5  6A  6B    7    8   9   10  11  12  13   14  15   16   17  18
                                     12Z  AVG MX 2MIN
DY MAX MIN AVG DEP HDD CDD  WTR  SNW DPTH SPD SPD DIR MIN PSBL S-S WX    SPD DR
================================================================================

 1  38  11  25   2  40   0 0.00  0.0    T  5.4 10 200   M    M   4        13 240
 2  34  13  24   1  41   0 0.00  0.0    0  5.5 15 160   M    M   5 8      18 170
 3  37  11  24   1  41   0    T  0.2    0 12.0 36 340   M    M   9 1      42 340
 4  11  -1   5 -18  60   0 0.02  0.5    1 16.2 32 320   M    M   5 19     38 330
 5  23   7  15  -8  50   0 0.02  0.6    1 12.1 30 330   M    M  10 1      38 340
 6  20   2  11 -12  54   0    T    T    1 13.8 36 350   M    M   8 9      43 350
 7   9  -2   4 -19  61   0 0.00  0.0    1 16.0 32 350   M    M   5        45 350
 8  30   2  16  -7  49   0    T    T    1 21.9 44 320   M    M   8        56 300
 9  16   4  10 -13  55   0    T    T    1 11.4 30 330   M    M   1        38 320
10  38   2  20  -3  45   0 0.00  0.0    T 10.7 26 200   M    M   5        35 190
11  33  12  23   0  42   0 0.00  0.0    T  8.5 18 360   M    M   7        22 360
12  18  -1   9 -14  56   0 0.00  0.0    0 11.3 18 340   M    M   3        22 330
13  23  -4  10 -13  55   0 0.00  0.0    0  6.6 15 160   M    M   4 1      17 160
14  39  17  28   5  37   0 0.00  0.0    0  5.4 12 180   M    M   6        14 190
15  46  19  33  10  32   0 0.00  0.0    0  6.6 17 310   M    M   1        20 300
16  59  23  41  18  24   0 0.00  0.0    0  9.1 16 220   M    M   3        21 230
17  52  38  45  22  20   0    T  0.0    0 15.6 39 320   M    M   7        50 320
18  57  26  42  19  23   0 0.00  0.0    0  4.2 17 280   M    M   4        22 280
19  51  26  39  16  26   0 0.00  0.0    0  5.4 18 300   M    M   4        23 280
20  51  30  41  18  24   0 0.00  0.0    0 10.8 23 300   M    M   4        30 270
21  45  29  37  13  28   0    T    T    0  9.9 20 300   M    M   8        29 310
22  39  23  31   7  34   0 0.00  0.0    0  6.9 15 210   M    M   6        17 350
23  46  20  33   9  32   0 0.00  0.0    0  8.6 15 300   M    M   3        17 300
24  55  25  40  16  25   0 0.02  0.0    0  5.8 24 300   M    M   6        30 300
25  45  29  37  13  28   0 0.01  0.0    0 15.3 32 340   M    M   9 1      42 330
26  58  26  42  18  23   0 0.00  0.0    0 10.1 24 320   M    M   2        31 340
27  54  26  40  16  25   0 0.00  0.0    0  8.4 18 150   M    M   1 1      22 150
28  59  33  46  22  19   0 0.00  0.0    0 13.9 35 330   M    M   5        45 330
29  43  25  34  10  31   0    T  0.0    0 19.6 38 340   M    M   8        47 340
30  37  18  28   4  37   0 0.00  0.0    0  7.9 16 170   M    M   5        20 180
31  37  31  34  10  31   0 0.62  2.8    0  7.6 15 140   M    M  10 1      17 190
================================================================================
SM 1203  520      1148   0  0.69     4.1 322.5          M      166
================================================================================
AV 38.8 16.8                              10.4 FASTST   M    M   5    MAX(MPH)
                                 MISC ---->  # 44 320               # 56  300
================================================================================
NOTES:
# LAST OF SEVERAL OCCURRENCES

COLUMN 17 PEAK WIND IN M.P.H.

PRELIMINARY LOCAL CLIMATOLOGICAL DATA (WS FORM: F-6) , PAGE 2

                                          STATION:  OMAHA EPPLEY, NEBRASKA
                                          MONTH:    JANUARY
                                          YEAR:     2015
                                          LATITUDE:   41 17 N
                                          LONGITUDE:  95 54 W

[TEMPERATURE DATA]      [PRECIPITATION DATA]       SYMBOLS USED IN COLUMN 16

AVERAGE MONTHLY: 27.8   TOTAL FOR MONTH:   0.69    1 = FOG OR MIST
DPTR FM NORMAL:   4.3   DPTR FM NORMAL:   -0.03    2 = FOG REDUCING VISIBILITY
HIGHEST:    59 ON 28,16 GRTST 24HR  0.62 ON 31-31      TO 1/4 MILE OR LESS
LOWEST:     -4 ON 13                               3 = THUNDER
                        SNOW, ICE PELLETS, HAIL    4 = ICE PELLETS
                        TOTAL MONTH:   4.1 INCHES  5 = HAIL
                        GRTST 24HR   2.8 ON   M    6 = FREEZING RAIN OR DRIZZLE
                        GRTST DEPTH:   1 ON  9, 8  7 = DUSTSTORM OR SANDSTORM:
                                                       VSBY 1/2 MILE OR LESS
                                                   8 = SMOKE OR HAZE
[NO. OF DAYS WITH]      [WEATHER - DAYS WITH]      9 = BLOWING SNOW
                                                   X = TORNADO
MAX 32 OR BELOW:   8    0.01 INCH OR MORE:   5
MAX 90 OR ABOVE:   0    0.10 INCH OR MORE:   1
MIN 32 OR BELOW:  29    0.50 INCH OR MORE:   1
MIN  0 OR BELOW:   4    1.00 INCH OR MORE:   0

[HDD (BASE 65) ]
TOTAL THIS MO.  1148    CLEAR  (SCALE 0-3)   6
DPTR FM NORMAL  -138    PTCLDY (SCALE 4-7)  20
TOTAL FM JUL 1  3479    CLOUDY (SCALE 8-10)  5
DPTR FM NORMAL  -286

[CDD (BASE 65) ]
TOTAL THIS MO.     0
DPTR FM NORMAL     0    [PRESSURE DATA]
TOTAL FM JAN 1     0    HIGHEST SLP 31.17 ON  7
DPTR FM NORMAL     0    LOWEST  SLP 29.59 ON 24

[REMARKS]
#FINAL-01-15#




U.S. Dept. of Commerce
NOAA National Weather Service
1325 East West Highway
Silver Spring, MD 20910
E-mail: w-nws.webmaster@noaa.gov
Page last modified: May 16, 2007
NATIONAL WEATHER SERVICE: for Safety, for Work, for Fun - FOR LIFE