185
CXUS53 KARX 220930
CF6OLZ
PRELIMINARY LOCAL CLIMATOLOGICAL DATA (WS FORM: F-6)

                                          STATION:   OELWEIN IA
                                          MONTH:     SEPTEMBER
                                          YEAR:      2014
                                          LATITUDE:   42 40 N
                                          LONGITUDE:  91 58 W

  TEMPERATURE IN F:       :PCPN:    SNOW:  WIND      :SUNSHINE: SKY     :PK WND
================================================================================
1   2   3   4   5  6A  6B    7    8   9   10  11  12  13   14  15   16   17  18
                                     12Z  AVG MX 2MIN
DY MAX MIN AVG DEP HDD CDD  WTR  SNW DPTH SPD SPD DIR MIN PSBL S-S WX    SPD DR
================================================================================

 1  75  59  67   M   0   2 0.32  0.0    0 10.1 21 110   M    M   6        30 110
 2  77  57  67   M   0   2 0.05  0.0    0  5.5 13 320   M    M   2 1      23 320
 3  82  55  69   M   0   4 0.00  0.0    0 11.7 21 170   M    M   1        29 180
 4  88  72  80   M   0  15 0.00  0.0    0 15.5 24 200   M    M   5        35 180
 5  75  50  63   M   2   0    T  0.0    0  9.9 16 310   M    M   5        22 310
 6  73  46  60   M   5   0 0.00  0.0    0  6.1  9 300   M    M   0 1      13  99
 7  75  50  63   M   2   0 0.00  0.0    0  4.7 14 180   M    M   1 1      15 190
 8  72  50  61   M   4   0 0.02  0.0    0 10.3 23 180   M    M   2 3      35 180
 9  77  63  70   M   0   5 0.20  0.0    0 12.9 22 150   M    M   9 1      29 150
10  72  48  60   M   5   0    M  0.0    0 15.1 23 150   M    M  10 1      32 150
11  59  45  52   M  13   0 0.00  0.0    0  9.9 16  10   M    M   7        21 350
12  48  37  43   M  22   0 0.21  0.0    0  6.9 13 360   M    M   7 1       M  M
13  59  34  47   M  18   0 0.00  0.0    0  5.6 12 190   M    M   0        16 210
14  68  39  54   M  11   0 0.00  0.0    0  9.3 16 220   M    M   7        24 230
15  61  43  52   M  13   0 0.06  0.0    0  7.5 17  10   M    M   7 1      23  10
16  66  36  51   M  14   0 0.00  0.0    0  3.6  9 240   M    M   0 1      14  99
17  72  45  59   M   6   0 0.00  0.0    0  4.6  7 170   M    M   3        12  99
18  73  46  60   M   5   0 0.00  0.0    0  6.7 12 160   M    M   1 1      17 180
19  75  52  64   M   1   0 0.00  0.0    0 15.5 25 180   M    M   1 1      35 180
20  81  55  68   M   0   3 0.37  0.0    0 11.2 21 200   M    M   4        36 200
21  66  46  56   M   9   0 0.00  0.0    0 12.5 21 320   M    M   4        27 330
================================================================================
SM 1494 1028       130  31  1.23     0.0 195.1          M       82
================================================================================
AV 71.1 49.0                               9.3 FASTST   M    M   4    MAX(MPH)
                                 MISC ---->    25   M                 36    M
================================================================================
NOTES:
# LAST OF SEVERAL OCCURRENCES

COLUMN 17 PEAK WIND IN M.P.H.

PRELIMINARY LOCAL CLIMATOLOGICAL DATA (WS FORM: F-6) , PAGE 2

                                          STATION:  OELWEIN IA
                                          MONTH:    SEPTEMBER
                                          YEAR:     2014
                                          LATITUDE:   42 40 N
                                          LONGITUDE:  91 58 W

[TEMPERATURE DATA]      [PRECIPITATION DATA]       SYMBOLS USED IN COLUMN 16

AVERAGE MONTHLY: 60.0   TOTAL FOR MONTH:   1.23    1 = FOG OR MIST
DPTR FM NORMAL:     M   DPTR FM NORMAL:       M    2 = FOG REDUCING VISIBILITY
HIGHEST:    88 ON  4    GRTST 24HR  0.37 ON 20-20      TO 1/4 MILE OR LESS
LOWEST:     34 ON 13                               3 = THUNDER
                        SNOW, ICE PELLETS, HAIL    4 = ICE PELLETS
                        TOTAL MONTH:   0.0 INCH    5 = HAIL
                        GRTST 24HR     0.0         6 = FREEZING RAIN OR DRIZZLE
                        GRTST DEPTH:   0           7 = DUSTSTORM OR SANDSTORM:
                                                       VSBY 1/2 MILE OR LESS
                                                   8 = SMOKE OR HAZE
[NO. OF DAYS WITH]      [WEATHER - DAYS WITH]      9 = BLOWING SNOW
                                                   X = TORNADO
MAX 32 OR BELOW:   0    0.01 INCH OR MORE:   7
MAX 90 OR ABOVE:   0    0.10 INCH OR MORE:   4
MIN 32 OR BELOW:   0    0.50 INCH OR MORE:   0
MIN  0 OR BELOW:   0    1.00 INCH OR MORE:   0

[HDD (BASE 65) ]
TOTAL THIS MO.   130    CLEAR  (SCALE 0-3)  10
DPTR FM NORMAL     M    PTCLDY (SCALE 4-7)   9
TOTAL FM JUL 1   152    CLOUDY (SCALE 8-10)  2
DPTR FM NORMAL     M

[CDD (BASE 65) ]
TOTAL THIS MO.    31
DPTR FM NORMAL     M    [PRESSURE DATA]
TOTAL FM JAN 1   546    HIGHEST SLP M ON M
DPTR FM NORMAL     M    LOWEST  SLP M ON M

[REMARKS]




U.S. Dept. of Commerce
NOAA National Weather Service
1325 East West Highway
Silver Spring, MD 20910
E-mail: w-nws.webmaster@noaa.gov
Page last modified: May 16, 2007
NATIONAL WEATHER SERVICE: for Safety, for Work, for Fun - FOR LIFE