101
CXUS53 KARX 270930
CF6OLZ
PRELIMINARY LOCAL CLIMATOLOGICAL DATA (WS FORM: F-6)

                                          STATION:   OELWEIN IA
                                          MONTH:     AUGUST
                                          YEAR:      2014
                                          LATITUDE:   42 40 N
                                          LONGITUDE:  91 58 W

  TEMPERATURE IN F:       :PCPN:    SNOW:  WIND      :SUNSHINE: SKY     :PK WND
================================================================================
1   2   3   4   5  6A  6B    7    8   9   10  11  12  13   14  15   16   17  18
                                     12Z  AVG MX 2MIN
DY MAX MIN AVG DEP HDD CDD  WTR  SNW DPTH SPD SPD DIR MIN PSBL S-S WX    SPD DR
================================================================================

 1  81  57  69   M   0   4 0.00  0.0    0  1.9  6 310   M    M   1 1       M  M
 2  82  55  69   M   0   4 0.00  0.0    0  2.8  8 290   M    M   1         M  M
 3  82  59  71   M   0   6 0.00  0.0    0  5.8  9 220   M    M   2 1      12 170
 4  82  63  73   M   0   8 0.39  0.0    0  4.4 10 190   M    M   3 1      13 170
 5  77  61  69   M   0   4 0.00  0.0    0  3.8  7  50   M    M   6 12      M  M
 6  75  61  68   M   0   3 0.00  0.0    0  4.7  9 170   M    M   5 1       M  M
 7  73  61  67   M   0   2 0.00  0.0    0  8.7 13 110   M    M   6        20 110
 8  79  63  71   M   0   6 0.00  0.0    0  8.2 14 120   M    M   4        17 120
 9  81  59  70   M   0   5 0.00  0.0    0  6.6 10 120   M    M   1         M  M
10  79  59  69   M   0   4 0.00  0.0    0  3.7  7  30   M    M   0 1       M  M
11  72  61  67   M   0   2 0.00  0.0    0  8.9 16 300   M    M   9 128    22 300
12  75  55  65   M   0   0 0.00  0.0    0 10.6 21 350   M    M   1        31 350
13  81  52  67   M   0   2 0.00  0.0    0  7.2 13 300   M    M   3        18 310
14  77  57  67   M   0   2 0.00  0.0    0  5.1 10  60   M    M   3         M  M
15  73  59  66   M   0   1 0.00  0.0    0  7.9 13 190   M    M   4 1       M  M
16  81  63  72   M   0   7 0.00  0.0    0  3.6  7 180   M    M   7 12      M  M
17  81  61  71   M   0   6 0.00  0.0    0  5.8 12 140   M    M   7 2       M  M
18  82  64  73   M   0   8 0.03  0.0    0  9.8 15 190   M    M   5 12     22 200
19  81  64  73   M   0   8 0.09  0.0    0  6.6 13 310   M    M   2        18 290
20  79  59  69   M   0   4 0.00  0.0    0  5.7 10 220   M    M   2 1      15 200
21  81  70  76   M   0  11 0.07  0.0    0  8.8 18 190   M    M   5 1      17 190
22  88  68  78   M   0  13 0.00  0.0    0  4.4  8 180   M    M   5 128    12  80
23  79  72  76   M   0  11 0.09  0.0    0  6.7 14  50   M    M   4 1      22  50
24  90  70  80   M   0  15 0.00  0.0    0 11.4 15 170   M    M   3 12     22 170
25  86  70  78   M   0  13 0.08  0.0    0  5.4 12 190   M    M   5 1      17 350
26  75  63  69   M   0   4 0.03  0.0    0  5.9 15 360   M    M   5        24  40
================================================================================
SM 2072 1606         0 153  0.78     0.0 164.4          M       99
================================================================================
AV 79.7 61.8                               6.3 FASTST   M    M   4    MAX(MPH)
                                 MISC ---->    21   M                 31    M
================================================================================
NOTES:
# LAST OF SEVERAL OCCURRENCES

COLUMN 17 PEAK WIND IN M.P.H.

PRELIMINARY LOCAL CLIMATOLOGICAL DATA (WS FORM: F-6) , PAGE 2

                                          STATION:  OELWEIN IA
                                          MONTH:    AUGUST
                                          YEAR:     2014
                                          LATITUDE:   42 40 N
                                          LONGITUDE:  91 58 W

[TEMPERATURE DATA]      [PRECIPITATION DATA]       SYMBOLS USED IN COLUMN 16

AVERAGE MONTHLY: 70.7   TOTAL FOR MONTH:   0.78    1 = FOG OR MIST
DPTR FM NORMAL:     M   DPTR FM NORMAL:       M    2 = FOG REDUCING VISIBILITY
HIGHEST:    90 ON 24    GRTST 24HR  0.39 ON  4- 4      TO 1/4 MILE OR LESS
LOWEST:     52 ON 13                               3 = THUNDER
                        SNOW, ICE PELLETS, HAIL    4 = ICE PELLETS
                        TOTAL MONTH:   0.0 INCH    5 = HAIL
                        GRTST 24HR     0.0         6 = FREEZING RAIN OR DRIZZLE
                        GRTST DEPTH:   0           7 = DUSTSTORM OR SANDSTORM:
                                                       VSBY 1/2 MILE OR LESS
                                                   8 = SMOKE OR HAZE
[NO. OF DAYS WITH]      [WEATHER - DAYS WITH]      9 = BLOWING SNOW
                                                   X = TORNADO
MAX 32 OR BELOW:   0    0.01 INCH OR MORE:   7
MAX 90 OR ABOVE:   1    0.10 INCH OR MORE:   1
MIN 32 OR BELOW:   0    0.50 INCH OR MORE:   0
MIN  0 OR BELOW:   0    1.00 INCH OR MORE:   0

[HDD (BASE 65) ]
TOTAL THIS MO.     0    CLEAR  (SCALE 0-3)  10
DPTR FM NORMAL     M    PTCLDY (SCALE 4-7)  15
TOTAL FM JUL 1    22    CLOUDY (SCALE 8-10)  1
DPTR FM NORMAL     M

[CDD (BASE 65) ]
TOTAL THIS MO.   153
DPTR FM NORMAL     M    [PRESSURE DATA]
TOTAL FM JAN 1   489    HIGHEST SLP M ON M
DPTR FM NORMAL     M    LOWEST  SLP M ON M

[REMARKS]




U.S. Dept. of Commerce
NOAA National Weather Service
1325 East West Highway
Silver Spring, MD 20910
E-mail: w-nws.webmaster@noaa.gov
Page last modified: May 16, 2007
NATIONAL WEATHER SERVICE: for Safety, for Work, for Fun - FOR LIFE