215
CXUS55 KTWC 200855
CF6OLS
PRELIMINARY LOCAL CLIMATOLOGICAL DATA (WS FORM: F-6)

                                          STATION:   NOGALES AZ AIRPORT
                                          MONTH:     APRIL
                                          YEAR:      2014
                                          LATITUDE:   31 25 N
                                          LONGITUDE: 110 51 W

  TEMPERATURE IN F:       :PCPN:    SNOW:  WIND      :SUNSHINE: SKY     :PK WND
================================================================================
1   2   3   4   5  6A  6B    7    8   9   10  11  12  13   14  15   16   17  18
                                     12Z  AVG MX 2MIN
DY MAX MIN AVG DEP HDD CDD  WTR  SNW DPTH SPD SPD DIR MIN PSBL S-S WX    SPD DR
================================================================================

 1  77  45  61   3   4   0 0.00  0.0    0  9.9 26 210   M    M   M        35 220
 2  69  42  56  -2   9   0 0.00  0.0    0 11.4 29 200   M    M   M        37 200
 3  67  34  51  -8  14   0 0.00  0.0    0  5.8 17 270   M    M   0        23 270
 4  75  35  55  -4  10   0 0.00  0.0    0  4.5 21 230   M    M   0        25 240
 5  68  39  54  -5  11   0 0.00  0.0    0  5.7 21 220   M    M   1        26 240
 6  71  38  55  -4  10   0 0.00  0.0    0  8.1 20 320   M    M   0        30 340
 7  80  38  59  -1   6   0 0.00  0.0    0  5.0 16 330   M    M   0        23 320
 8  87  42  65   5   0   0 0.00  0.0    0  4.0 16 250   M    M   0        25 250
 9  89  45  67   7   0   2 0.00  0.0    0  4.1 13 280   M    M   0        19 310
10  90  46  68   8   0   3 0.00  0.0    0  4.4 17 220   M    M   0        24 250
11  89  56  73  13   0   8 0.00  0.0    0  8.5 21 210   M    M   0        27 200
12  81  49  65   4   0   0 0.00  0.0    0 12.0 28 200   M    M   1        36 200
13  80  41  61   0   4   0 0.00  0.0    0  6.3 18 240   M    M   0        27 210
14  80  45  63   2   2   0 0.00  0.0    0  5.4 18 250   M    M   0        24 250
15  88  43  66   4   0   1 0.00  0.0    0  4.9 20 230   M    M   0        23 250
16  84  45  65   3   0   0 0.00  0.0    0  6.4 18 260   M    M   0        26 290
17  86  46  66   4   0   1 0.00  0.0    0  5.8 16 220   M    M   0        24 200
18  72  56  64   2   1   0    T  0.0    0  6.6 26 180   M    M   3 3      36 190
19  75  49  62   0   3   0    T    M    0  6.0 23 200   M    M   2 3      27 200
================================================================================
SM 1508  834        74  15    T      0.0 124.8          M        7
================================================================================
AV 79.4 43.9                               6.6 FASTST   M    M   0    MAX(MPH)
                                 MISC ---->  # 29 200               # 37  200
================================================================================
NOTES:
# LAST OF SEVERAL OCCURRENCES

COLUMN 17 PEAK WIND IN M.P.H.

PRELIMINARY LOCAL CLIMATOLOGICAL DATA (WS FORM: F-6) , PAGE 2

                                          STATION:  NOGALES AZ AIRPORT
                                          MONTH:    APRIL
                                          YEAR:     2014
                                          LATITUDE:   31 25 N
                                          LONGITUDE: 110 51 W

[TEMPERATURE DATA]      [PRECIPITATION DATA]       SYMBOLS USED IN COLUMN 16

AVERAGE MONTHLY: 61.6   TOTAL FOR MONTH:      T    1 = FOG OR MIST
DPTR FM NORMAL:   1.4   DPTR FM NORMAL:   -0.40    2 = FOG REDUCING VISIBILITY
HIGHEST:    90 ON 10    GRTST 24HR    T  ON 19-19      TO 1/4 MILE OR LESS
LOWEST:     34 ON  3                               3 = THUNDER
                        SNOW, ICE PELLETS, HAIL    4 = ICE PELLETS
                        TOTAL MONTH:   0.0 INCH    5 = HAIL
                        GRTST 24HR     0.0         6 = FREEZING RAIN OR DRIZZLE
                        GRTST DEPTH:   0           7 = DUSTSTORM OR SANDSTORM:
                                                       VSBY 1/2 MILE OR LESS
                                                   8 = SMOKE OR HAZE
[NO. OF DAYS WITH]      [WEATHER - DAYS WITH]      9 = BLOWING SNOW
                                                   X = TORNADO
MAX 32 OR BELOW:   0    0.01 INCH OR MORE:   0
MAX 90 OR ABOVE:   1    0.10 INCH OR MORE:   0
MIN 32 OR BELOW:   0    0.50 INCH OR MORE:   0
MIN  0 OR BELOW:   0    1.00 INCH OR MORE:   0

[HDD (BASE 65) ]
TOTAL THIS MO.    74    CLEAR  (SCALE 0-3)  16
DPTR FM NORMAL   -26    PTCLDY (SCALE 4-7)   1
TOTAL FM JUL 1  1615    CLOUDY (SCALE 8-10)  0
DPTR FM NORMAL  -485

[CDD (BASE 65) ]
TOTAL THIS MO.    15
DPTR FM NORMAL     7    [PRESSURE DATA]
TOTAL FM JAN 1    15    HIGHEST SLP M ON M
DPTR FM NORMAL     2    LOWEST  SLP 29.63 ON 12

[REMARKS]




U.S. Dept. of Commerce
NOAA National Weather Service
1325 East West Highway
Silver Spring, MD 20910
E-mail: w-nws.webmaster@noaa.gov
Page last modified: May 16, 2007
NATIONAL WEATHER SERVICE: for Safety, for Work, for Fun - FOR LIFE