258
CXUS55 KTWC 280855
CF6OLS
PRELIMINARY LOCAL CLIMATOLOGICAL DATA (WS FORM: F-6)

                                          STATION:   NOGALES AZ AIRPORT
                                          MONTH:     JULY
                                          YEAR:      2014
                                          LATITUDE:   31 25 N
                                          LONGITUDE: 110 51 W

  TEMPERATURE IN F:       :PCPN:    SNOW:  WIND      :SUNSHINE: SKY     :PK WND
================================================================================
1   2   3   4   5  6A  6B    7    8   9   10  11  12  13   14  15   16   17  18
                                     12Z  AVG MX 2MIN
DY MAX MIN AVG DEP HDD CDD  WTR  SNW DPTH SPD SPD DIR MIN PSBL S-S WX    SPD DR
================================================================================

 1 100  66  83   2   0  18 0.00  0.0    0  4.8 15 250   M    M   0        21 290
 2 100  70  85   4   0  20 0.15  0.0    0  8.8 31  60   M    M   3 38     41  90
 3  96  65  81   0   0  16 0.13  0.0    0  6.9 32 140   M    M   3 3      43 140
 4  91  66  79  -2   0  14 0.02  0.0    0  5.0 30  80   M    M   4 3      40  70
 5  92  70  81   0   0  16 0.02  0.0    0  6.0 14 320   M    M   4 3      19 320
 6  92  67  80  -1   0  15 0.41  0.0    0  6.4 23 130   M    M   2 38     33 290
 7  87  66  77  -4   0  12 1.06  0.0    0  4.8 32 340   M    M   5 138    49 360
 8  92  64  78  -3   0  13 0.99  0.0    0  5.5 22 270   M    M   1 13     30 280
 9  90  63  77  -4   0  12 0.22  0.0    0  5.5 23  60   M    M   3 3      29  70
10  91  68  80  -1   0  15    T  0.0    0  4.6 17 250   M    M   2        26 250
11  95  66  81   0   0  16 0.17  0.0    0  6.3 32 110   M    M   2 13     44 110
12  94  64  79  -2   0  14 0.06  0.0    0  5.3 21 110   M    M   5 3      32 320
13  92  67  80   0   0  15 0.08  0.0    0  5.6 30 100   M    M   2 3      38 110
14  91  66  79  -1   0  14 0.01  0.0    0  6.3 16 170   M    M   M 3      21 340
15  87  66  77  -3   0  12 0.08  0.0    0  4.0 20 330   M    M   M 3      30 150
16  91  66  79  -1   0  14 0.00  0.0    0  4.9 15  10   M    M   3        21  10
17  90  66  78  -2   0  13 0.00  0.0    0  5.3 15 210   M    M   M        19 180
18  92  64  78  -2   0  13 0.00  0.0    0  5.2 16 220   M    M   M        24 330
19  94  64  79  -1   0  14 0.00  0.0    0  4.4 15 220   M    M   1        19 180
20  94  65  80   0   0  15 0.00  0.0    0  4.2 20 150   M    M   M        24 160
21  97  69  83   4   0  18 0.00  0.0    0  5.3 15 140   M    M   2        20 140
22  99  69  84   5   0  19 0.00  0.0    0  4.9 17 120   M    M   1        24 110
23   M   M   M   M   M   M 0.00  0.0    0  6.4 18  70   M    M   2 3      24  70
24 100  76  88   9   0  23 0.02  0.0    M  7.2 16 240   M    M   4        24 250
25  96  69  83   4   0  18 0.01  0.0    0  4.0 30  60   M    M   6 38     39  50
26  95  65  80   1   0  15 0.01  0.0    0  7.8 33 220   M    M   1 3      41 220
27  93  64  79   1   0  14 0.10  0.0    0  7.3 24 120   M    M   4 3      34  80
================================================================================
SM 2431 1731         0 398  3.54     0.0 152.7          M       60
================================================================================
AV 93.5 66.6                               5.7 FASTST   M    M   3    MAX(MPH)
                                 MISC ---->  # 33 220               # 49  360
================================================================================
NOTES:
# LAST OF SEVERAL OCCURRENCES

COLUMN 17 PEAK WIND IN M.P.H.

PRELIMINARY LOCAL CLIMATOLOGICAL DATA (WS FORM: F-6) , PAGE 2

                                          STATION:  NOGALES AZ AIRPORT
                                          MONTH:    JULY
                                          YEAR:     2014
                                          LATITUDE:   31 25 N
                                          LONGITUDE: 110 51 W

[TEMPERATURE DATA]      [PRECIPITATION DATA]       SYMBOLS USED IN COLUMN 16

AVERAGE MONTHLY: 80.0   TOTAL FOR MONTH:   3.54    1 = FOG OR MIST
DPTR FM NORMAL:  -0.1   DPTR FM NORMAL:    0.22    2 = FOG REDUCING VISIBILITY
HIGHEST:   100 ON 24, 2 GRTST 24HR  1.29 ON  6- 7      TO 1/4 MILE OR LESS
LOWEST:     63 ON  9                               3 = THUNDER
                        SNOW, ICE PELLETS, HAIL    4 = ICE PELLETS
                        TOTAL MONTH:   0.0 INCH    5 = HAIL
                        GRTST 24HR     0.0         6 = FREEZING RAIN OR DRIZZLE
                        GRTST DEPTH:   0           7 = DUSTSTORM OR SANDSTORM:
                                                       VSBY 1/2 MILE OR LESS
                                                   8 = SMOKE OR HAZE
[NO. OF DAYS WITH]      [WEATHER - DAYS WITH]      9 = BLOWING SNOW
                                                   X = TORNADO
MAX 32 OR BELOW:   0    0.01 INCH OR MORE:  17
MAX 90 OR ABOVE:  24    0.10 INCH OR MORE:   8
MIN 32 OR BELOW:   0    0.50 INCH OR MORE:   2
MIN  0 OR BELOW:   0    1.00 INCH OR MORE:   1

[HDD (BASE 65) ]
TOTAL THIS MO.     0    CLEAR  (SCALE 0-3)  14
DPTR FM NORMAL     0    PTCLDY (SCALE 4-7)   8
TOTAL FM JUL 1     0    CLOUDY (SCALE 8-10)  0
DPTR FM NORMAL     0

[CDD (BASE 65) ]
TOTAL THIS MO.   398
DPTR FM NORMAL   -12    [PRESSURE DATA]
TOTAL FM JAN 1  1124    HIGHEST SLP M ON M
DPTR FM NORMAL    99    LOWEST  SLP 27.37 ON 23

[REMARKS]




U.S. Dept. of Commerce
NOAA National Weather Service
1325 East West Highway
Silver Spring, MD 20910
E-mail: w-nws.webmaster@noaa.gov
Page last modified: May 16, 2007
NATIONAL WEATHER SERVICE: for Safety, for Work, for Fun - FOR LIFE