323
CXUS55 KTWC 260855
CF6OLS
PRELIMINARY LOCAL CLIMATOLOGICAL DATA (WS FORM: F-6)

                                          STATION:   NOGALES AZ AIRPORT
                                          MONTH:     NOVEMBER
                                          YEAR:      2014
                                          LATITUDE:   31 25 N
                                          LONGITUDE: 110 51 W

  TEMPERATURE IN F:       :PCPN:    SNOW:  WIND      :SUNSHINE: SKY     :PK WND
================================================================================
1   2   3   4   5  6A  6B    7    8   9   10  11  12  13   14  15   16   17  18
                                     12Z  AVG MX 2MIN
DY MAX MIN AVG DEP HDD CDD  WTR  SNW DPTH SPD SPD DIR MIN PSBL S-S WX    SPD DR
================================================================================

 1  81  57  69   9   0   4 0.00  0.0    0 12.0 26 220   M    M   M        33 170
 2  69  44  57  -3   8   0    T  0.0    0 10.1 24 200   M    M   M        29 220
 3  66  38  52  -8  13   0 0.00  0.0    0  4.8 14 320   M    M   M        19 330
 4  68  32  50 -10  15   0 0.00  0.0    0  6.1 20  40   M    M   M        27  30
 5  73  45  59   0   6   0 0.00  0.0    0 10.2 20  10   M    M   0        28  10
 6  74  51  63   4   2   0 0.00  0.0    0 12.0 29  80   M    M   0        42  80
 7  80  45  63   4   2   0 0.00  0.0    0  5.9 15 360   M    M   0        19 350
 8  82  39  61   3   4   0 0.00  0.0    0  5.3 21 100   M    M   0        26 110
 9  81  46  64   6   1   0 0.00  0.0    0  4.7 13 250   M    M   0        17 260
10  78  45  62   4   3   0 0.00  0.0    0  5.6 23 210   M    M   0        30 220
11  75  46  61   3   4   0 0.00  0.0    0  5.5 17 200   M    M   0        24 220
12  75  48  62   5   3   0 0.00  0.0    0  5.9 20 220   M    M   0        24 170
13  75  45  60   3   5   0 0.00  0.0    0  5.6 17 200   M    M   0        22 190
14  76  45  61   4   4   0 0.00  0.0    0  5.9 20 210   M    M   1        24 190
15  72  46  59   3   6   0 0.00  0.0    0  4.3 14 240   M    M   1        19 220
16  67  37  52  -4  13   0 0.00  0.0    0  5.8 16 330   M    M   1        24 340
17  67  32  50  -6  15   0 0.00  0.0    0  4.4 12  30   M    M   0        17  40
18  69  33  51  -5  14   0 0.00  0.0    0  3.9  8  50   M    M   0        11  60
19  73  30  52  -3  13   0 0.00  0.0    0  3.1 12 270   M    M   0        16 250
20  72  31  52  -3  13   0 0.00  0.0    0  3.9 14 260   M    M   0        17 280
21  67  35  51  -3  14   0 0.04    M    0  6.9 20 160   M    M   2        27 320
22  68  33  51  -3  14   0 0.00  0.0    0  3.4  9  80   M    M   0        11 280
23  66  35  51  -3  14   0 0.00  0.0    0  5.9 17 300   M    M   0        26 320
24  62  26  44 -10  21   0 0.00  0.0    0  7.0 22 300   M    M   0        28 310
25  68  35  52  -1  13   0 0.00  0.0    0  8.2 18  20   M    M   0        25  20
================================================================================
SM 1804  999       220   4  0.04     0.0 156.4          M        5
================================================================================
AV 72.2 40.0                               6.3 FASTST   M    M   0    MAX(MPH)
                                 MISC ---->  # 29  80               # 42   80
================================================================================
NOTES:
# LAST OF SEVERAL OCCURRENCES

COLUMN 17 PEAK WIND IN M.P.H.

PRELIMINARY LOCAL CLIMATOLOGICAL DATA (WS FORM: F-6) , PAGE 2

                                          STATION:  NOGALES AZ AIRPORT
                                          MONTH:    NOVEMBER
                                          YEAR:     2014
                                          LATITUDE:   31 25 N
                                          LONGITUDE: 110 51 W

[TEMPERATURE DATA]      [PRECIPITATION DATA]       SYMBOLS USED IN COLUMN 16

AVERAGE MONTHLY: 56.1   TOTAL FOR MONTH:   0.04    1 = FOG OR MIST
DPTR FM NORMAL:  -0.9   DPTR FM NORMAL:   -0.55    2 = FOG REDUCING VISIBILITY
HIGHEST:    82 ON  8    GRTST 24HR  0.04 ON 21-21      TO 1/4 MILE OR LESS
LOWEST:     26 ON 24                               3 = THUNDER
                        SNOW, ICE PELLETS, HAIL    4 = ICE PELLETS
                        TOTAL MONTH:   0.0 INCH    5 = HAIL
                        GRTST 24HR     0.0         6 = FREEZING RAIN OR DRIZZLE
                        GRTST DEPTH:   0           7 = DUSTSTORM OR SANDSTORM:
                                                       VSBY 1/2 MILE OR LESS
                                                   8 = SMOKE OR HAZE
[NO. OF DAYS WITH]      [WEATHER - DAYS WITH]      9 = BLOWING SNOW
                                                   X = TORNADO
MAX 32 OR BELOW:   0    0.01 INCH OR MORE:   1
MAX 90 OR ABOVE:   0    0.10 INCH OR MORE:   0
MIN 32 OR BELOW:   5    0.50 INCH OR MORE:   0
MIN  0 OR BELOW:   0    1.00 INCH OR MORE:   0

[HDD (BASE 65) ]
TOTAL THIS MO.   220    CLEAR  (SCALE 0-3)  21
DPTR FM NORMAL    13    PTCLDY (SCALE 4-7)   0
TOTAL FM JUL 1   222    CLOUDY (SCALE 8-10)  0
DPTR FM NORMAL   -53

[CDD (BASE 65) ]
TOTAL THIS MO.     4
DPTR FM NORMAL     0    [PRESSURE DATA]
TOTAL FM JAN 1  1939    HIGHEST SLP M ON M
DPTR FM NORMAL   101    LOWEST  SLP 29.74 ON 10

[REMARKS]




U.S. Dept. of Commerce
NOAA National Weather Service
1325 East West Highway
Silver Spring, MD 20910
E-mail: w-nws.webmaster@noaa.gov
Page last modified: May 16, 2007
NATIONAL WEATHER SERVICE: for Safety, for Work, for Fun - FOR LIFE