678
CXUS55 KSEW 010945
CF6OLM

PRELIMINARY LOCAL CLIMATOLOGICAL DATA (WS FORM: F-6)

                                          STATION:   OLYMPIA WA AIRPORT
                                          MONTH:     AUGUST
                                          YEAR:      2014
                                          LATITUDE:   46 58 N
                                          LONGITUDE: 122 54 W

  TEMPERATURE IN F:       :PCPN:    SNOW:  WIND      :SUNSHINE: SKY     :PK WND
================================================================================
1   2   3   4   5  6A  6B    7    8   9   10  11  12  13   14  15   16   17  18
                                     12Z  AVG MX 2MIN
DY MAX MIN AVG DEP HDD CDD  WTR  SNW DPTH SPD SPD DIR MIN PSBL S-S WX    SPD DR
================================================================================

 1  86  53  70   5   0   5 0.00  0.0    0  4.3 14  20   M    M   0        17  10
 2  87  53  70   5   0   5 0.00  0.0    0  3.4  9  30   M    M   1         M  M
 3  90  53  72   7   0   7 0.00  0.0    0  3.2 13 350   M    M   1 1      16  20
 4  92  53  73   8   0   8 0.00  0.0    0  4.8 12 350   M    M   0 1      15 350
 5  79  53  66   1   0   1 0.00  0.0    0  6.4 13 190   M    M   4        16 190
 6  80  55  68   3   0   3 0.00  0.0    0  4.4 10 290   M    M   6 1      14 300
 7  79  48  64  -1   1   0 0.00  0.0    0  4.7 13  30   M    M   2 1      16 280
 8  80  48  64  -1   1   0 0.00  0.0    0  3.8 12 290   M    M   2 1      15 310
 9  83  47  65   0   0   0 0.00  0.0    0  3.6 14  60   M    M   0 1      18  60
10  89  46  68   3   0   3 0.00  0.0    0  6.4 16  20   M    M   0        23  30
11  96  54  75  10   0  10 0.00  0.0    0  3.8  9 140   M    M   0        15  30
12  79  61  70   5   0   5 0.28  0.0    0  4.1 16 360   M    M   4 1      20 360
13  67  59  63  -1   2   0 0.57  0.0    0  5.4 12 210   M    M  10 1      16 210
14  73  59  66   2   0   1    T  0.0    0  2.0  7  30   M    M  10 1       9 210
15  76  59  68   4   0   3 0.00  0.0    0  3.5 12 240   M    M   8 1      15 270
16  80  54  67   3   0   2 0.00  0.0    0  3.2 12 360   M    M   4 1      15  10
17  84  55  70   6   0   5 0.00  0.0    0  3.8 12 330   M    M   1 12     16 320
18  86  53  70   6   0   5 0.00  0.0    0  4.6 13  30   M    M   0 1      19  20
19  80  57  69   5   0   4 0.00  0.0    0  7.8 17 210   M    M   1        23 180
20  71  53  62  -2   3   0 0.00  0.0    0  8.1 14 200   M    M   5        18 230
21  76  46  61  -3   4   0 0.00  0.0    0  3.7 12 280   M    M   3 1      15 170
22  79  45  62  -2   3   0 0.00  0.0    0  3.3 12  60   M    M   2 12     18  60
23  85  48  67   3   0   2 0.00  0.0    0  2.0  9 320   M    M   1 12     13 320
24  79  51  65   2   0   0 0.00  0.0    0  1.7  9  70   M    M   4 1      14  60
25  86  48  67   4   0   2 0.00  0.0    0  2.5 10 360   M    M   1 12     16  10
26  90  52  71   8   0   6 0.00  0.0    0  2.3 10 320   M    M   0 1      17  40
27  87  55  71   8   0   6 0.00  0.0    0  3.6 12 220   M    M   1 12     14 310
28  76  54  65   2   0   0 0.00  0.0    0  5.3 14 240   M    M   5 1      18 240
29  73  54  64   1   1   0 0.01  0.0    0  5.6 17 250   M    M   6 1      21 250
30  69  57  63   0   2   0 0.59  0.0    0  6.3 16 260   M    M   9 1      23 260
31  72  52  62   0   3   0 0.00  0.0    0  5.0 12 270   M    M   5        15 220
================================================================================
SM 2509 1635        20  83  1.45     0.0 132.6          M       96
================================================================================
AV 80.9 52.7                               4.3 FASTST   M    M   3    MAX(MPH)
                                 MISC ---->  # 17 210               # 23   30
================================================================================
NOTES:
# LAST OF SEVERAL OCCURRENCES

COLUMN 17 PEAK WIND IN M.P.H.

PRELIMINARY LOCAL CLIMATOLOGICAL DATA (WS FORM: F-6) , PAGE 2

                                          STATION:  OLYMPIA WA AIRPORT
                                          MONTH:    AUGUST
                                          YEAR:     2014
                                          LATITUDE:   46 58 N
                                          LONGITUDE: 122 54 W

[TEMPERATURE DATA]      [PRECIPITATION DATA]       SYMBOLS USED IN COLUMN 16

AVERAGE MONTHLY: 66.8   TOTAL FOR MONTH:   1.45    1 = FOG OR MIST
DPTR FM NORMAL:   2.7   DPTR FM NORMAL:    0.51    2 = FOG REDUCING VISIBILITY
HIGHEST:    96 ON 11    GRTST 24HR  0.83 ON 12-13      TO 1/4 MILE OR LESS
LOWEST:     45 ON 22                               3 = THUNDER
                        SNOW, ICE PELLETS, HAIL    4 = ICE PELLETS
                        TOTAL MONTH:   0.0 INCH    5 = HAIL
                        GRTST 24HR     0.0         6 = FREEZING RAIN OR DRIZZLE
                        GRTST DEPTH:   0           7 = DUSTSTORM OR SANDSTORM:
                                                       VSBY 1/2 MILE OR LESS
                                                   8 = SMOKE OR HAZE
[NO. OF DAYS WITH]      [WEATHER - DAYS WITH]      9 = BLOWING SNOW
                                                   X = TORNADO
MAX 32 OR BELOW:   0    0.01 INCH OR MORE:   4
MAX 90 OR ABOVE:   4    0.10 INCH OR MORE:   3
MIN 32 OR BELOW:   0    0.50 INCH OR MORE:   2
MIN  0 OR BELOW:   0    1.00 INCH OR MORE:   0

[HDD (BASE 65) ]
TOTAL THIS MO.    20    CLEAR  (SCALE 0-3)  18
DPTR FM NORMAL   -50    PTCLDY (SCALE 4-7)   9
TOTAL FM JUL 1    53    CLOUDY (SCALE 8-10)  4
DPTR FM NORMAL   -97

[CDD (BASE 65) ]
TOTAL THIS MO.    83
DPTR FM NORMAL    41    [PRESSURE DATA]
TOTAL FM JAN 1   181    HIGHEST SLP M ON M
DPTR FM NORMAL    82    LOWEST  SLP 29.79 ON 11

[REMARKS]
#FINAL-08-14#




U.S. Dept. of Commerce
NOAA National Weather Service
1325 East West Highway
Silver Spring, MD 20910
E-mail: w-nws.webmaster@noaa.gov
Page last modified: May 16, 2007
NATIONAL WEATHER SERVICE: for Safety, for Work, for Fun - FOR LIFE