970
CXUS54 KOUN 011235
CF6OKC
PRELIMINARY LOCAL CLIMATOLOGICAL DATA (WS FORM: F-6)

                                          STATION:   OKLAHOMA CITY
                                          MONTH:     JULY
                                          YEAR:      2014
                                          LATITUDE:   35 24 N
                                          LONGITUDE:  97 36 W

  TEMPERATURE IN F:       :PCPN:    SNOW:  WIND      :SUNSHINE: SKY     :PK WND
================================================================================
1   2   3   4   5  6A  6B    7    8   9   10  11  12  13   14  15   16   17  18
                                     12Z  AVG MX 2MIN
DY MAX MIN AVG DEP HDD CDD  WTR  SNW DPTH SPD SPD DIR MIN PSBL S-S WX    SPD DR
================================================================================

 1  87  71  79  -3   0  14 0.00  0.0    0  9.5 22 320   M    M   8        26 310
 2  86  69  78  -4   0  13 0.00  0.0    0  8.7 22  30   M    M   8        26  30
 3  85  64  75  -7   0  10 0.00  0.0    0  7.4 15  70   M    M   5        25 100
 4  89  64  77  -5   0  12 0.00  0.0    0  8.7 16 150   M    M   4        21 150
 5  92  71  82   0   0  17 0.00  0.0    0 12.0 21 200   M    M   4 18     25 210
 6  95  72  84   2   0  19 0.00  0.0    0 11.8 21 190   M    M   4        25 200
 7  98  73  86   4   0  21 0.00  0.0    0 10.7 18 180   M    M   2        24 210
 8  98  73  86   4   0  21 0.00  0.0    0  9.2 17  30   M    M   7        22  30
 9  87  68  78  -5   0  13 1.00  0.0    0  8.5 20 330   M    M   7 13     24 320
10  93  73  83   0   0  18 0.00  0.0    0 11.8 24  50   M    M   6 3      30  50
11  93  70  82  -1   0  17 0.00  0.0    0 11.1 24 210   M    M   1 8      29 210
12  96  70  83   0   0  18 0.00  0.0    0  9.7 20 220   M    M   1        26 220
13  99  68  84   1   0  19 0.00  0.0    0  8.1 15 220   M    M   3        21 240
14  93  75  84   1   0  19 0.00  0.0    0  6.3 20  60   M    M   8        24  50
15  83  65  74  -9   0   9 0.00  0.0    0  9.9 20  50   M    M   7        24  30
16  72  62  67 -16   0   2 0.14  0.0    0  9.0 21  50   M    M   9 1      25  50
17  68  62  65 -18   0   0 1.30  0.0    0  8.1 20 110   M    M  10 13     24 110
18  72  63  68 -15   0   3    T  0.0    0  4.2 10 100   M    M  10 1      13 110
19  82  63  73 -11   0   8 0.00  0.0    0  5.8 12 150   M    M   6 1      15 150
20  91  63  77  -7   0  12 0.00  0.0    0 10.1 16 180   M    M   2        23 160
21  95  71  83  -1   0  18 0.00  0.0    0  8.9 16 140   M    M   3 18     22 130
22  97  74  86   2   0  21 0.00  0.0    0  6.7 15 180   M    M   6 18     20  90
23  99  73  86   2   0  21 0.00  0.0    0  5.9 22  60   M    M   5 18     25  50
24  93  72  83  -1   0  18 0.00  0.0    0  6.5 13 130   M    M   3        17 130
25  99  71  85   1   0  20 0.00  0.0    0 11.5 21 190   M    M   2        26 190
26 100  72  86   2   0  21 0.00  0.0    0 10.5 20 210   M    M   4        25 220
27  96  71  84   0   0  19 0.00  0.0    0  9.4 26  40   M    M   5        33  40
28  87  72  80  -4   0  15 0.00  0.0    0  6.8 16  50   M    M   7        20  50
29  92  71  82  -2   0  17 0.01  0.0    0  4.6 18 250   M    M   8        22 270
30  73  67  70 -14   0   5 1.67  0.0    0  9.0 22 330   M    M   9 13     25 320
31  80  67  74 -10   0   9 0.06  0.0    0  8.9  M   M   M    M   7 1       M  M
================================================================================
SM 2770 2140         0 449  4.18     0.0 269.3          M      171
================================================================================
AV 89.4 69.0                               8.7 FASTST   M    M   6    MAX(MPH)
                                 MISC ---->  # 26  40               # 33   40
================================================================================
NOTES:
# LAST OF SEVERAL OCCURRENCES

COLUMN 17 PEAK WIND IN M.P.H.

PRELIMINARY LOCAL CLIMATOLOGICAL DATA (WS FORM: F-6) , PAGE 2

                                          STATION:  OKLAHOMA CITY
                                          MONTH:    JULY
                                          YEAR:     2014
                                          LATITUDE:   35 24 N
                                          LONGITUDE:  97 36 W

[TEMPERATURE DATA]      [PRECIPITATION DATA]       SYMBOLS USED IN COLUMN 16

AVERAGE MONTHLY: 79.2   TOTAL FOR MONTH:   4.18    1 = FOG OR MIST
DPTR FM NORMAL:  -3.8   DPTR FM NORMAL:    1.25    2 = FOG REDUCING VISIBILITY
HIGHEST:   100 ON 26    GRTST 24HR  1.68 ON 29-30      TO 1/4 MILE OR LESS
LOWEST:     62 ON 17,16                            3 = THUNDER
                        SNOW, ICE PELLETS, HAIL    4 = ICE PELLETS
                        TOTAL MONTH:   0.0 INCH    5 = HAIL
                        GRTST 24HR     0.0         6 = FREEZING RAIN OR DRIZZLE
                        GRTST DEPTH:   0           7 = DUSTSTORM OR SANDSTORM:
                                                       VSBY 1/2 MILE OR LESS
                                                   8 = SMOKE OR HAZE
[NO. OF DAYS WITH]      [WEATHER - DAYS WITH]      9 = BLOWING SNOW
                                                   X = TORNADO
MAX 32 OR BELOW:   0    0.01 INCH OR MORE:   6
MAX 90 OR ABOVE:  18    0.10 INCH OR MORE:   4
MIN 32 OR BELOW:   0    0.50 INCH OR MORE:   3
MIN  0 OR BELOW:   0    1.00 INCH OR MORE:   3

[HDD (BASE 65) ]
TOTAL THIS MO.     0    CLEAR  (SCALE 0-3)   7
DPTR FM NORMAL     0    PTCLDY (SCALE 4-7)  17
TOTAL FM JUL 1     0    CLOUDY (SCALE 8-10)  7
DPTR FM NORMAL     0

[CDD (BASE 65) ]
TOTAL THIS MO.   449
DPTR FM NORMAL  -110    [PRESSURE DATA]
TOTAL FM JAN 1  1139    HIGHEST SLP 30.23 ON 28
DPTR FM NORMAL   -60    LOWEST  SLP 29.78 ON  1

[REMARKS]
#FINAL-07-14#




U.S. Dept. of Commerce
NOAA National Weather Service
1325 East West Highway
Silver Spring, MD 20910
E-mail: w-nws.webmaster@noaa.gov
Page last modified: May 16, 2007
NATIONAL WEATHER SERVICE: for Safety, for Work, for Fun - FOR LIFE