119
CXUS54 KOUN 301858
CF6OKC
PRELIMINARY LOCAL CLIMATOLOGICAL DATA (WS FORM: F-6)

                                          STATION:   OKLAHOMA CITY
                                          MONTH:     SEPTEMBER
                                          YEAR:      2014
                                          LATITUDE:   35 24 N
                                          LONGITUDE:  97 36 W

  TEMPERATURE IN F:       :PCPN:    SNOW:  WIND      :SUNSHINE: SKY     :PK WND
================================================================================
1   2   3   4   5  6A  6B    7    8   9   10  11  12  13   14  15   16   17  18
                                     12Z  AVG MX 2MIN
DY MAX MIN AVG DEP HDD CDD  WTR  SNW DPTH SPD SPD DIR MIN PSBL S-S WX    SPD DR
================================================================================

 1  98  74  86   7   0  21 0.00  0.0    0 17.9 25 180   M    M   5        33 190
 2  92  74  83   4   0  18    T  0.0    0 14.0 26 150   M    M   5 3      32 150
 3  98  73  86   7   0  21 0.00  0.0    0 14.5 25 200   M    M   3        38 180
 4  98  75  87   9   0  22 0.00  0.0    0 15.0 26 220   M    M   3        33 220
 5  96  68  82   4   0  17 0.02  0.0    0 11.3 26 360   M    M   6        32 360
 6  68  63  66 -12   0   1 1.92  0.0    0 10.1 18  10   M    M   9 1      24  10
 7  85  62  74  -3   0   9 0.00  0.0    0  5.2 13  40   M    M   3        13  40
 8  90  67  79   2   0  14 0.00  0.0    0  9.3 18 210   M    M   5 1      23 230
 9  95  71  83   6   0  18 0.00  0.0    0 15.0 23 180   M    M   2        33 170
10  88  68  78   2   0  13    T  0.0    0 16.0 24 340   M    M   5        33 170
11  76  64  70  -6   0   5    T  0.0    0 13.4 18  50   M    M  10 18     23  60
12  65  54  60 -16   5   0 0.11  0.0    0 16.8 25  10   M    M  10 1      31  10
13  68  50  59 -16   6   0 0.00  0.0    0  8.4 20  30   M    M   9        23  30
14  79  54  67  -8   0   2 0.01  0.0    0  7.9 12 200   M    M   8        18 210
15  85  66  76   2   0  11    T  0.0    0  7.8 15 180   M    M   7        18 180
16  89  70  80   6   0  15 0.00  0.0    0  4.0 13  50   M    M   8 18     15  50
17  92  69  81   8   0  16 0.00  0.0    0  7.6 17 240   M    M   8 1      23 220
18  90  67  79   6   0  14 0.07  0.0    0  8.1 35  70   M    M   7        43  70
19  87  65  76   3   0  11 0.00  0.0    0  7.3 17 150   M    M   4 12     21 140
20  89  69  79   7   0  14 0.00  0.0    0  7.2 14 160   M    M   5 18     18 160
21  89  67  78   6   0  13    T  0.0    0  8.1 23  40   M    M   5        28  20
22  83  59  71   0   0   6 0.00  0.0    0  7.5 15 100   M    M   3        20 100
23  82  54  68  -3   0   3 0.00  0.0    0  9.9 20 160   M    M   4        24 190
24  85  60  73   3   0   8 0.00  0.0    0  9.1 16 170   M    M   6        26 150
25  87  55  71   1   0   6 0.00  0.0    0  6.2 16 170   M    M   8        18 170
26  85  58  72   2   0   7 0.00  0.0    0  7.0 14 150   M    M   5        20 150
27  87  58  73   4   0   8 0.00  0.0    0  7.1 15 140   M    M   3        18 120
28  86  58  72   3   0   7 0.00  0.0    0  5.5 13  70   M    M   2        15  60
29  88  60  74   6   0   9 0.00  0.0    0  5.1 14 130   M    M   3        17 130
================================================================================
SM 2500 1852        11 309  2.13     0.0 282.3          M      161
================================================================================
AV 86.2 63.9                               9.7 FASTST   M    M   6    MAX(MPH)
                                 MISC ---->  # 35  70               # 43   70
================================================================================
NOTES:
# LAST OF SEVERAL OCCURRENCES

COLUMN 17 PEAK WIND IN M.P.H.

PRELIMINARY LOCAL CLIMATOLOGICAL DATA (WS FORM: F-6) , PAGE 2

                                          STATION:  OKLAHOMA CITY
                                          MONTH:    SEPTEMBER
                                          YEAR:     2014
                                          LATITUDE:   35 24 N
                                          LONGITUDE:  97 36 W

[TEMPERATURE DATA]      [PRECIPITATION DATA]       SYMBOLS USED IN COLUMN 16

AVERAGE MONTHLY: 75.0   TOTAL FOR MONTH:   2.13    1 = FOG OR MIST
DPTR FM NORMAL:   0.9   DPTR FM NORMAL:   -1.81    2 = FOG REDUCING VISIBILITY
HIGHEST:    98 ON  4, 3 GRTST 24HR  1.94 ON  5- 6      TO 1/4 MILE OR LESS
LOWEST:     50 ON 13                               3 = THUNDER
                        SNOW, ICE PELLETS, HAIL    4 = ICE PELLETS
                        TOTAL MONTH:   0.0 INCH    5 = HAIL
                        GRTST 24HR     0.0         6 = FREEZING RAIN OR DRIZZLE
                        GRTST DEPTH:   0           7 = DUSTSTORM OR SANDSTORM:
                                                       VSBY 1/2 MILE OR LESS
                                                   8 = SMOKE OR HAZE
[NO. OF DAYS WITH]      [WEATHER - DAYS WITH]      9 = BLOWING SNOW
                                                   X = TORNADO
MAX 32 OR BELOW:   0    0.01 INCH OR MORE:   5
MAX 90 OR ABOVE:   9    0.10 INCH OR MORE:   2
MIN 32 OR BELOW:   0    0.50 INCH OR MORE:   1
MIN  0 OR BELOW:   0    1.00 INCH OR MORE:   1

[HDD (BASE 65) ]
TOTAL THIS MO.    11    CLEAR  (SCALE 0-3)   5
DPTR FM NORMAL    -6    PTCLDY (SCALE 4-7)  20
TOTAL FM JUL 1    11    CLOUDY (SCALE 8-10)  4
DPTR FM NORMAL    -6

[CDD (BASE 65) ]
TOTAL THIS MO.   309
DPTR FM NORMAL    28    [PRESSURE DATA]
TOTAL FM JAN 1  1982    HIGHEST SLP M ON M
DPTR FM NORMAL   -36    LOWEST  SLP 29.72 ON  1

[REMARKS]




U.S. Dept. of Commerce
NOAA National Weather Service
1325 East West Highway
Silver Spring, MD 20910
E-mail: w-nws.webmaster@noaa.gov
Page last modified: May 16, 2007
NATIONAL WEATHER SERVICE: for Safety, for Work, for Fun - FOR LIFE