659
CXUS54 KOUN 010800
CF6OKC
PRELIMINARY LOCAL CLIMATOLOGICAL DATA (WS FORM: F-6)

                                          STATION:   OKLAHOMA CITY
                                          MONTH:     AUGUST
                                          YEAR:      2014
                                          LATITUDE:   35 24 N
                                          LONGITUDE:  97 36 W

  TEMPERATURE IN F:       :PCPN:    SNOW:  WIND      :SUNSHINE: SKY     :PK WND
================================================================================
1   2   3   4   5  6A  6B    7    8   9   10  11  12  13   14  15   16   17  18
                                     12Z  AVG MX 2MIN
DY MAX MIN AVG DEP HDD CDD  WTR  SNW DPTH SPD SPD DIR MIN PSBL S-S WX    SPD DR
================================================================================

 1  86  65  76  -8   0  11 0.00  0.0    0  4.3  9 100   M    M   6 12      9 100
 2  89  65  77  -7   0  12 0.00  0.0    0  5.4 12 130   M    M   4        17 150
 3  90  66  78  -6   0  13 0.00  0.0    0  3.0 10  80   M    M   2        14 100
 4  92  66  79  -5   0  14 0.00  0.0    0  5.6 12 140   M    M   4        12 140
 5  93  66  80  -4   0  15 0.00  0.0    0  7.4 14 140   M    M   6        18 210
 6  96  72  84   0   0  19    T  0.0    0  8.2 20 190   M    M   5 18     24 190
 7  98  76  87   3   0  22 0.00  0.0    0  9.4 20 170   M    M   4        24 170
 8  93  73  83   0   0  18    T  0.0    0  8.1 25 350   M    M   7        31 350
 9  96  73  85   2   0  20 0.00  0.0    0  7.1 37  60   M    M   6 13     45  60
10  94  70  82  -1   0  17    T  0.0    0  7.0 18 350   M    M   6        23 350
11  94  73  84   1   0  19 0.00  0.0    0  8.6 20 360   M    M   4        24  20
12  89  68  79  -4   0  14 0.00  0.0    0  6.9 14  40   M    M   1        18  30
13  92  65  79  -4   0  14 0.00  0.0    0  6.5 16 110   M    M   2        21 100
14  95  65  80  -3   0  15 0.00  0.0    0 10.1 18 180   M    M   6        22 180
15  98  68  83   0   0  18 0.00  0.0    0 12.3 20 150   M    M   6        35 180
16  92  71  82  -1   0  17    T  0.0    0  9.3 20 190   M    M   7        23 190
17  97  69  83   0   0  18 0.00  0.0    0  6.8 16 200   M    M   4        21 160
18 101  69  85   3   0  20 0.65  0.0    0 12.7 36 150   M    M   5 13     44 150
19  95  68  82   0   0  17 0.00  0.0    0 10.3 22 190   M    M   5        28 190
20  95  73  84   2   0  19 0.00  0.0    0 14.2 24 180   M    M   2        31 180
21  98  73  86   4   0  21 0.00  0.0    0 14.3 22 160   M    M   2        29 200
22 100  72  86   4   0  21 0.00  0.0    0 13.7 24 210   M    M   1        31 220
23 100  65  83   1   0  18 0.00  0.0    0 11.9 22 150   M    M   3        28 180
24  99  70  85   4   0  20 0.00  0.0    0 11.0 21 220   M    M   5        26 210
25 101  71  86   5   0  21 0.00  0.0    0  9.7 18 120   M    M   3        22 120
26  98  70  84   3   0  19 0.00  0.0    0  8.2 17 120   M    M   4        22 120
27  96  69  83   2   0  18 0.00  0.0    0  7.7 17 130   M    M   5        28 110
28  95  68  82   2   0  17 0.17  0.0    0  9.9 23 250   M    M   6 3      29 250
29  85  67  76  -4   0  11    T  0.0    0  8.9 23 300   M    M   6        29 290
30  97  67  82   2   0  17 0.00  0.0    0  5.2 15 250   M    M   3        17 160
31  97  70  84   4   0  19 0.00  0.0    0 15.9 26 170   M    M   1        35 170
================================================================================
SM 2941 2143         0 534  0.82     0.0 279.6          M      131
================================================================================
AV 94.9 69.1                               9.0 FASTST   M    M   4    MAX(MPH)
                                 MISC ---->  # 37  60               # 45   60
================================================================================
NOTES:
# LAST OF SEVERAL OCCURRENCES

COLUMN 17 PEAK WIND IN M.P.H.

PRELIMINARY LOCAL CLIMATOLOGICAL DATA (WS FORM: F-6) , PAGE 2

                                          STATION:  OKLAHOMA CITY
                                          MONTH:    AUGUST
                                          YEAR:     2014
                                          LATITUDE:   35 24 N
                                          LONGITUDE:  97 36 W

[TEMPERATURE DATA]      [PRECIPITATION DATA]       SYMBOLS USED IN COLUMN 16

AVERAGE MONTHLY: 82.0   TOTAL FOR MONTH:   0.82    1 = FOG OR MIST
DPTR FM NORMAL:  -0.4   DPTR FM NORMAL:   -2.46    2 = FOG REDUCING VISIBILITY
HIGHEST:   101 ON 25,18 GRTST 24HR  0.65 ON 17-18      TO 1/4 MILE OR LESS
LOWEST:     65 ON 23,14                            3 = THUNDER
                        SNOW, ICE PELLETS, HAIL    4 = ICE PELLETS
                        TOTAL MONTH:   0.0 INCH    5 = HAIL
                        GRTST 24HR     0.0         6 = FREEZING RAIN OR DRIZZLE
                        GRTST DEPTH:   0           7 = DUSTSTORM OR SANDSTORM:
                                                       VSBY 1/2 MILE OR LESS
                                                   8 = SMOKE OR HAZE
[NO. OF DAYS WITH]      [WEATHER - DAYS WITH]      9 = BLOWING SNOW
                                                   X = TORNADO
MAX 32 OR BELOW:   0    0.01 INCH OR MORE:   2
MAX 90 OR ABOVE:  27    0.10 INCH OR MORE:   2
MIN 32 OR BELOW:   0    0.50 INCH OR MORE:   1
MIN  0 OR BELOW:   0    1.00 INCH OR MORE:   0

[HDD (BASE 65) ]
TOTAL THIS MO.     0    CLEAR  (SCALE 0-3)   9
DPTR FM NORMAL     0    PTCLDY (SCALE 4-7)  22
TOTAL FM JUL 1     0    CLOUDY (SCALE 8-10)  0
DPTR FM NORMAL     0

[CDD (BASE 65) ]
TOTAL THIS MO.   534
DPTR FM NORMAL    -4    [PRESSURE DATA]
TOTAL FM JAN 1  1673    HIGHEST SLP M ON M
DPTR FM NORMAL   -64    LOWEST  SLP 28.62 ON 14

[REMARKS]
#FINAL-08-14#




U.S. Dept. of Commerce
NOAA National Weather Service
1325 East West Highway
Silver Spring, MD 20910
E-mail: w-nws.webmaster@noaa.gov
Page last modified: May 16, 2007
NATIONAL WEATHER SERVICE: for Safety, for Work, for Fun - FOR LIFE