142
CXUS56 KSGX 281445
CF6OKB
PRELIMINARY LOCAL CLIMATOLOGICAL DATA (WS FORM: F-6)

                                          STATION:   OCEANSIDE AIRPORT CA
                                          MONTH:     JULY
                                          YEAR:      2014
                                          LATITUDE:   33 13 N
                                          LONGITUDE: 117 21 W

  TEMPERATURE IN F:       :PCPN:    SNOW:  WIND      :SUNSHINE: SKY     :PK WND
================================================================================
1   2   3   4   5  6A  6B    7    8   9   10  11  12  13   14  15   16   17  18
                                     12Z  AVG MX 2MIN
DY MAX MIN AVG DEP HDD CDD  WTR  SNW DPTH SPD SPD DIR MIN PSBL S-S WX    SPD DR
================================================================================

 1  71  61  66  -1   0   1 0.00  0.0    0  4.7 14 240   M    M   8        23 250
 2  73  61  67  -1   0   2 0.00  0.0    0  4.9 14 240   M    M   6        18 240
 3  73  60  67  -1   0   2 0.00  0.0    0  4.1 15 240   M    M   4 1      20 250
 4  76  59  68   0   0   3 0.00  0.0    0  3.5 12 240   M    M   3 1      15 250
 5  80  61  71   3   0   6 0.00  0.0    0  4.5 13 240   M    M   0 1      18 250
 6  79  60  70   2   0   5 0.00  0.0    0  5.2 15 240   M    M   0 1      20 240
 7  80  62  71   3   0   6 0.00  0.0    0  4.0 13 240   M    M   3 18     19 250
 8  76  62  69   1   0   4 0.00  0.0    0  3.6 13 240   M    M   5 18     17 240
 9  75  61  68   0   0   3 0.00  0.0    0  4.6 14 250   M    M   5        18 240
10  76  64  70   2   0   5 0.00  0.0    0  4.9 16 250   M    M   6        20 240
11  76  65  71   3   0   6 0.00  0.0    0  5.6 15 250   M    M   4        21 240
12  75  61  68   0   0   3 0.00  0.0    0  3.5 15 230   M    M   3        19 240
13  76  60  68   0   0   3 0.00  0.0    0  4.9 13 240   M    M   4        17 240
14  76  65  71   2   0   6    T  0.0    0  4.4 15 230   M    M   7        20 230
15  71  64  68  -1   0   3 0.00  0.0    0  3.3 12 240   M    M   9        14 250
16  77  63  70   1   0   5 0.00  0.0    0  4.3 15 250   M    M   5        20 250
17  77  63  70   1   0   5 0.00  0.0    0  5.0 17 250   M    M   4        24 240
18  77  56  67  -2   0   2 0.00  0.0    0  5.4 16 250   M    M   1        21 290
19  76  60  68  -1   0   3 0.00  0.0    0  4.0 15 240   M    M   1        19 250
20  78  63  71   2   0   6 0.00  0.0    0  4.1 15 250   M    M   5        20 250
21  78  55  67  -2   0   2 0.00  0.0    0  4.9 18 290   M    M   1        25 290
22  78  58  68  -1   0   3 0.00  0.0    0  5.1 17 290   M    M   1 1      22 290
23  78  55  67  -2   0   2 0.00  0.0    0  4.4 15 250   M    M   0        20 240
24  80  58  69   0   0   4 0.00  0.0    0  5.4 15 250   M    M   1        19 250
25  81  66  74   5   0   9 0.00  0.0    0  4.4 13 240   M    M   4 18     16 230
26  78  66  72   3   0   7 0.00  0.0    0  4.0 13 250   M    M   4 18     17 250
27  82  67  75   6   0  10    T  0.0    0  4.5 15 250   M    M   2 1      19 240
================================================================================
SM 2073 1656         0 116    T      0.0 121.2          M       96
================================================================================
AV 76.8 61.3                               4.5 FASTST   M    M   4    MAX(MPH)
                                 MISC ---->  # 18 290               # 25  290
================================================================================
NOTES:
# LAST OF SEVERAL OCCURRENCES

COLUMN 17 PEAK WIND IN M.P.H.

PRELIMINARY LOCAL CLIMATOLOGICAL DATA (WS FORM: F-6) , PAGE 2

                                          STATION:  OCEANSIDE AIRPORT CA
                                          MONTH:    JULY
                                          YEAR:     2014
                                          LATITUDE:   33 13 N
                                          LONGITUDE: 117 21 W

[TEMPERATURE DATA]      [PRECIPITATION DATA]       SYMBOLS USED IN COLUMN 16

AVERAGE MONTHLY: 69.1   TOTAL FOR MONTH:      T    1 = FOG OR MIST
DPTR FM NORMAL:   0.6   DPTR FM NORMAL:   -0.11    2 = FOG REDUCING VISIBILITY
HIGHEST:    82 ON 27    GRTST 24HR    T  ON 27-27      TO 1/4 MILE OR LESS
LOWEST:     55 ON 23,21                            3 = THUNDER
                        SNOW, ICE PELLETS, HAIL    4 = ICE PELLETS
                        TOTAL MONTH:   0.0 INCH    5 = HAIL
                        GRTST 24HR     0.0         6 = FREEZING RAIN OR DRIZZLE
                        GRTST DEPTH:   0           7 = DUSTSTORM OR SANDSTORM:
                                                       VSBY 1/2 MILE OR LESS
                                                   8 = SMOKE OR HAZE
[NO. OF DAYS WITH]      [WEATHER - DAYS WITH]      9 = BLOWING SNOW
                                                   X = TORNADO
MAX 32 OR BELOW:   0    0.01 INCH OR MORE:   0
MAX 90 OR ABOVE:   0    0.10 INCH OR MORE:   0
MIN 32 OR BELOW:   0    0.50 INCH OR MORE:   0
MIN  0 OR BELOW:   0    1.00 INCH OR MORE:   0

[HDD (BASE 65) ]
TOTAL THIS MO.     0    CLEAR  (SCALE 0-3)  11
DPTR FM NORMAL     0    PTCLDY (SCALE 4-7)  15
TOTAL FM JUL 1     0    CLOUDY (SCALE 8-10)  1
DPTR FM NORMAL     0

[CDD (BASE 65) ]
TOTAL THIS MO.   116
DPTR FM NORMAL    19    [PRESSURE DATA]
TOTAL FM JAN 1   245    HIGHEST SLP M ON M
DPTR FM NORMAL   100    LOWEST  SLP 29.71 ON 24

[REMARKS]




U.S. Dept. of Commerce
NOAA National Weather Service
1325 East West Highway
Silver Spring, MD 20910
E-mail: w-nws.webmaster@noaa.gov
Page last modified: May 16, 2007
NATIONAL WEATHER SERVICE: for Safety, for Work, for Fun - FOR LIFE