729
CXUS56 KSGX 281445
CF6OKB
PRELIMINARY LOCAL CLIMATOLOGICAL DATA (WS FORM: F-6)

                                          STATION:   OCEANSIDE AIRPORT CA
                                          MONTH:     JANUARY
                                          YEAR:      2015
                                          LATITUDE:   33 13 N
                                          LONGITUDE: 117 21 W

  TEMPERATURE IN F:       :PCPN:    SNOW:  WIND      :SUNSHINE: SKY     :PK WND
================================================================================
1   2   3   4   5  6A  6B    7    8   9   10  11  12  13   14  15   16   17  18
                                     12Z  AVG MX 2MIN
DY MAX MIN AVG DEP HDD CDD  WTR  SNW DPTH SPD SPD DIR MIN PSBL S-S WX    SPD DR
================================================================================

 1  58  29  44  -8  21   0 0.00  0.0    0  3.3 10 290   M    M   0        14 230
 2  59  31  45  -7  20   0 0.00  0.0    0  3.4 12 240   M    M   0 1      15 240
 3  61  35  48  -4  17   0 0.00  0.0    0  3.5 12 300   M    M   0 1      14 240
 4  65  32  49  -3  16   0 0.00  0.0    0  2.6 10 240   M    M   0 18     14 270
 5  77  36  57   5   8   0 0.00  0.0    0  2.9 10 250   M    M   0 1      13  40
 6  83  41  62  10   3   0 0.00  0.0    0  3.1 14 290   M    M   0        16 290
 7  73  37  55   2  10   0 0.00  0.0    0  1.9 10 250   M    M   0        14 240
 8  70  41  56   3   9   0 0.00  0.0    0  2.4  9 240   M    M   0        12 220
 9  65  48  57   4   8   0    T    M    0  1.9  9 250   M    M   2 12     10 240
10  69  44  57   4   8   0 0.02    M    0  1.9 12 250   M    M   7 128    13 240
11  61  54  58   5   7   0 0.39  0.0    0  2.3  9  60   M    M  10 1      10  40
12  65  53  59   6   6   0 0.00  0.0    0  3.0 12 280   M    M   6 128    17 290
13  66  44  55   2  10   0 0.00  0.0    0  3.3 13 290   M    M   3 128    16 290
14  72  38  55   2  10   0 0.00  0.0    0  3.3 13 290   M    M   0 1      16 290
15  73  41  57   4   8   0 0.00  0.0    0  4.8 18 300   M    M   0        24 290
16  69  41  55   2  10   0 0.00  0.0    0  3.3 10 250   M    M   0        13  60
17  73  39  56   3   9   0 0.00  0.0    0  2.3 10 240   M    M   0        13 250
18  72  40  56   3   9   0 0.00  0.0    0  1.8 13 250   M    M   0 1      15 250
19  67  38  53   0  12   0 0.00  0.0    0  2.5 10 250   M    M   2 1      14 250
20  61  50  56   3   9   0 0.00  0.0    0  3.0  7 240   M    M   9 128     M  M
21  65  44  55   2  10   0 0.00  0.0    0  3.7 10 290   M    M   4 128    15 250
22  75  36  56   3   9   0 0.00  0.0    0  3.2 13 290   M    M   0        15 300
23  73  38  56   3   9   0 0.00  0.0    0  3.2 14 290   M    M   0        17 290
24  83  37  60   6   5   0 0.00  0.0    0  3.4 17  60   M    M   0        21  70
25  81  40  61   7   4   0 0.00  0.0    0  2.2 13 240   M    M   0        16 240
26  73  50  62   8   3   0 0.08  0.0    0  3.1 17 190   M    M   5        22 210
27  72  46  59   5   6   0 0.00  0.0    0  2.5 14 290   M    M   2 1      18 280
================================================================================
SM 1881 1103       256   0  0.49     0.0  77.8          M       50
================================================================================
AV 69.7 40.9                               2.9 FASTST   M    M   2    MAX(MPH)
                                 MISC ---->  # 18 300               # 24  290
================================================================================
NOTES:
# LAST OF SEVERAL OCCURRENCES

COLUMN 17 PEAK WIND IN M.P.H.

PRELIMINARY LOCAL CLIMATOLOGICAL DATA (WS FORM: F-6) , PAGE 2

                                          STATION:  OCEANSIDE AIRPORT CA
                                          MONTH:    JANUARY
                                          YEAR:     2015
                                          LATITUDE:   33 13 N
                                          LONGITUDE: 117 21 W

[TEMPERATURE DATA]      [PRECIPITATION DATA]       SYMBOLS USED IN COLUMN 16

AVERAGE MONTHLY: 55.3   TOTAL FOR MONTH:   0.49    1 = FOG OR MIST
DPTR FM NORMAL:   2.3   DPTR FM NORMAL:   -1.86    2 = FOG REDUCING VISIBILITY
HIGHEST:    83 ON 24, 6 GRTST 24HR  0.41 ON 10-11      TO 1/4 MILE OR LESS
LOWEST:     29 ON  1                               3 = THUNDER
                        SNOW, ICE PELLETS, HAIL    4 = ICE PELLETS
                        TOTAL MONTH:   0.0 INCH    5 = HAIL
                        GRTST 24HR     0.0         6 = FREEZING RAIN OR DRIZZLE
                        GRTST DEPTH:   0           7 = DUSTSTORM OR SANDSTORM:
                                                       VSBY 1/2 MILE OR LESS
                                                   8 = SMOKE OR HAZE
[NO. OF DAYS WITH]      [WEATHER - DAYS WITH]      9 = BLOWING SNOW
                                                   X = TORNADO
MAX 32 OR BELOW:   0    0.01 INCH OR MORE:   3
MAX 90 OR ABOVE:   0    0.10 INCH OR MORE:   1
MIN 32 OR BELOW:   3    0.50 INCH OR MORE:   0
MIN  0 OR BELOW:   0    1.00 INCH OR MORE:   0

[HDD (BASE 65) ]
TOTAL THIS MO.   256    CLEAR  (SCALE 0-3)  20
DPTR FM NORMAL   -71    PTCLDY (SCALE 4-7)   5
TOTAL FM JUL 1   665    CLOUDY (SCALE 8-10)  2
DPTR FM NORMAL  -396

[CDD (BASE 65) ]
TOTAL THIS MO.     0
DPTR FM NORMAL     0    [PRESSURE DATA]
TOTAL FM JAN 1     0    HIGHEST SLP M ON M
DPTR FM NORMAL     0    LOWEST  SLP 29.92 ON 25

[REMARKS]




U.S. Dept. of Commerce
NOAA National Weather Service
1325 East West Highway
Silver Spring, MD 20910
E-mail: w-nws.webmaster@noaa.gov
Page last modified: May 16, 2007
NATIONAL WEATHER SERVICE: for Safety, for Work, for Fun - FOR LIFE