496
CXUS56 KSGX 011445
CF6OKB
PRELIMINARY LOCAL CLIMATOLOGICAL DATA (WS FORM: F-6)

                                          STATION:   OCEANSIDE AIRPORT CA
                                          MONTH:     AUGUST
                                          YEAR:      2014
                                          LATITUDE:   33 13 N
                                          LONGITUDE: 117 21 W

  TEMPERATURE IN F:       :PCPN:    SNOW:  WIND      :SUNSHINE: SKY     :PK WND
================================================================================
1   2   3   4   5  6A  6B    7    8   9   10  11  12  13   14  15   16   17  18
                                     12Z  AVG MX 2MIN
DY MAX MIN AVG DEP HDD CDD  WTR  SNW DPTH SPD SPD DIR MIN PSBL S-S WX    SPD DR
================================================================================

 1  78  67  73   4   0   8 0.00  0.0    0  4.2 13 250   M    M   4        17 240
 2  81  67  74   5   0   9 0.03  0.0    0  2.2 13 300   M    M   7 138    17 290
 3  82  71  77   8   0  12    T  0.0    0  4.5 14 210   M    M   8 18     18 220
 4  82  61  72   3   0   7 0.00  0.0    0  4.7 15 240   M    M   1 18     19 250
 5  79  63  71   2   0   6 0.00  0.0    0  5.1 15 240   M    M   5 18     20 240
 6  76  66  71   2   0   6 0.00  0.0    0  4.2 15 250   M    M   5        20 250
 7  77  64  71   2   0   6 0.00  0.0    0  3.8 15 240   M    M   5        22 240
 8  78  63  71   2   0   6 0.00  0.0    0  3.5 14 240   M    M   5        19 290
 9  79  64  72   3   0   7 0.00  0.0    0  4.5 15 240   M    M   6        22 230
10  78  62  70   1   0   5 0.00  0.0    0  4.4 15 240   M    M   3 18     19 230
11  80  65  73   3   0   8 0.00  0.0    0  4.5 16 250   M    M   6        21 230
12  78  69  74   4   0   9 0.00  0.0    0  4.6 16 240   M    M   8        21 240
13  78  68  73   3   0   8 0.00  0.0    0  4.9 15 240   M    M   8        19 240
14  79  64  72   2   0   7 0.00  0.0    0  5.0 14 240   M    M   3        19 290
15  83  60  72   2   0   7 0.00  0.0    0  4.3 15 240   M    M   0        18 250
16  83  63  73   3   0   8 0.00  0.0    0  4.8 15 250   M    M   0        22 250
17  83  61  72   2   0   7 0.00  0.0    0  3.8 14 250   M    M   0        18 250
18  80  64  72   2   0   7 0.00  0.0    0  5.2 14 250   M    M   4        18 230
19  78  69  74   4   0   9 0.00  0.0    0  6.3 15 230   M    M   8        19 240
20  79  66  73   3   0   8 0.11  0.0    0  4.0 13 240   M    M   7 138    16 250
21  80  65  73   4   0   8 0.00  0.0    0  4.0 15 290   M    M   4        21 290
22  80  62  71   2   0   6 0.00  0.0    0  3.7 14 240   M    M   4        19 240
23  79  60  70   1   0   5 0.00  0.0    0  4.0 13 240   M    M   3 18     18 250
24  79  60  70   1   0   5 0.00  0.0    0  4.3 16 250   M    M   3        21 250
25  80  63  72   3   0   7 0.00  0.0    0  4.2 15 250   M    M   0        20 250
26  81  60  71   2   0   6 0.00  0.0    0  3.9 14 240   M    M   0        18 300
27  88  60  74   5   0   9 0.00  0.0    0  4.3 16 250   M    M   0 1      19 250
28  86  61  74   5   0   9 0.00  0.0    0  4.7 16 250   M    M   0        25 300
29  81  58  70   1   0   5 0.00  0.0    0  3.8 14 250   M    M   1 18     20 250
30  81  63  72   3   0   7 0.00  0.0    0  3.6 13 230   M    M   4 18     16 230
31  81  64  73   4   0   8 0.00  0.0    0  4.8 12 230   M    M   5 18     15 250
================================================================================
SM 2487 1973         0 225  0.14     0.0 133.8          M      117
================================================================================
AV 80.2 63.6                               4.3 FASTST   M    M   4    MAX(MPH)
                                 MISC ---->  # 16 250               # 25  300
================================================================================
NOTES:
# LAST OF SEVERAL OCCURRENCES

COLUMN 17 PEAK WIND IN M.P.H.

PRELIMINARY LOCAL CLIMATOLOGICAL DATA (WS FORM: F-6) , PAGE 2

                                          STATION:  OCEANSIDE AIRPORT CA
                                          MONTH:    AUGUST
                                          YEAR:     2014
                                          LATITUDE:   33 13 N
                                          LONGITUDE: 117 21 W

[TEMPERATURE DATA]      [PRECIPITATION DATA]       SYMBOLS USED IN COLUMN 16

AVERAGE MONTHLY: 71.9   TOTAL FOR MONTH:   0.14    1 = FOG OR MIST
DPTR FM NORMAL:   2.5   DPTR FM NORMAL:   -0.01    2 = FOG REDUCING VISIBILITY
HIGHEST:    88 ON 27    GRTST 24HR  0.11 ON 20-20      TO 1/4 MILE OR LESS
LOWEST:     58 ON 29                               3 = THUNDER
                        SNOW, ICE PELLETS, HAIL    4 = ICE PELLETS
                        TOTAL MONTH:   0.0 INCH    5 = HAIL
                        GRTST 24HR     0.0         6 = FREEZING RAIN OR DRIZZLE
                        GRTST DEPTH:   0           7 = DUSTSTORM OR SANDSTORM:
                                                       VSBY 1/2 MILE OR LESS
                                                   8 = SMOKE OR HAZE
[NO. OF DAYS WITH]      [WEATHER - DAYS WITH]      9 = BLOWING SNOW
                                                   X = TORNADO
MAX 32 OR BELOW:   0    0.01 INCH OR MORE:   2
MAX 90 OR ABOVE:   0    0.10 INCH OR MORE:   1
MIN 32 OR BELOW:   0    0.50 INCH OR MORE:   0
MIN  0 OR BELOW:   0    1.00 INCH OR MORE:   0

[HDD (BASE 65) ]
TOTAL THIS MO.     0    CLEAR  (SCALE 0-3)  12
DPTR FM NORMAL    -2    PTCLDY (SCALE 4-7)  19
TOTAL FM JUL 1     0    CLOUDY (SCALE 8-10)  0
DPTR FM NORMAL    -5

[CDD (BASE 65) ]
TOTAL THIS MO.   225
DPTR FM NORMAL    87    [PRESSURE DATA]
TOTAL FM JAN 1   507    HIGHEST SLP 30.04 ON  6
DPTR FM NORMAL   207    LOWEST  SLP 29.74 ON 30

[REMARKS]
#FINAL-08-14#




U.S. Dept. of Commerce
NOAA National Weather Service
1325 East West Highway
Silver Spring, MD 20910
E-mail: w-nws.webmaster@noaa.gov
Page last modified: May 16, 2007
NATIONAL WEATHER SERVICE: for Safety, for Work, for Fun - FOR LIFE