928
CXUS56 KSGX 011445
CF6OKB
PRELIMINARY LOCAL CLIMATOLOGICAL DATA (WS FORM: F-6)

                                          STATION:   OCEANSIDE AIRPORT CA
                                          MONTH:     NOVEMBER
                                          YEAR:      2014
                                          LATITUDE:   33 13 N
                                          LONGITUDE: 117 21 W

  TEMPERATURE IN F:       :PCPN:    SNOW:  WIND      :SUNSHINE: SKY     :PK WND
================================================================================
1   2   3   4   5  6A  6B    7    8   9   10  11  12  13   14  15   16   17  18
                                     12Z  AVG MX 2MIN
DY MAX MIN AVG DEP HDD CDD  WTR  SNW DPTH SPD SPD DIR MIN PSBL S-S WX    SPD DR
================================================================================

 1  69  53  61   1   4   0 0.40  0.0    0  6.7 21 210   M    M   6 1      26 200
 2  68  49  59  -1   6   0 0.04    M    0  3.5 14 290   M    M   2 12     18 300
 3  74  46  60   1   5   0 0.00  0.0    0  5.1 18 300   M    M   0        25 290
 4  77  40  59   0   6   0 0.00  0.0    0  4.8 18 290   M    M   0        24 290
 5  83  41  62   3   3   0 0.00  0.0    0  4.4 17 300   M    M   0        22 290
 6  89  47  68   9   0   3 0.00  0.0    0  3.6 13 290   M    M   0        18 280
 7  88  47  68   9   0   3 0.00  0.0    0  2.8 13 280   M    M   0        19 290
 8  83  45  64   6   1   0 0.00  0.0    0  3.1 13 240   M    M   1 128    19 260
 9  71  45  58   0   7   0 0.00  0.0    0  3.5 13 230   M    M   5 18     16 280
10  71  56  64   6   1   0 0.00  0.0    0  3.8 13 240   M    M   7 8      17 240
11  71  60  66   8   0   1 0.00  0.0    0  3.0 12 230   M    M   9        17 210
12  71  53  62   4   3   0    T  0.0    0  2.9 13 240   M    M   5        18 240
13  71  55  63   6   2   0 0.00  0.0    0  2.9 12 250   M    M   6        16 250
14  70  52  61   4   4   0 0.06  0.0    0  3.1 12 240   M    M   4 18     16 230
15  71  49  60   3   5   0 0.00  0.0    0  3.1 12 250   M    M   4 1      16 250
16  80  47  64   7   1   0 0.00  0.0    0  3.8 15  40   M    M   1 1      22  40
17  76  45  61   5   4   0 0.00  0.0    0  4.1 14 240   M    M   0        17 240
18  77  38  58   2   7   0 0.00  0.0    0  2.5 12 250   M    M   0        14 280
19  72  38  55  -1  10   0 0.00  0.0    0  3.3 14 290   M    M   0        19 290
20  70  42  56   0   9   0    T    M    0  3.9 14 240   M    M   2        17 290
21  68  50  59   3   6   0 0.21  0.0    0  2.7 13 240   M    M   3 1      16 250
22  70  44  57   1   8   0 0.00  0.0    0  3.7 12 240   M    M   1 1      14 240
23  73  46  60   5   5   0 0.00  0.0    0  3.1 12 240   M    M   1 1      15 290
24  88  42  65  10   0   0 0.00  0.0    0  4.2 14 290   M    M   0        20 290
25  79  36  58   3   7   0 0.00  0.0    0  3.4 14 280   M    M   0        19 290
26  82  40  61   6   4   0 0.00  0.0    0  3.3 10 240   M    M   0        12 250
27  86  44  65  10   0   0 0.00  0.0    0  3.5 12 250   M    M   0        14 250
28  80  39  60   6   5   0 0.00  0.0    0  1.9  8 250   M    M   0        11 250
29  73  35  54   0  11   0 0.00  0.0    0  3.7 14 200   M    M   3        18 240
30  71  52  62   8   3   0 0.00  0.0    0  5.4 16 200   M    M   7 1      21 190
================================================================================
SM 2272 1376       127   7  0.71     0.0 108.8          M       67
================================================================================
AV 75.7 45.9                               3.6 FASTST   M    M   2    MAX(MPH)
                                 MISC ---->  # 21 210               # 26  200
================================================================================
NOTES:
# LAST OF SEVERAL OCCURRENCES

COLUMN 17 PEAK WIND IN M.P.H.

PRELIMINARY LOCAL CLIMATOLOGICAL DATA (WS FORM: F-6) , PAGE 2

                                          STATION:  OCEANSIDE AIRPORT CA
                                          MONTH:    NOVEMBER
                                          YEAR:     2014
                                          LATITUDE:   33 13 N
                                          LONGITUDE: 117 21 W

[TEMPERATURE DATA]      [PRECIPITATION DATA]       SYMBOLS USED IN COLUMN 16

AVERAGE MONTHLY: 60.8   TOTAL FOR MONTH:   0.71    1 = FOG OR MIST
DPTR FM NORMAL:   3.9   DPTR FM NORMAL:   -0.32    2 = FOG REDUCING VISIBILITY
HIGHEST:    89 ON  6    GRTST 24HR  0.41 ON  1- 2      TO 1/4 MILE OR LESS
LOWEST:     35 ON 29                               3 = THUNDER
                        SNOW, ICE PELLETS, HAIL    4 = ICE PELLETS
                        TOTAL MONTH:   0.0 INCH    5 = HAIL
                        GRTST 24HR     0.0         6 = FREEZING RAIN OR DRIZZLE
                        GRTST DEPTH:   0           7 = DUSTSTORM OR SANDSTORM:
                                                       VSBY 1/2 MILE OR LESS
                                                   8 = SMOKE OR HAZE
[NO. OF DAYS WITH]      [WEATHER - DAYS WITH]      9 = BLOWING SNOW
                                                   X = TORNADO
MAX 32 OR BELOW:   0    0.01 INCH OR MORE:   4
MAX 90 OR ABOVE:   0    0.10 INCH OR MORE:   2
MIN 32 OR BELOW:   0    0.50 INCH OR MORE:   0
MIN  0 OR BELOW:   0    1.00 INCH OR MORE:   0

[HDD (BASE 65) ]
TOTAL THIS MO.   127    CLEAR  (SCALE 0-3)  21
DPTR FM NORMAL  -121    PTCLDY (SCALE 4-7)   8
TOTAL FM JUL 1   134    CLOUDY (SCALE 8-10)  1
DPTR FM NORMAL  -216

[CDD (BASE 65) ]
TOTAL THIS MO.     7
DPTR FM NORMAL     4    [PRESSURE DATA]
TOTAL FM JAN 1   855    HIGHEST SLP 30.36 ON 25
DPTR FM NORMAL   436    LOWEST  SLP 29.81 ON  9

[REMARKS]
#FINAL-11-14#




U.S. Dept. of Commerce
NOAA National Weather Service
1325 East West Highway
Silver Spring, MD 20910
E-mail: w-nws.webmaster@noaa.gov
Page last modified: May 16, 2007
NATIONAL WEATHER SERVICE: for Safety, for Work, for Fun - FOR LIFE