683
CXUS55 KEAX 270736
CF6OJC
PRELIMINARY LOCAL CLIMATOLOGICAL DATA (WS FORM: F-6)

                                          STATION:   Johnson County Executive KS
                                          MONTH:     NOVEMBER
                                          YEAR:      2014
                                          LATITUDE:   38 50 N
                                          LONGITUDE:  94 44 W

  TEMPERATURE IN F:       :PCPN:    SNOW:  WIND      :SUNSHINE: SKY     :PK WND
================================================================================
1   2   3   4   5  6A  6B    7    8   9   10  11  12  13   14  15   16   17  18
                                     12Z  AVG MX 2MIN
DY MAX MIN AVG DEP HDD CDD  WTR  SNW DPTH SPD SPD DIR MIN PSBL S-S WX    SPD DR
================================================================================

 1  50  26  38 -13  27   0 0.00    M    M  8.2 16 160   M    M   2        22 150
 2  63  46  55   5  10   0    T    M    M 16.9 26 180   M    M   4        35 160
 3  67  49  58   8   7   0 0.13    M    M 14.6 26 200   M    M   5 1      35 210
 4  54  42  48  -2  17   0 0.00    M    M  6.7 18 310   M    M   0        23 330
 5  65  36  51   2  14   0 0.00    M    M  6.9 17 230   M    M   1        23 210
 6  53  33  43  -6  22   0 0.00    M    M  8.6 22 350   M    M   0        29 350
 7  62  31  47  -1  18   0 0.00    M    M  9.8 25 180   M    M   0        32 220
 8  57  34  46  -2  19   0 0.00    M    M 10.4 23 350   M    M   1        31 350
 9  64  33  49   2  16   0 0.00    M    M  9.8 18 230   M    M   0        28 210
10  70  33  52   5  13   0    T    M    M 15.7 29 340   M    M   3        39 350
11  35  25  30 -16  35   0 0.01    M    M 14.7 26 350   M    M   6        34 350
12  29  19  24 -22  41   0 0.00    M    M 12.7 21 350   M    M   2        26 360
13  29  15  22 -23  43   0 0.00    M    M  8.4 16 320   M    M   2        21 330
14  32  12  22 -23  43   0 0.00    M    M  2.0  8 200   M    M   1        10 230
15  32  22  27 -17  38   0    T    M    M  5.7 12 140   M    M   7 8      14 170
16  30  17  24 -20  41   0    T    M    M  8.9 18 330   M    M   5 1      22 330
17  25  13  19 -24  46   0 0.00    M    M 13.6 26 310   M    M   3        35 310
18  39  10  25 -18  40   0 0.00    M    M  9.2 17 210   M    M   0        25 200
19  41  20  31 -11  34   0 0.00    M    M  8.0 22 350   M    M   3        29 350
20  41  17  29 -13  36   0 0.00    M    M  4.6 10  60   M    M   0        13  70
21  49  24  37  -4  28   0 0.06    M    M  9.5 15 180   M    M   6 1      20 170
22  59  49  54  13  11   0    T    M    M 12.4 21 190   M    M   9 1      30 190
23  57  40  49   9  16   0 0.23    M    M 11.5 31 350   M    M  10 1      40 340
24  41  30  36  -4  29   0 0.00    M    M 12.6 26 320   M    M   5        35 330
25  42  22  32  -7  33   0 0.00    M    M  7.9 15 150   M    M   1        21 330
26  42  28  35  -4  30   0 0.05    M    M 14.2 26 330   M    M   9 1      35 320
================================================================================
SM 1228  726       707   0  0.48    M    263.5          M       85
================================================================================
AV 47.2 27.9                              10.1 FASTST   M    M   3    MAX(MPH)
                                 MISC ---->  # 31 350               # 40  340
================================================================================
NOTES:
# LAST OF SEVERAL OCCURRENCES

COLUMN 17 PEAK WIND IN M.P.H.

PRELIMINARY LOCAL CLIMATOLOGICAL DATA (WS FORM: F-6) , PAGE 2

                                          STATION:  Johnson County Executive KS
                                          MONTH:    NOVEMBER
                                          YEAR:     2014
                                          LATITUDE:   38 50 N
                                          LONGITUDE:  94 44 W

[TEMPERATURE DATA]      [PRECIPITATION DATA]       SYMBOLS USED IN COLUMN 16

AVERAGE MONTHLY: 37.6   TOTAL FOR MONTH:   0.48    1 = FOG OR MIST
DPTR FM NORMAL:  -7.4   DPTR FM NORMAL:   -1.74    2 = FOG REDUCING VISIBILITY
HIGHEST:    70 ON 10    GRTST 24HR  0.23 ON 23-23      TO 1/4 MILE OR LESS
LOWEST:     10 ON 18                               3 = THUNDER
                        SNOW, ICE PELLETS, HAIL    4 = ICE PELLETS
                        TOTAL MONTH:    M          5 = HAIL
                        GRTST 24HR    M  ON   M    6 = FREEZING RAIN OR DRIZZLE
                        GRTST DEPTH:  M  ON   M    7 = DUSTSTORM OR SANDSTORM:
                                                       VSBY 1/2 MILE OR LESS
                                                   8 = SMOKE OR HAZE
[NO. OF DAYS WITH]      [WEATHER - DAYS WITH]      9 = BLOWING SNOW
                                                   X = TORNADO
MAX 32 OR BELOW:   6    0.01 INCH OR MORE:   5
MAX 90 OR ABOVE:   0    0.10 INCH OR MORE:   2
MIN 32 OR BELOW:  16    0.50 INCH OR MORE:   0
MIN  0 OR BELOW:   0    1.00 INCH OR MORE:   0

[HDD (BASE 65) ]
TOTAL THIS MO.   707    CLEAR  (SCALE 0-3)  16
DPTR FM NORMAL   185    PTCLDY (SCALE 4-7)   7
TOTAL FM JUL 1   971    CLOUDY (SCALE 8-10)  3
DPTR FM NORMAL   124

[CDD (BASE 65) ]
TOTAL THIS MO.     0
DPTR FM NORMAL     0    [PRESSURE DATA]
TOTAL FM JAN 1  1237    HIGHEST SLP  0.00 ON M
DPTR FM NORMAL  -112    LOWEST  SLP  0.00 ON M

[REMARKS]




U.S. Dept. of Commerce
NOAA National Weather Service
1325 East West Highway
Silver Spring, MD 20910
E-mail: w-nws.webmaster@noaa.gov
Page last modified: May 16, 2007
NATIONAL WEATHER SERVICE: for Safety, for Work, for Fun - FOR LIFE