315
CXUS55 KEAX 300736
CF6OJC
PRELIMINARY LOCAL CLIMATOLOGICAL DATA (WS FORM: F-6)

                                          STATION:   Johnson County Executive KS
                                          MONTH:     AUGUST
                                          YEAR:      2014
                                          LATITUDE:   38 50 N
                                          LONGITUDE:  94 44 W

  TEMPERATURE IN F:       :PCPN:    SNOW:  WIND      :SUNSHINE: SKY     :PK WND
================================================================================
1   2   3   4   5  6A  6B    7    8   9   10  11  12  13   14  15   16   17  18
                                     12Z  AVG MX 2MIN
DY MAX MIN AVG DEP HDD CDD  WTR  SNW DPTH SPD SPD DIR MIN PSBL S-S WX    SPD DR
================================================================================

 1  84  64  74  -5   0   9 0.00    M    M  4.1 14 110   M    M   4        18 160
 2  88  64  76  -3   0  11 0.00    M    M  4.2  9 150   M    M   2         M  M
 3  87  65  76  -3   0  11 0.67    M    M  7.4 23 360   M    M   3 13     33 360
 4  92  67  80   1   0  15 0.00    M    M  7.6 17 210   M    M   2        23 210
 5  93  72  83   4   0  18 0.00    M    M  5.0 14 190   M    M   0        18 230
 6  92  68  80   1   0  15 1.58    M    M  6.9 28 310   M    M   3 138    43 280
 7  84  68  76  -3   0  11 0.03    M    M  4.3 10  50   M    M   8 3      14  30
 8  81  67  74  -5   0   9 0.00    M    M  5.4 13 360   M    M   6        17  20
 9  83  67  75  -4   0  10 0.00    M    M  4.9 15 170   M    M   7 1      18 170
10  81  68  75  -4   0  10 1.23    M    M  5.5 17 300   M    M   7 13     23 290
11  81  64  73  -6   0   8 0.00    M    M  9.4 20 360   M    M   2        26  10
12  78  59  69 -10   0   4 0.00    M    M  7.8 20  10   M    M   0        24  10
13  81  58  70  -8   0   5 0.00    M    M  3.0  9 140   M    M   0        12 120
14  83  60  72  -6   0   7 0.00    M    M  4.4 10 120   M    M   0        15 280
15  83  66  75  -3   0  10 0.02    M    M  8.8 18 180   M    M   5        25 190
16  83  69  76  -2   0  11 0.09    M    M  8.2 17 180   M    M   5 13     26 180
17  82  66  74  -4   0   9 0.00    M    M  4.6 10 110   M    M   4 128    13  70
18  88  65  77  -1   0  12 0.00    M    M  4.0  9 160   M    M   0        16 190
19  93  72  83   5   0  18    T    M    M  5.6 13 230   M    M   0        19 230
20  93  72  83   6   0  18 0.00    M    M  9.2 20 190   M    M   1        26 200
21  94  75  85   8   0  20 0.00    M    M 11.5 18 200   M    M   1        27 210
22  92  75  84   7   0  19 0.00    M    M  6.6 21 170   M    M   1 3      28 190
23  96  74  85   8   0  20 0.00    M    M  8.7 18 160   M    M   1        25 190
24  94  71  83   7   0  18 0.00    M    M  8.9 18 160   M    M   0        26 160
25  95  71  83   7   0  18 0.00    M    M  6.6 13 140   M    M   0        17 210
26  92  74  83   7   0  18 0.00    M    M  7.1 18  40   M    M   0        24 350
27  87  71  79   3   0  14 0.00    M    M  7.4 15 120   M    M   1        19  80
28  91  72  82   7   0  17 0.00    M    M  7.5 17 170   M    M   1 8      21 170
29  83  69  76   1   0  11 0.12    M    M  6.5 15 200   M    M   3 13     20 200
================================================================================
SM 2534 1973         0 376  3.74    M    191.1          M       67
================================================================================
AV 87.4 68.0                               6.6 FASTST   M    M   2    MAX(MPH)
                                 MISC ---->  # 28 310               # 43  280
================================================================================
NOTES:
# LAST OF SEVERAL OCCURRENCES

COLUMN 17 PEAK WIND IN M.P.H.

PRELIMINARY LOCAL CLIMATOLOGICAL DATA (WS FORM: F-6) , PAGE 2

                                          STATION:  Johnson County Executive KS
                                          MONTH:    AUGUST
                                          YEAR:     2014
                                          LATITUDE:   38 50 N
                                          LONGITUDE:  94 44 W

[TEMPERATURE DATA]      [PRECIPITATION DATA]       SYMBOLS USED IN COLUMN 16

AVERAGE MONTHLY: 77.7   TOTAL FOR MONTH:   3.74    1 = FOG OR MIST
DPTR FM NORMAL:  -0.1   DPTR FM NORMAL:    0.31    2 = FOG REDUCING VISIBILITY
HIGHEST:    96 ON 23    GRTST 24HR  1.61 ON  6- 7      TO 1/4 MILE OR LESS
LOWEST:     58 ON 13                               3 = THUNDER
                        SNOW, ICE PELLETS, HAIL    4 = ICE PELLETS
                        TOTAL MONTH:    M          5 = HAIL
                        GRTST 24HR    M  ON   M    6 = FREEZING RAIN OR DRIZZLE
                        GRTST DEPTH:  M  ON   M    7 = DUSTSTORM OR SANDSTORM:
                                                       VSBY 1/2 MILE OR LESS
                                                   8 = SMOKE OR HAZE
[NO. OF DAYS WITH]      [WEATHER - DAYS WITH]      9 = BLOWING SNOW
                                                   X = TORNADO
MAX 32 OR BELOW:   0    0.01 INCH OR MORE:   7
MAX 90 OR ABOVE:  12    0.10 INCH OR MORE:   4
MIN 32 OR BELOW:   0    0.50 INCH OR MORE:   3
MIN  0 OR BELOW:   0    1.00 INCH OR MORE:   2

[HDD (BASE 65) ]
TOTAL THIS MO.     0    CLEAR  (SCALE 0-3)  19
DPTR FM NORMAL     0    PTCLDY (SCALE 4-7)  10
TOTAL FM JUL 1     1    CLOUDY (SCALE 8-10)  0
DPTR FM NORMAL     1

[CDD (BASE 65) ]
TOTAL THIS MO.   376
DPTR FM NORMAL     2    [PRESSURE DATA]
TOTAL FM JAN 1  1061    HIGHEST SLP  0.00 ON M
DPTR FM NORMAL   -85    LOWEST  SLP  0.00 ON M

[REMARKS]




U.S. Dept. of Commerce
NOAA National Weather Service
1325 East West Highway
Silver Spring, MD 20910
E-mail: w-nws.webmaster@noaa.gov
Page last modified: May 16, 2007
NATIONAL WEATHER SERVICE: for Safety, for Work, for Fun - FOR LIFE