711
CXUS55 KEAX 250736
CF6OJC
PRELIMINARY LOCAL CLIMATOLOGICAL DATA (WS FORM: F-6)

                                          STATION:   Johnson County Executive KS
                                          MONTH:     JANUARY
                                          YEAR:      2015
                                          LATITUDE:   38 50 N
                                          LONGITUDE:  94 44 W

  TEMPERATURE IN F:       :PCPN:    SNOW:  WIND      :SUNSHINE: SKY     :PK WND
================================================================================
1   2   3   4   5  6A  6B    7    8   9   10  11  12  13   14  15   16   17  18
                                     12Z  AVG MX 2MIN
DY MAX MIN AVG DEP HDD CDD  WTR  SNW DPTH SPD SPD DIR MIN PSBL S-S WX    SPD DR
================================================================================

 1  34  16  25  -5  40   0 0.00    M    M  8.5 15 240   M    M   3        21 230
 2  36  27  32   2  33   0    T    M    M  4.7 10 170   M    M   9 18     17 230
 3  40  21  31   1  34   0 0.06    M    M  5.0 24 320   M    M  10 18     32 320
 4  21   8  15 -15  50   0    T    M    M 13.2 25 330   M    M   4 19     35 330
 5  29   6  18 -12  47   0 0.00    M    M  7.4 17 150   M    M   2        22 220
 6  29  17  23  -7  42   0    T    M    M 10.2 23 320   M    M   2 1      31 330
 7  19   0  10 -20  55   0    T    M    M 14.0 30 360   M    M   2 1      37 360
 8  33   0  17 -13  48   0 0.00    M    M 14.0 26 350   M    M   3        36 240
 9  22   8  15 -15  50   0 0.00    M    M 10.3 23 330   M    M   0        34 340
10  38   8  23  -7  42   0 0.00    M    M 11.3 23 200   M    M   0        29 200
11  38  25  32   2  33   0    T    M    M  7.1 15 180   M    M   7 12     19 190
12  33  13  23  -7  42   0    T    M    M 13.6 21 360   M    M   3 1      28 360
13  28   6  17 -13  48   0 0.00    M    M  6.5 13  50   M    M   1        16  50
14  38  20  29  -1  36   0 0.00    M    M  4.3 10 240   M    M   7        14 240
15  51  20  36   6  29   0 0.00    M    M  5.8 14 290   M    M   0        19 290
16  60  23  42  12  23   0 0.00    M    M  8.8 20 220   M    M   0        26 210
17  56  36  46  16  19   0 0.00    M    M 13.0 32 330   M    M   0        45 330
18  61  27  44  14  21   0 0.00    M    M  6.2 15 200   M    M   0        20 230
19  64  31  48  18  17   0 0.00    M    M  6.5 17 310   M    M   0        23 310
20  51  33  42  12  23   0 0.00    M    M  6.3 14 290   M    M   1        25 330
21  50  30  40  10  25   0 0.00    M    M  6.6 16 310   M    M   0        23 300
22  40  26  33   3  32   0 0.00    M    M  5.3 13  50   M    M   6        17  40
23  46  19  33   3  32   0 0.00    M    M  5.2 14 230   M    M   2 1      19 220
24  60  30  45  15  20   0 0.06    M    M  8.7 23 280   M    M   2 1      31 270
================================================================================
SM  977  450       841   0  0.12    M    202.5          M       64
================================================================================
AV 40.7 18.8                               8.4 FASTST   M    M   3    MAX(MPH)
                                 MISC ---->  # 32 330               # 45  330
================================================================================
NOTES:
# LAST OF SEVERAL OCCURRENCES

COLUMN 17 PEAK WIND IN M.P.H.

PRELIMINARY LOCAL CLIMATOLOGICAL DATA (WS FORM: F-6) , PAGE 2

                                          STATION:  Johnson County Executive KS
                                          MONTH:    JANUARY
                                          YEAR:     2015
                                          LATITUDE:   38 50 N
                                          LONGITUDE:  94 44 W

[TEMPERATURE DATA]      [PRECIPITATION DATA]       SYMBOLS USED IN COLUMN 16

AVERAGE MONTHLY: 29.7   TOTAL FOR MONTH:   0.12    1 = FOG OR MIST
DPTR FM NORMAL:  -0.3   DPTR FM NORMAL:   -0.65    2 = FOG REDUCING VISIBILITY
HIGHEST:    64 ON 19    GRTST 24HR  0.06 ON 24-24      TO 1/4 MILE OR LESS
LOWEST:      0 ON  8, 7                            3 = THUNDER
                        SNOW, ICE PELLETS, HAIL    4 = ICE PELLETS
                        TOTAL MONTH:    M          5 = HAIL
                        GRTST 24HR    M  ON   M    6 = FREEZING RAIN OR DRIZZLE
                        GRTST DEPTH:  M  ON   M    7 = DUSTSTORM OR SANDSTORM:
                                                       VSBY 1/2 MILE OR LESS
                                                   8 = SMOKE OR HAZE
[NO. OF DAYS WITH]      [WEATHER - DAYS WITH]      9 = BLOWING SNOW
                                                   X = TORNADO
MAX 32 OR BELOW:   6    0.01 INCH OR MORE:   2
MAX 90 OR ABOVE:   0    0.10 INCH OR MORE:   0
MIN 32 OR BELOW:  22    0.50 INCH OR MORE:   0
MIN  0 OR BELOW:   2    1.00 INCH OR MORE:   0

[HDD (BASE 65) ]
TOTAL THIS MO.   841    CLEAR  (SCALE 0-3)  17
DPTR FM NORMAL     1    PTCLDY (SCALE 4-7)   5
TOTAL FM JUL 1  2810    CLOUDY (SCALE 8-10)  2
DPTR FM NORMAL     5

[CDD (BASE 65) ]
TOTAL THIS MO.     0
DPTR FM NORMAL     0    [PRESSURE DATA]
TOTAL FM JAN 1     0    HIGHEST SLP  0.00 ON M
DPTR FM NORMAL     0    LOWEST  SLP  0.00 ON M

[REMARKS]




U.S. Dept. of Commerce
NOAA National Weather Service
1325 East West Highway
Silver Spring, MD 20910
E-mail: w-nws.webmaster@noaa.gov
Page last modified: May 16, 2007
NATIONAL WEATHER SERVICE: for Safety, for Work, for Fun - FOR LIFE